{"id":10436,"date":"2018-09-08T12:39:45","date_gmt":"2018-09-08T10:39:45","guid":{"rendered":"https:\/\/www.topohvar.at\/?page_id=10436"},"modified":"2025-11-06T08:36:18","modified_gmt":"2025-11-06T07:36:18","slug":"hu-ci-01-1","status":"publish","type":"page","link":"https:\/\/www.topohvar.at\/topo\/orte\/hu\/hu-ci-01-1\/","title":{"rendered":"HUMAC &#8211; Crkva \u00bbSv. Ivana i Pavla\u00ab"},"content":{"rendered":"<p><a name=\"seite_oben\"><\/a><br \/>\n<strong><img loading=\"lazy\" decoding=\"async\" class=\"alignnone wp-image-10438 size-large\" src=\"https:\/\/www.topohvar.at\/wp-content\/uploads\/2018\/09\/hu-ci-01-0-1024x503.jpg\" alt=\"\" width=\"640\" height=\"314\" srcset=\"https:\/\/www.topohvar.at\/wp-content\/uploads\/2018\/09\/hu-ci-01-0-1024x503.jpg 1024w, https:\/\/www.topohvar.at\/wp-content\/uploads\/2018\/09\/hu-ci-01-0-300x147.jpg 300w, https:\/\/www.topohvar.at\/wp-content\/uploads\/2018\/09\/hu-ci-01-0-768x377.jpg 768w, https:\/\/www.topohvar.at\/wp-content\/uploads\/2018\/09\/hu-ci-01-0.jpg 1080w\" sizes=\"auto, (max-width: 640px) 100vw, 640px\" \/><\/strong><\/p>\n<p><strong>Ime \/ Name<br \/>\n<\/strong>Crkva \u00bb\u00ab \/ Kirche der hl. Johannes und Paulus<\/p>\n<p><strong>Code: <\/strong>HU-CI-01\u00a0 \u00a0 \u00a0 \u00a0 \u00a0 \u00a0 \u00a0 \u00a0 \u00a0 \u00a0 \u00a0 \u00a0 \u00a0 \u00a0 \u00a0 \u00a0 \u00a0 \u00a0 \u00a0 \u00a0 \u00a0<strong> <a href=\"https:\/\/www.topohvar.at\/orte\/hu\/\"><img loading=\"lazy\" decoding=\"async\" class=\"alignnone wp-image-535 size-full\" src=\"https:\/\/www.topohvar.at\/wp-content\/uploads\/2018\/07\/push-o-30.jpg\" alt=\"\" width=\"61\" height=\"30\" \/><\/a> <\/strong><\/p>\n<hr \/>\n<p><strong>Adresa \/ Adresse<br \/>\n<\/strong>Humac<\/p>\n<p><strong>Lokacija<\/strong><strong> \/ Position<a href=\"https:\/\/goo.gl\/maps\/1gcxWESqTcbvy3U89\"><img loading=\"lazy\" decoding=\"async\" class=\"alignright wp-image-10469\" src=\"https:\/\/www.topohvar.at\/wp-content\/uploads\/2018\/09\/0217.jpg\" alt=\"\" width=\"134\" height=\"100\" \/><\/a><br \/>\n<\/strong><span style=\"color: #3366ff;\"><a style=\"color: #3366ff;\" href=\"https:\/\/goo.gl\/maps\/1gcxWESqTcbvy3U89\">Latitude: N 43,14212\u00b0\u00a0 \u00a0Longitude: E 16,75818\u00b0<\/a> <\/span><strong><br \/>\n<\/strong>Visina \/ H\u00f6he: 331 m<\/p>\n<p><strong>Katastarska \u010destica <\/strong><strong>\/ Grundst\u00fccke<br \/>\n<\/strong>*580<div class='content-column one_half'><div style=\"padding-right:6px;\"><p><strong>Datum snimanja \/ Erfassungsdatum<br \/>\n<\/strong>18.05.2013 11:28:24<\/p>\n<hr \/>\n<p><strong>Informacije<\/strong><\/p>\n<p>Iznad sela je crkva Sv. Ivana i Pavla izgra\u0111eni 1897. godine i obnovljeni 1983. godine (spomen plo\u010da).<\/p><\/div><\/div><div class='content-column one_half last_column'><div style=\"padding-right:0px;padding-left:6px;\"><p><strong>Stupanj za\u0161tite<\/strong><strong> \/ Schutzstellung<br \/>\n<\/strong>&#8211;<\/p>\n<hr \/>\n<p><strong>Info<\/strong><\/p>\n<p>Oberhalb des Dorfes befindet sich die Kirche der hl. Johannes und Paulus die im Jahr 1897 errichtet und im Jahr 1983 renoviert wurde (Gedenktafel).<\/p><\/div><\/div><div class='clear_column'><\/div><div class='content-column one_half'><div style=\"padding-right:6px;\"><p>Crkva je danas otvorena samo jednom godi\u0161nje. Na sv. Ivana i Pavla, za\u0161titnika Humca, 26. lipnja, mjesto se ispuni svijetnom, kada se stanovnici Vrisnika, sela u sredi\u0161njem dijelu otoka (ina\u010de vlasnici ku\u0107a na Humcu) okupljaju da bi proslavili dan za\u0161titnika ovog napu\u0161tenog mjesta. U crkvi se slu\u017ei misa i odr\u017eava se procesija.<\/p><\/div><\/div><div class='content-column one_half last_column'><div style=\"padding-right:0px;padding-left:6px;\"><p>Die Kirche ist heute nur einmal im Jahr ge\u00f6ffnet. Zu St. Johannes und Paul, den Schutzheiligen von Humac am 26. Juni, ist der Ort mit Leben gef\u00fcllt, wenn die Bewohner von Vrisnik, einem Dorf im zentralen Teil der Insel (meist Hausbesitzer in Humac), sich versammeln, um den Tag des Schutzpatrons dieses verlassenen Ortes zu feiern. In der Kirche werden Messen gelesen und Prozessionen abgehalten.<\/p><\/div><\/div><div class='clear_column'><\/div><\/p>\n<p style=\"text-align: right;\"><span style=\"color: #3366ff;\"><a style=\"color: #3366ff;\" href=\"#seite_oben\">natrag na vrh \/ Seitenanfang<\/a><\/span><\/p>\n<p><img loading=\"lazy\" decoding=\"async\" class=\"aligncenter wp-image-50475 size-full\" src=\"https:\/\/www.topohvar.at\/wp-content\/uploads\/2021\/06\/hu-ci-01-11.jpg\" alt=\"\" width=\"620\" height=\"300\" srcset=\"https:\/\/www.topohvar.at\/wp-content\/uploads\/2021\/06\/hu-ci-01-11.jpg 620w, https:\/\/www.topohvar.at\/wp-content\/uploads\/2021\/06\/hu-ci-01-11-300x145.jpg 300w\" sizes=\"auto, (max-width: 620px) 100vw, 620px\" \/><\/p>\n<p><img loading=\"lazy\" decoding=\"async\" class=\"aligncenter size-full wp-image-73319\" src=\"https:\/\/www.topohvar.at\/wp-content\/uploads\/2025\/11\/HU-CI-01-09.jpg\" alt=\"\" width=\"450\" height=\"450\" srcset=\"https:\/\/www.topohvar.at\/wp-content\/uploads\/2025\/11\/HU-CI-01-09.jpg 450w, https:\/\/www.topohvar.at\/wp-content\/uploads\/2025\/11\/HU-CI-01-09-300x300.jpg 300w, https:\/\/www.topohvar.at\/wp-content\/uploads\/2025\/11\/HU-CI-01-09-150x150.jpg 150w\" sizes=\"auto, (max-width: 450px) 100vw, 450px\" \/><\/p>\n<hr \/>\n<p><strong>Linkovi \/ Links<\/strong><\/p>\n<p><span style=\"color: #3366ff;\"><a style=\"color: #3366ff;\" href=\"https:\/\/www.topohvar.at\/orte\/hu\/hu-is-01-1\/\">Spomen plo\u010da \/ Gedenktafel<\/a><\/span><\/p>\n","protected":false},"excerpt":{"rendered":"<p>Ime \/ Name Crkva \u00bb\u00ab \/ Kirche der hl. Johannes und Paulus Code: HU-CI-01\u00a0 \u00a0 \u00a0 \u00a0 \u00a0 \u00a0 \u00a0 \u00a0 \u00a0 \u00a0 \u00a0 \u00a0 \u00a0 \u00a0 \u00a0 \u00a0 \u00a0 \u00a0 \u00a0 \u00a0 \u00a0 Adresa \/ Adresse Humac Lokacija \/ &hellip; <a href=\"https:\/\/www.topohvar.at\/topo\/orte\/hu\/hu-ci-01-1\/\">Weiterlesen <span class=\"meta-nav\">&rarr;<\/span><\/a><\/p>\n","protected":false},"author":1,"featured_media":0,"parent":78,"menu_order":0,"comment_status":"closed","ping_status":"closed","template":"","meta":{"footnotes":""},"class_list":["post-10436","page","type-page","status-publish","hentry"],"_links":{"self":[{"href":"https:\/\/www.topohvar.at\/topo\/wp-json\/wp\/v2\/pages\/10436","targetHints":{"allow":["GET"]}}],"collection":[{"href":"https:\/\/www.topohvar.at\/topo\/wp-json\/wp\/v2\/pages"}],"about":[{"href":"https:\/\/www.topohvar.at\/topo\/wp-json\/wp\/v2\/types\/page"}],"author":[{"embeddable":true,"href":"https:\/\/www.topohvar.at\/topo\/wp-json\/wp\/v2\/users\/1"}],"replies":[{"embeddable":true,"href":"https:\/\/www.topohvar.at\/topo\/wp-json\/wp\/v2\/comments?post=10436"}],"version-history":[{"count":17,"href":"https:\/\/www.topohvar.at\/topo\/wp-json\/wp\/v2\/pages\/10436\/revisions"}],"predecessor-version":[{"id":73320,"href":"https:\/\/www.topohvar.at\/topo\/wp-json\/wp\/v2\/pages\/10436\/revisions\/73320"}],"up":[{"embeddable":true,"href":"https:\/\/www.topohvar.at\/topo\/wp-json\/wp\/v2\/pages\/78"}],"wp:attachment":[{"href":"https:\/\/www.topohvar.at\/topo\/wp-json\/wp\/v2\/media?parent=10436"}],"curies":[{"name":"wp","href":"https:\/\/api.w.org\/{rel}","templated":true}]}}