{"id":10454,"date":"2018-09-08T12:48:57","date_gmt":"2018-09-08T10:48:57","guid":{"rendered":"https:\/\/www.topohvar.at\/?page_id=10454"},"modified":"2022-01-26T18:06:28","modified_gmt":"2022-01-26T17:06:28","slug":"hu-aa-01-1","status":"publish","type":"page","link":"https:\/\/www.topohvar.at\/topo\/orte\/hu\/hu-aa-01-1\/","title":{"rendered":"HUMAC &#8211; Ruralna cjelina \u00bbHumac\u00ab"},"content":{"rendered":"<p><a name=\"seite_oben\"><\/a><br \/>\n<strong><img loading=\"lazy\" decoding=\"async\" class=\"alignnone wp-image-10443 size-large\" src=\"https:\/\/www.topohvar.at\/wp-content\/uploads\/2018\/09\/hu-tg-01-0-1024x503.jpg\" alt=\"\" width=\"640\" height=\"314\" srcset=\"https:\/\/www.topohvar.at\/wp-content\/uploads\/2018\/09\/hu-tg-01-0-1024x503.jpg 1024w, https:\/\/www.topohvar.at\/wp-content\/uploads\/2018\/09\/hu-tg-01-0-300x147.jpg 300w, https:\/\/www.topohvar.at\/wp-content\/uploads\/2018\/09\/hu-tg-01-0-768x377.jpg 768w, https:\/\/www.topohvar.at\/wp-content\/uploads\/2018\/09\/hu-tg-01-0.jpg 1080w\" sizes=\"auto, (max-width: 640px) 100vw, 640px\" \/><\/strong><\/p>\n<p><strong>Ime \/ Name<br \/>\n<\/strong>Ruralna cjelina \/ L\u00e4ndliche Siedlung \u00bbHumac\u00ab<\/p>\n<p><strong>Code: <\/strong>HU-AA-01\u00a0 \u00a0 \u00a0 \u00a0 \u00a0 \u00a0 \u00a0 \u00a0 \u00a0 \u00a0 \u00a0 \u00a0 \u00a0 \u00a0 \u00a0 \u00a0 \u00a0 \u00a0 \u00a0 \u00a0 \u00a0<strong> <a href=\"https:\/\/www.topohvar.at\/orte\/hu\/\"><img loading=\"lazy\" decoding=\"async\" class=\"alignnone wp-image-535 size-full\" src=\"https:\/\/www.topohvar.at\/wp-content\/uploads\/2018\/07\/push-o-30.jpg\" alt=\"\" width=\"61\" height=\"30\" \/><\/a> <a href=\"https:\/\/www.topohvar.at\/orte\/hu\/hu-ai-01-1\/\"><img loading=\"lazy\" decoding=\"async\" class=\"alignnone wp-image-536 size-full\" src=\"https:\/\/www.topohvar.at\/wp-content\/uploads\/2018\/07\/push-r-30.jpg\" alt=\"\" width=\"61\" height=\"30\" \/><\/a> <a href=\"https:\/\/www.topohvar.at\/orte\/hu\/hu-au-10-1\/\"><img loading=\"lazy\" decoding=\"async\" class=\"alignnone wp-image-12299 size-full\" src=\"https:\/\/www.topohvar.at\/wp-content\/uploads\/2018\/09\/push-next-30.jpg\" alt=\"\" width=\"61\" height=\"30\" \/><\/a> <\/strong><\/p>\n<hr \/>\n<p><strong>Adresa \/ Adresse<br \/>\n<\/strong>Humac<\/p>\n<p><strong>Lokacija \/ Position<a href=\"https:\/\/goo.gl\/maps\/bvSa2GR1t7PEFGgr6\"><img loading=\"lazy\" decoding=\"async\" class=\"alignright wp-image-10467\" src=\"https:\/\/www.topohvar.at\/wp-content\/uploads\/2018\/09\/1283.jpg\" alt=\"\" width=\"134\" height=\"100\" \/><\/a><br \/>\n<\/strong><span style=\"color: #3366ff;\"><a style=\"color: #3366ff;\" href=\"https:\/\/goo.gl\/maps\/bvSa2GR1t7PEFGgr6\">Latitude: N 43,14306\u00b0\u00a0 \u00a0Longitude: E 16,75759\u00b0<\/a> <\/span><strong><br \/>\n<\/strong>Visina \/ H\u00f6he: 330 m<\/p>\n<p><strong>Katastarska \u010destica <\/strong><strong>\/ Grundst\u00fccke<br \/>\n<\/strong><\/p>\n<p>5176\/8, *591, *590, 5176\/6, 5176\/13, 5204, 5524, 5200\/4, 5186, *595\/1, *595\/2, *610, 5200\/1, 5200\/11, *609, 5200\/12, 5200\/2, 5200\/3, *482\/1, 5202\/1, 5202\/2, *482\/2, 5203\/3, 5003\/1, 5003\/2, 5203\/1, 5203\/2, *485\/4, *485\/3, *485\/2, *485\/1, *483, 5524, *484, *486, \u010d.zgr .482\/3, 5204, *482\/4, *482\/5, *487\/1, *487\/2, *487\/14, *487\/3, *487\/15, 5596, 4990\/7, \u010d.zem .4990\/8, 4990\/9, 4990\/2, *540, 4990\/3, 5267\/2, 5267\/1, *487\/4, *487\/5, *487\/12, *487\/13, *487\/6, *487\/7, *487\/8, 4990\/4, 4990\/14, 4990\/15, 4990\/5, *487\/10, *488, *487\/9, *487\/11, 5213, *489\/2, *489\/1, 4990\/16, 4990\/12, 4990\/11, 5210\/6, *490, *491\/3, *491\/4, 5210\/1, *491\/2, *491\/1, 4990\/13 ,541\/3, *492\/1, *492\/2, 4989\/3, 4989\/2, 5210\/2, *492\/3, *641, 5523, 4989\/5, 4989\/7, *580, 4989\/1, *503\/2 ,*503\/1, *503\/14, *503\/3, *503\/4, 5200\/5, *503\/5, *503\/11, *503\/15, *503\/13, *503\/9, *503\/10, *550\/1, *550\/2, *502\/1, *502\/2, *551, *503\/16, *503\/6, 5200\/6, 5200\/8, 5200\/7, 5200\/9, 5200\/10, *552, *608, *503\/7, *503\/8, *503\/12, 5214, 5215\/4, 5215\/2, *548\/2, *548\/1, *548\/3, *500, *499\/6, *499\/5, *499\/4, *501\/3, *501\/2, *501\/1, *499\/3, *499\/2, *499\/1, *504\/1, *504\/5, *504\/2, *504\/3, *504\/4, 5212, 5213, 5217\/4, 5217\/5, *506\/1, *506\/2, *505, *594, *593, *498, *497, *495\/2, *495\/3, *495\/1, *495\/4, *494, *496, *493\/3, *493\/1, *493\/2, 5210\/5, 5210\/4, 5310\/3, 5211\/1, 5211\/2, *549, 5211\/3, *507\/4, *507\/5, *507\/1, *507\/2, *507\/3, *507\/6, 5218\/2, 5218\/7, 5218\/6, *92, 5218\/8, 5218\/9, 5218\/3, 5218\/4, 5218\/5, *547\/2, *547\/3, *547\/1, 5218\/1, 5217\/10, 5218\/11, 5218\/12, 5218\/13.<\/p>\n<p><img loading=\"lazy\" decoding=\"async\" class=\"aligncenter size-large wp-image-24008\" src=\"https:\/\/www.topohvar.at\/wp-content\/uploads\/2019\/08\/hu-aa-01-10-1024x503.jpg\" alt=\"\" width=\"640\" height=\"314\" srcset=\"https:\/\/www.topohvar.at\/wp-content\/uploads\/2019\/08\/hu-aa-01-10-1024x503.jpg 1024w, https:\/\/www.topohvar.at\/wp-content\/uploads\/2019\/08\/hu-aa-01-10-300x147.jpg 300w, https:\/\/www.topohvar.at\/wp-content\/uploads\/2019\/08\/hu-aa-01-10-768x377.jpg 768w, https:\/\/www.topohvar.at\/wp-content\/uploads\/2019\/08\/hu-aa-01-10.jpg 1080w\" sizes=\"auto, (max-width: 640px) 100vw, 640px\" \/><div class='content-column one_half'><div style=\"padding-right:6px;\"><p><strong>Datum snimanja \/ Erfassungsdatum<br \/>\n<\/strong>31.05.2012 11:40:00<\/p>\n<hr \/>\n<p><strong>Informacije<\/strong><\/p>\n<p>Nekada\u0161nje pastirsko naselje Humac, utemeljeno je u 13. stolje\u0107u, iako u dana\u0161njem obliku potje\u010de iz 17. stolje\u0107a.\u00a0Najbolje je sa\u010duvana ruralna aglomeracija na otoku, veoma zanimljivih sklopova malih kamenih ku\u0107a pokrivenih kamenim plo\u010dama. Veli\u010dina je oko 0,06 km<sup>2<\/sup>.<\/p><\/div><\/div><div class='content-column one_half last_column'><div style=\"padding-right:0px;padding-left:6px;\"><p><strong>Stupanj za\u0161tite<\/strong><strong> \/ Schutzstellung<br \/>\n<\/strong>Z-4459<\/p>\n<hr \/>\n<p><strong>Info<\/strong><\/p>\n<p>Die ehemalige Hirtensiedlung Humac wurde im 13. Jahrhundert gegr\u00fcndet. Ihre heutige Form stammt aus dem 17. Jahrhundert. Sie ist die am besten erhaltene l\u00e4ndlich-d\u00f6rfliche Agglomeration der Insel mit kleinen Steinh\u00e4usern die mit Steinplatten gedeckt sind. Ihre Gr\u00f6\u00dfe betr\u00e4gt ca. 0,06 km<sup>2<\/sup>.<\/p><\/div><\/div><div class='clear_column'><\/div><div class='content-column one_half'><div style=\"padding-right:6px;\"><p>Naselje Humac izuzetna je cjelina suhozidno gra\u00f1enih ku\u0107a i gospodarskih zgrada koja se nalazi na hrptu sredi\u0161njeg dijela Otoka Hvara. Povijest nastanka ovog naselja je najve\u0107im dijelom nepoznata. Sada\u0161nji vlasnici ku\u0107a su prete\u017eito stanovnici sela Vrisnik. Humac je tijekom povijesti bio povremeno naselje prvenstveno namjenjeno potrebama sto\u010darstva tako da se u literaturi naj\u010de\u0161\u0107e opisuje kao skupina pastirskih stanova.<\/p><\/div><\/div><div class='content-column one_half last_column'><div style=\"padding-right:0px;padding-left:6px;\"><p>Das Dorf Humac ist eine au\u00dfergew\u00f6hnliche Ansammlung von Trockensteinh\u00e4usern und Wirtschaftsgeb\u00e4uden, die am Gebirgskamm des zentralen Teils der Insel Hvar befinden. Die Geschichte dieser Siedlung ist weitgehend unbekannt. Die derzeitigen Besitzer der H\u00e4user sind \u00fcberwiegend Bewohner des Dorfes Vrisnik. Im Laufe der Geschichte war Humac vor allem f\u00fcr die Viehzucht bestimmt, so dass es in der Literatur am h\u00e4ufigsten als Hirtendorf beschrieben wird.<\/p><\/div><\/div><div class='clear_column'><\/div><div class='content-column one_half'><div style=\"padding-right:6px;\"><p>Tijekom 17. i 18. stolje\u0107a gospodarska osnova ovog podru\u010dja s pa\u0161njaka prelazi na vinograde, a Humac, prvotno nastao kao pastirski stan stanovnika mjesta Vrisnik, postaje sekundarno naselje Vrisni\u010dana \u2013 vinogradara i poljoprivrednika.<\/p><\/div><\/div><div class='content-column one_half last_column'><div style=\"padding-right:0px;padding-left:6px;\"><p>W\u00e4hrend des 17. und 18. Jahrhunderts ging die wirtschaftliche Basis dieses Gebietes von der Weidewirtschaft in den Weinbau \u00fcber, und Humac, urspr\u00fcnglich als Hirtenunterkunft f\u00fcr die Einwohner von Vrisnik gegr\u00fcndet, wurde zu einer Nebensiedlung der Weinbauern und Bauern von Vrsnik.<\/p><\/div><\/div><div class='clear_column'><\/div><div class='content-column one_half'><div style=\"padding-right:6px;\"><p>Od 17. stolje\u0107a do tridesetih godina 19. stolje\u0107a prete\u017eiti vlasnici pa\u0161njaka na tom podru\u010dju bili su vlastela An\u0111elinijevih (Angelini), tako da se s odre\u00f1enom sigurno\u0161\u0107u mo\u017ee pretpostaviti da su oni potakli nastanak naselja. Od 19. stolje\u0107a nadalje vlasnici su prete\u017eito jel\u0161anske obitelji Dan\u010devi\u0107 i Dubokovi\u0107-Nadalini kao nasljednici An\u00f1elinovi\u0107a<\/p><\/div><\/div><div class='content-column one_half last_column'><div style=\"padding-right:0px;padding-left:6px;\"><p>Vom 17. bis in die drei\u00dfiger Jahre des 19. Jh. dominierten als Besitzer der Weidefl\u00e4chen in diesem Gebiet die Erben von An\u0111elini (Angelini), so dass mit einiger Sicherheit angenommen werden kann, dass sie den Bau der Siedlung gef\u00f6rdert haben. Seit dem 19. Jahrhundert sind die Besitzer vor allem die Familien Dan\u010devi\u0107 und Dubokovi\u0107-Nadalini als Erben der Angelinovi\u0107.<\/p><\/div><\/div><div class='clear_column'><\/div><div class='content-column one_half'><div style=\"padding-right:6px;\"><p>Ruralna cjelina Humac je kulturno-povijesna cjelina. Lista za\u0161ti\u0107enih kulturnih dobara Republike Hrvatske br. 02\/2010.<br \/>\nDatum tiskanog izdanja: 14. 06. 2010.<br \/>\nBroj registra: Z-4459<\/p><\/div><\/div><div class='content-column one_half last_column'><div style=\"padding-right:0px;padding-left:6px;\"><p>Die l\u00e4ndliche Einheit Humac ist eine kulturelle und historische Einheit. Liste der Kulturg\u00fcter der Republik Kroatien Nr. 02\/2010.<br \/>\nVer\u00f6ffentlichungsdatum: 14. 06. 2010.<br \/>\nRegistriernummer: Z-4459<\/p><\/div><\/div><div class='clear_column'><\/div><div class='content-column one_half'><div style=\"padding-right:6px;\"><p>Unutar naselja nalaze se najmanje tri kamene platforme za pre\u0161e za vino (turan za gro\u017e\u0111e).<\/p><\/div><\/div><div class='content-column one_half last_column'><div style=\"padding-right:0px;padding-left:6px;\"><p>Innerhalb der Siedlung finden sich mindestens drei steinerne Podeste f\u00fcr Weinpressen.<\/p><\/div><\/div><div class='clear_column'><\/div><div class='content-column one_third'><div style=\"padding-right:6px;\"><div id=\"attachment_23996\" style=\"width: 220px\" class=\"wp-caption aligncenter\"><img loading=\"lazy\" decoding=\"async\" aria-describedby=\"caption-attachment-23996\" class=\"wp-image-23996\" src=\"https:\/\/www.topohvar.at\/wp-content\/uploads\/2019\/08\/hu-aa-01-51.jpg\" alt=\"\" width=\"210\" height=\"210\" srcset=\"https:\/\/www.topohvar.at\/wp-content\/uploads\/2019\/08\/hu-aa-01-51.jpg 300w, https:\/\/www.topohvar.at\/wp-content\/uploads\/2019\/08\/hu-aa-01-51-150x150.jpg 150w\" sizes=\"auto, (max-width: 210px) 100vw, 210px\" \/><p id=\"caption-attachment-23996\" class=\"wp-caption-text\">&#8211; 1 &#8211;<\/p><\/div><\/div><\/div><div class='content-column one_third'><div style=\"padding-right:6px;\"><div id=\"attachment_23997\" style=\"width: 220px\" class=\"wp-caption aligncenter\"><img loading=\"lazy\" decoding=\"async\" aria-describedby=\"caption-attachment-23997\" class=\"wp-image-23997\" src=\"https:\/\/www.topohvar.at\/wp-content\/uploads\/2019\/08\/hu-aa-01-52.jpg\" alt=\"\" width=\"210\" height=\"210\" srcset=\"https:\/\/www.topohvar.at\/wp-content\/uploads\/2019\/08\/hu-aa-01-52.jpg 300w, https:\/\/www.topohvar.at\/wp-content\/uploads\/2019\/08\/hu-aa-01-52-150x150.jpg 150w\" sizes=\"auto, (max-width: 210px) 100vw, 210px\" \/><p id=\"caption-attachment-23997\" class=\"wp-caption-text\">&#8211; 2 &#8211;<\/p><\/div><\/div><\/div><div class='content-column one_third last_column'><div style=\"padding-right:0px;padding-left:6px;\"><div id=\"attachment_23995\" style=\"width: 220px\" class=\"wp-caption aligncenter\"><img loading=\"lazy\" decoding=\"async\" aria-describedby=\"caption-attachment-23995\" class=\"wp-image-23995\" src=\"https:\/\/www.topohvar.at\/wp-content\/uploads\/2019\/08\/hu-aa-01-50.jpg\" alt=\"\" width=\"210\" height=\"210\" srcset=\"https:\/\/www.topohvar.at\/wp-content\/uploads\/2019\/08\/hu-aa-01-50.jpg 300w, https:\/\/www.topohvar.at\/wp-content\/uploads\/2019\/08\/hu-aa-01-50-150x150.jpg 150w\" sizes=\"auto, (max-width: 210px) 100vw, 210px\" \/><p id=\"caption-attachment-23995\" class=\"wp-caption-text\">&#8211; 3 &#8211;<\/p><\/div><\/div><\/div><div class='clear_column'><\/div><div class='content-column one_half'><div style=\"padding-right:6px;\"><p>Svaki stambeno-gospodarski sklop imao je gustirnu. Gustirne su dijelom ukopane, a dijelom nad zemljom tako da im je na vrhu terasa sa bunarom. Gra\u0111ene su kamenom u mortu, a presvedene polukru\u017enim svodom. Napajaju se vodom s krovova okolnih ku\u0107a. Dok je prikupljanje vode s krovova katnica rije\u0161eno kamenim olukom na konzolama, detaljem preuzetim iz domicilnog naselja (Vrisnika), prikupljanje vode sa suhozidnih prizemnica rije\u0161eno je detaljem karakteristi\u010dnim za Humac: neposredno pod strehom smanjena je debljina zida te je na vrhu njegovog dijela ve\u0107e debljine polo\u017een niz kupa koje tvore kanal za odvodnju, izveden u nagibu prema gustirni.<\/p><\/div><\/div><div class='content-column one_half last_column'><div style=\"padding-right:0px;padding-left:6px;\"><p>Jeder Wohnkomplex hatte eine Zisterne. Die Zisternen befinden sich teilweise unter und teilweise \u00fcber dem Gel\u00e4ndeniveau, so dass sich oben eine Terrasse mit einem Brunnen befindet. Zisternen wurden aus Steinen gemauert und mit einem halbkreisf\u00f6rmigen Gew\u00f6lbe \u00fcberw\u00f6lbt. Sie werden von den D\u00e4chern der umliegenden H\u00e4user mit Wasser versorgt. W\u00e4hrend die Sammlung von Wasser von den D\u00e4chern der zweigescho\u00dfigen Geb\u00e4ude durch eine Steinrinne auf Konsolen gel\u00f6st wurde, ein Detail aus der Wohnsiedlung (Vrisnik), wurde die Sammlung von Wasser aus den Trockenbauh\u00e4usern durch ein f\u00fcr Humac charakteristisches Detail gel\u00f6st: eine Reihe von Pf\u00e4hlen, die einen Abflusskanal bilden, der in einer Neigung zur Zisterne hin aufgebaut ist.<\/p><\/div><\/div><div class='clear_column'><\/div><div class='content-column one_third'><div style=\"padding-right:6px;\"><div id=\"attachment_24002\" style=\"width: 220px\" class=\"wp-caption aligncenter\"><img loading=\"lazy\" decoding=\"async\" aria-describedby=\"caption-attachment-24002\" class=\"wp-image-24002\" src=\"https:\/\/www.topohvar.at\/wp-content\/uploads\/2019\/08\/hu-aa-01-55.jpg\" alt=\"\" width=\"210\" height=\"210\" srcset=\"https:\/\/www.topohvar.at\/wp-content\/uploads\/2019\/08\/hu-aa-01-55.jpg 300w, https:\/\/www.topohvar.at\/wp-content\/uploads\/2019\/08\/hu-aa-01-55-150x150.jpg 150w\" sizes=\"auto, (max-width: 210px) 100vw, 210px\" \/><p id=\"caption-attachment-24002\" class=\"wp-caption-text\">&#8211; 4 &#8211;<\/p><\/div><\/div><\/div><div class='content-column one_third'><div style=\"padding-right:6px;\"><div id=\"attachment_24001\" style=\"width: 220px\" class=\"wp-caption aligncenter\"><img loading=\"lazy\" decoding=\"async\" aria-describedby=\"caption-attachment-24001\" class=\"wp-image-24001\" src=\"https:\/\/www.topohvar.at\/wp-content\/uploads\/2019\/08\/hu-aa-01-54.jpg\" alt=\"\" width=\"210\" height=\"210\" srcset=\"https:\/\/www.topohvar.at\/wp-content\/uploads\/2019\/08\/hu-aa-01-54.jpg 300w, https:\/\/www.topohvar.at\/wp-content\/uploads\/2019\/08\/hu-aa-01-54-150x150.jpg 150w\" sizes=\"auto, (max-width: 210px) 100vw, 210px\" \/><p id=\"caption-attachment-24001\" class=\"wp-caption-text\">&#8211; 5 &#8211;<\/p><\/div><\/div><\/div><div class='content-column one_third last_column'><div style=\"padding-right:0px;padding-left:6px;\"><div id=\"attachment_24000\" style=\"width: 220px\" class=\"wp-caption aligncenter\"><img loading=\"lazy\" decoding=\"async\" aria-describedby=\"caption-attachment-24000\" class=\"wp-image-24000\" src=\"https:\/\/www.topohvar.at\/wp-content\/uploads\/2019\/08\/hu-aa-01-53.jpg\" alt=\"\" width=\"210\" height=\"210\" srcset=\"https:\/\/www.topohvar.at\/wp-content\/uploads\/2019\/08\/hu-aa-01-53.jpg 300w, https:\/\/www.topohvar.at\/wp-content\/uploads\/2019\/08\/hu-aa-01-53-150x150.jpg 150w\" sizes=\"auto, (max-width: 210px) 100vw, 210px\" \/><p id=\"caption-attachment-24000\" class=\"wp-caption-text\">&#8211; 6 &#8211;<\/p><\/div><\/div><\/div><div class='clear_column'><\/div><\/p>\n<hr \/>\n<div class='content-column one_half'><div style=\"padding-right:6px;\"><p>Bez uli\u010dne rasvjete, Humac je savr\u0161en za promatranje zvijezda. Zbog nedostatka svjetlosnog zaga\u0111enja, 2020. godine odabran je kao mjesto za meteorsku kameru, zajedno s meteorolo\u0161kom postajom.<\/p><\/div><\/div><div class='content-column one_half last_column'><div style=\"padding-right:0px;padding-left:6px;\"><p>Ohne Stra\u00dfenbeleuchtung ist Humac perfekt f\u00fcr die Sternenbeobachtung. Aufgrund der fehlenden Lichtverschmutzung wurde es 2020 zusammen mit der meteorologischen Station als Standort f\u00fcr die Meteorkamera ausgew\u00e4hlt.<\/p><\/div><\/div><div class='clear_column'><\/div><\/p>\n<p style=\"text-align: center;\"><em>(Izvor: \/ Quelle: <span style=\"color: #3366ff;\"><a style=\"color: #3366ff;\" href=\"https:\/\/tzjelsa.hr\/hr\/4713\/autohtoni-otok-hvar\/\">TZ Jelsa<\/a><\/span>)<\/em><\/p>\n<p style=\"text-align: right;\"><span style=\"color: #3366ff;\"><a style=\"color: #3366ff;\" href=\"#seite_oben\">natrag na vrh \/ Seitenanfang<\/a><\/span><\/p>\n<hr \/>\n<p><strong>Linkovi \/ Links<\/strong><\/p>\n<p><span style=\"color: #3366ff;\"><a style=\"color: #3366ff;\" href=\"http:\/\/www.dragodid.org\/materijali\/HUMAC_2006.pdf\">Humac &#8211; Dragodid (PDF)<\/a><br \/>\n<a style=\"color: #3366ff;\" href=\"https:\/\/www.topohvar.at\/topo\/orte\/hu\/hu-ob-06-1\/\">Objekt \u00bbMeteorska kamera i meterolo\u0161ka postaja\u00ab \/ Meteorkamera und meteorologische Station<\/a><br \/>\n<\/span><\/p>\n","protected":false},"excerpt":{"rendered":"<p>Ime \/ Name Ruralna cjelina \/ L\u00e4ndliche Siedlung \u00bbHumac\u00ab Code: HU-AA-01\u00a0 \u00a0 \u00a0 \u00a0 \u00a0 \u00a0 \u00a0 \u00a0 \u00a0 \u00a0 \u00a0 \u00a0 \u00a0 \u00a0 \u00a0 \u00a0 \u00a0 \u00a0 \u00a0 \u00a0 \u00a0 Adresa \/ Adresse Humac Lokacija \/ Position Latitude: N &hellip; <a href=\"https:\/\/www.topohvar.at\/topo\/orte\/hu\/hu-aa-01-1\/\">Weiterlesen <span class=\"meta-nav\">&rarr;<\/span><\/a><\/p>\n","protected":false},"author":1,"featured_media":0,"parent":78,"menu_order":0,"comment_status":"closed","ping_status":"closed","template":"","meta":{"footnotes":""},"class_list":["post-10454","page","type-page","status-publish","hentry"],"_links":{"self":[{"href":"https:\/\/www.topohvar.at\/topo\/wp-json\/wp\/v2\/pages\/10454","targetHints":{"allow":["GET"]}}],"collection":[{"href":"https:\/\/www.topohvar.at\/topo\/wp-json\/wp\/v2\/pages"}],"about":[{"href":"https:\/\/www.topohvar.at\/topo\/wp-json\/wp\/v2\/types\/page"}],"author":[{"embeddable":true,"href":"https:\/\/www.topohvar.at\/topo\/wp-json\/wp\/v2\/users\/1"}],"replies":[{"embeddable":true,"href":"https:\/\/www.topohvar.at\/topo\/wp-json\/wp\/v2\/comments?post=10454"}],"version-history":[{"count":27,"href":"https:\/\/www.topohvar.at\/topo\/wp-json\/wp\/v2\/pages\/10454\/revisions"}],"predecessor-version":[{"id":56814,"href":"https:\/\/www.topohvar.at\/topo\/wp-json\/wp\/v2\/pages\/10454\/revisions\/56814"}],"up":[{"embeddable":true,"href":"https:\/\/www.topohvar.at\/topo\/wp-json\/wp\/v2\/pages\/78"}],"wp:attachment":[{"href":"https:\/\/www.topohvar.at\/topo\/wp-json\/wp\/v2\/media?parent=10454"}],"curies":[{"name":"wp","href":"https:\/\/api.w.org\/{rel}","templated":true}]}}