{"id":10456,"date":"2018-09-08T12:51:24","date_gmt":"2018-09-08T10:51:24","guid":{"rendered":"https:\/\/www.topohvar.at\/?page_id=10456"},"modified":"2024-06-03T07:32:53","modified_gmt":"2024-06-03T05:32:53","slug":"hu-tr-02-1","status":"publish","type":"page","link":"https:\/\/www.topohvar.at\/topo\/orte\/hu\/hu-tr-02-1\/","title":{"rendered":"HUMAC &#8211; Trim \u00bbHU-TR-02\u00ab"},"content":{"rendered":"<p><a name=\"seite_oben\"><\/a><br \/>\n<strong><img loading=\"lazy\" decoding=\"async\" class=\"aligncenter wp-image-23489 size-full\" src=\"https:\/\/www.topohvar.at\/wp-content\/uploads\/2019\/07\/hu-tr-02-12.jpg\" alt=\"\" width=\"1080\" height=\"651\" srcset=\"https:\/\/www.topohvar.at\/wp-content\/uploads\/2019\/07\/hu-tr-02-12.jpg 1080w, https:\/\/www.topohvar.at\/wp-content\/uploads\/2019\/07\/hu-tr-02-12-300x181.jpg 300w, https:\/\/www.topohvar.at\/wp-content\/uploads\/2019\/07\/hu-tr-02-12-768x463.jpg 768w, https:\/\/www.topohvar.at\/wp-content\/uploads\/2019\/07\/hu-tr-02-12-1024x617.jpg 1024w\" sizes=\"auto, (max-width: 1080px) 100vw, 1080px\" \/><\/strong><\/p>\n<p><strong>Ime \/ Name<br \/>\n<\/strong>Trim \u00bbHU-TR-02\u00ab<\/p>\n<p><strong>Code: <\/strong>HU-TR-02\u00a0 \u00a0 \u00a0 \u00a0 \u00a0 \u00a0 \u00a0 \u00a0 \u00a0 \u00a0 \u00a0 \u00a0 \u00a0 \u00a0 \u00a0 \u00a0 \u00a0 \u00a0 \u00a0 \u00a0 \u00a0<strong> <a href=\"https:\/\/www.topohvar.at\/orte\/hu\/hu-tr-00-1\/\"><img loading=\"lazy\" decoding=\"async\" class=\"alignnone wp-image-12300 size-full\" src=\"https:\/\/www.topohvar.at\/wp-content\/uploads\/2018\/09\/push-vor-30.jpg\" alt=\"\" width=\"61\" height=\"30\" \/><\/a> <a href=\"https:\/\/www.topohvar.at\/orte\/hu\/hu-tr-06-1\/\"><img loading=\"lazy\" decoding=\"async\" class=\"alignnone wp-image-533 size-full\" src=\"https:\/\/www.topohvar.at\/wp-content\/uploads\/2018\/07\/push-l-30.jpg\" alt=\"\" width=\"61\" height=\"30\" \/><\/a>\u00a0<a href=\"https:\/\/www.topohvar.at\/orte\/hu\/\"><img loading=\"lazy\" decoding=\"async\" class=\"alignnone wp-image-535 size-full\" src=\"https:\/\/www.topohvar.at\/wp-content\/uploads\/2018\/07\/push-o-30.jpg\" alt=\"\" width=\"61\" height=\"30\" \/><\/a> <a href=\"https:\/\/www.topohvar.at\/orte\/hu\/hu-tr-04-1\/\"><img loading=\"lazy\" decoding=\"async\" class=\"alignnone wp-image-536 size-full\" src=\"https:\/\/www.topohvar.at\/wp-content\/uploads\/2018\/07\/push-r-30.jpg\" alt=\"\" width=\"61\" height=\"30\" \/><\/a> <\/strong><\/p>\n<hr \/>\n<p><strong>Adresa \/ Adresse<br \/>\n<\/strong>Humac, izme\u0111u kapelice sv. Ante i Lokav na Plone \/ zwischen dem Bildstock des hl. Antonius und Lokav na Plone<\/p>\n<p><strong>Lokacija \/ Position<a href=\"https:\/\/goo.gl\/maps\/FqgZr8XnNKNxfNkE8\"><img loading=\"lazy\" decoding=\"async\" class=\"alignright wp-image-10481\" src=\"https:\/\/www.topohvar.at\/wp-content\/uploads\/2018\/09\/0221.jpg\" alt=\"\" width=\"133\" height=\"100\" \/><\/a><br \/>\n<\/strong><span style=\"color: #3366ff;\"><a style=\"color: #3366ff;\" href=\"https:\/\/goo.gl\/maps\/FqgZr8XnNKNxfNkE8\">Latitude: N 43,14060\u00b0\u00a0 \u00a0Longitude: E 16,74045\u00b0<\/a> <\/span><strong><br \/>\n<\/strong>Visina \/ H\u00f6he: 354 m<\/p>\n<p><strong>Katastarska \u010destica \/ Grundst\u00fccke<br \/>\n<\/strong>3561 (Jelsa)<div class='content-column one_half'><div style=\"padding-right:6px;\"><p><strong>Datum snimanja \/ Erfassungsdatum<br \/>\n<\/strong>16.10.2014 12:10:47<\/p>\n<hr \/>\n<p><strong>Informacije<\/strong><\/p>\n<p>Veliki trim sa \u010detiri stepenice izme\u0111u kapelice sv. Ante i Lokav na Plone, uz lijevi rub biljele ceste Humac-Vrisnik. Lijevo od ulaza vodi kameni stube gore do prve stepenice. U kru\u017enom interijeru nalaze se dva zidna otvora od kojih jedan (nasuprot ulazu) vodi prema van. Trim je vrlo dobro o\u010duvan, ali se vi\u0161e ne koristi.<\/p><\/div><\/div><div class='content-column one_half last_column'><div style=\"padding-right:0px;padding-left:6px;\"><p><strong>Stupanj za\u0161tite \/ Schutzstellung<br \/>\n<\/strong>&#8211;<\/p>\n<hr \/>\n<p><strong>Info<\/strong><\/p>\n<p>Der gro\u00dfe Trim mit vier Stufen befindet sich zwischen dem Bildstock des hl. Antonius und Lokav am Plone auf der linken Seite der Fahrstra\u00dfe Humac-Vrisnik. Links neben dem Eingang f\u00fchren Steinstufen hinauf auf den ersten Ring. Im kreisrunden Innenraum finden sich zwei Wand\u00f6ffnungen, wobei eine (gegen\u00fcber dem Eingang) ins Freie f\u00fchrt. Der Trim ist sehr gut erhalten, wird aber nicht mehr genutzt.<\/p><\/div><\/div><div class='clear_column'><\/div><div class='content-column one_half'><div style=\"padding-right:6px;\"><p>Arhitektonski snimak Borut Juvanec 2004.<\/p><\/div><\/div><div class='content-column one_half last_column'><div style=\"padding-right:0px;padding-left:6px;\"><p>Architektonische Bauaufnahme durch Borut Juvanec im Jahr 2004<\/p><\/div><\/div><div class='clear_column'><\/div><div class='content-column one_half'><div style=\"padding-right:6px;\"><div id=\"attachment_23488\" style=\"width: 310px\" class=\"wp-caption aligncenter\"><img loading=\"lazy\" decoding=\"async\" aria-describedby=\"caption-attachment-23488\" class=\"size-medium wp-image-23488\" src=\"https:\/\/www.topohvar.at\/wp-content\/uploads\/2019\/07\/hu-tr-02-11-300x300.jpg\" alt=\"\" width=\"300\" height=\"300\" srcset=\"https:\/\/www.topohvar.at\/wp-content\/uploads\/2019\/07\/hu-tr-02-11-300x300.jpg 300w, https:\/\/www.topohvar.at\/wp-content\/uploads\/2019\/07\/hu-tr-02-11-150x150.jpg 150w, https:\/\/www.topohvar.at\/wp-content\/uploads\/2019\/07\/hu-tr-02-11.jpg 450w\" sizes=\"auto, (max-width: 300px) 100vw, 300px\" \/><p id=\"caption-attachment-23488\" class=\"wp-caption-text\">Ulaz \/ Eingang<\/p><\/div>\n<p>Dana 15.05.2019 trim je posje\u0107en i ustanovljeno je sljede\u0107e:<\/p>\n<p>Lokacija: grmlje<br \/>\nPodloga: nako\u0161ena<br \/>\nPovezan s: nije povezan, samostoje\u0107i, izoliran<br \/>\nUpotreba: ne koristi se<br \/>\nStanje: vrlo dobro uzdr\u017eati<br \/>\nBroj stepenica trima: 4<br \/>\nDodatni kameni prsten: nema kamenog prstena<br \/>\nStepeni\u0161te: stepenica<br \/>\nOblik kamena: uglast<br \/>\nPodru\u010dje ispred ulaza: lako dostupno<br \/>\nOrijentacija ulaza: Z (270\u00b0)<br \/>\nPromjer trima (cm): 570<br \/>\nVisina trima (cm): 400<br \/>\nVisina stepenica (cm): stepenica 1: 200, stepenica 2: 280, stepenica 3: 340, stepenica 4: 380<br \/>\nDebljina zida (cm): 110<br \/>\n\u0160irina vrata (cm): 70<br \/>\nVisina vrata (cm): 130<br \/>\n\u0160irina unutra (cm): 350<br \/>\nVisina unutra (cm): 280<br \/>\nVolumen iznutra (m3): 17,78<br \/>\nNi\u0161a 1 (P\/\u0160\/V\/D) (cm): 150 \/ 20 \/ 15 \/ 110<br \/>\nni\u0161a 2 (P\/\u0160\/V\/D) (cm): 100 \/ 25 \/ 30 \/ 50<\/p><\/div><\/div><div class='content-column one_half last_column'><div style=\"padding-right:0px;padding-left:6px;\"><div id=\"attachment_23490\" style=\"width: 310px\" class=\"wp-caption aligncenter\"><img loading=\"lazy\" decoding=\"async\" aria-describedby=\"caption-attachment-23490\" class=\"wp-image-23490\" src=\"https:\/\/www.topohvar.at\/wp-content\/uploads\/2019\/07\/hu-tr-02-25-1.jpg\" alt=\"\" width=\"300\" height=\"300\" srcset=\"https:\/\/www.topohvar.at\/wp-content\/uploads\/2019\/07\/hu-tr-02-25-1.jpg 200w, https:\/\/www.topohvar.at\/wp-content\/uploads\/2019\/07\/hu-tr-02-25-1-150x150.jpg 150w\" sizes=\"auto, (max-width: 300px) 100vw, 300px\" \/><p id=\"caption-attachment-23490\" class=\"wp-caption-text\">Stra\u017enja strana \/ R\u00fcckseite<\/p><\/div>\n<p>Am 15.05.2019 wurde der Trim besucht und n\u00e4her untersucht:<\/p>\n<p>Standort: Buschwerk<br \/>\nUntergrund: geneigt<br \/>\nVerbunden mit: freistehend<br \/>\nNutzung: ungenutzt<br \/>\nZustand: sehr gut erhalten<br \/>\nAnzahl der Trimstufen: 4<br \/>\nZus\u00e4tzlicher Steinring: kein Steinring<br \/>\nStiege: Stiege<br \/>\nSteinform: kantig<br \/>\nEingangsbereich: frei<br \/>\nEingangsseite: W (270\u00b0)<br \/>\nTrimdurchmesser (cm): 570<br \/>\nTrimh\u00f6he (cm): 400<br \/>\nH\u00f6he der Trimstufen (cm):\u00a0Stufe 1: 200, Stufe 2: 280, Stufe 3: 340, Stufe 4: 380<br \/>\nWandst\u00e4rke (cm): 110<br \/>\nT\u00fcrbreite (cm): 70<br \/>\nT\u00fcrh\u00f6he (cm): 130<br \/>\nInnenraumbreite (cm): 350<br \/>\nInnenraumh\u00f6he (cm): 280<br \/>\nRaumvolumen (m3): 17,78<br \/>\nNische 1 (P\/B\/H\/T) (cm): 150 \/ 20 \/ 15 \/ 110<br \/>\nNische 2 (P\/B\/H\/T) (cm): 100 \/ 25 \/ 30 \/ 50<\/p><\/div><\/div><div class='clear_column'><\/div><\/p>\n<p><img loading=\"lazy\" decoding=\"async\" class=\"aligncenter size-full wp-image-23494\" src=\"https:\/\/www.topohvar.at\/wp-content\/uploads\/2019\/07\/hu-tr-02-sca.jpg\" alt=\"\" width=\"640\" height=\"972\" srcset=\"https:\/\/www.topohvar.at\/wp-content\/uploads\/2019\/07\/hu-tr-02-sca.jpg 640w, https:\/\/www.topohvar.at\/wp-content\/uploads\/2019\/07\/hu-tr-02-sca-198x300.jpg 198w\" sizes=\"auto, (max-width: 640px) 100vw, 640px\" \/><\/p>\n<p style=\"text-align: right;\"><a href=\"#seite_oben\">natrag na vrh \/ Seitenanfang<\/a><\/p>\n<hr \/>\n<p><strong>Linkovi \/ Links<\/strong><\/p>\n<p>&#8211;<\/p>\n","protected":false},"excerpt":{"rendered":"<p>Ime \/ Name Trim \u00bbHU-TR-02\u00ab Code: HU-TR-02\u00a0 \u00a0 \u00a0 \u00a0 \u00a0 \u00a0 \u00a0 \u00a0 \u00a0 \u00a0 \u00a0 \u00a0 \u00a0 \u00a0 \u00a0 \u00a0 \u00a0 \u00a0 \u00a0 \u00a0 \u00a0 \u00a0 Adresa \/ Adresse Humac, izme\u0111u kapelice sv. Ante i Lokav na Plone &hellip; <a href=\"https:\/\/www.topohvar.at\/topo\/orte\/hu\/hu-tr-02-1\/\">Weiterlesen <span class=\"meta-nav\">&rarr;<\/span><\/a><\/p>\n","protected":false},"author":1,"featured_media":0,"parent":78,"menu_order":0,"comment_status":"closed","ping_status":"closed","template":"","meta":{"footnotes":""},"class_list":["post-10456","page","type-page","status-publish","hentry"],"_links":{"self":[{"href":"https:\/\/www.topohvar.at\/topo\/wp-json\/wp\/v2\/pages\/10456","targetHints":{"allow":["GET"]}}],"collection":[{"href":"https:\/\/www.topohvar.at\/topo\/wp-json\/wp\/v2\/pages"}],"about":[{"href":"https:\/\/www.topohvar.at\/topo\/wp-json\/wp\/v2\/types\/page"}],"author":[{"embeddable":true,"href":"https:\/\/www.topohvar.at\/topo\/wp-json\/wp\/v2\/users\/1"}],"replies":[{"embeddable":true,"href":"https:\/\/www.topohvar.at\/topo\/wp-json\/wp\/v2\/comments?post=10456"}],"version-history":[{"count":22,"href":"https:\/\/www.topohvar.at\/topo\/wp-json\/wp\/v2\/pages\/10456\/revisions"}],"predecessor-version":[{"id":67814,"href":"https:\/\/www.topohvar.at\/topo\/wp-json\/wp\/v2\/pages\/10456\/revisions\/67814"}],"up":[{"embeddable":true,"href":"https:\/\/www.topohvar.at\/topo\/wp-json\/wp\/v2\/pages\/78"}],"wp:attachment":[{"href":"https:\/\/www.topohvar.at\/topo\/wp-json\/wp\/v2\/media?parent=10456"}],"curies":[{"name":"wp","href":"https:\/\/api.w.org\/{rel}","templated":true}]}}