{"id":10701,"date":"2018-09-10T08:22:49","date_gmt":"2018-09-10T06:22:49","guid":{"rendered":"https:\/\/www.topohvar.at\/?page_id=10701"},"modified":"2022-01-25T09:29:38","modified_gmt":"2022-01-25T08:29:38","slug":"za-ci-01-1","status":"publish","type":"page","link":"https:\/\/www.topohvar.at\/topo\/orte\/za\/za-ci-01-1\/","title":{"rendered":"ZASTRA\u017dI\u0160\u0106E &#8211; \u017dupna crkva \u00bbSv. Nikola, biskup\u00ab"},"content":{"rendered":"<p><a name=\"seite_oben\"><\/a><br \/>\n<strong><img loading=\"lazy\" decoding=\"async\" class=\"alignnone wp-image-10630 size-large\" src=\"https:\/\/www.topohvar.at\/wp-content\/uploads\/2018\/09\/ZA-CI-01-0-1024x503.jpg\" alt=\"\" width=\"640\" height=\"314\" srcset=\"https:\/\/www.topohvar.at\/wp-content\/uploads\/2018\/09\/ZA-CI-01-0-1024x503.jpg 1024w, https:\/\/www.topohvar.at\/wp-content\/uploads\/2018\/09\/ZA-CI-01-0-300x147.jpg 300w, https:\/\/www.topohvar.at\/wp-content\/uploads\/2018\/09\/ZA-CI-01-0-768x377.jpg 768w, https:\/\/www.topohvar.at\/wp-content\/uploads\/2018\/09\/ZA-CI-01-0.jpg 1080w\" sizes=\"auto, (max-width: 640px) 100vw, 640px\" \/><\/strong><\/p>\n<p><strong>Ime \/ Name<br \/>\n<\/strong>\u017dupna crkva \u00bbSv. Nikola, biskup\u00ab \/ Pfarrkirche zum hl. Bischof Nikolaus<\/p>\n<p><strong>Code: <\/strong>ZA-CI-01\u00a0 \u00a0 \u00a0 \u00a0 \u00a0 \u00a0 \u00a0 \u00a0 \u00a0 \u00a0 \u00a0 \u00a0 \u00a0 \u00a0 \u00a0 \u00a0 \u00a0 \u00a0 \u00a0 \u00a0\u00a0<strong><a href=\"https:\/\/www.topohvar.at\/orte\/za\/za-ck-02-1\/\"><img loading=\"lazy\" decoding=\"async\" class=\"alignnone wp-image-533 size-full\" src=\"https:\/\/www.topohvar.at\/wp-content\/uploads\/2018\/07\/push-l-30.jpg\" alt=\"\" width=\"61\" height=\"30\" \/><\/a> <a href=\"https:\/\/www.topohvar.at\/orte\/za\/\"><img loading=\"lazy\" decoding=\"async\" class=\"alignnone wp-image-535 size-full\" src=\"https:\/\/www.topohvar.at\/wp-content\/uploads\/2018\/07\/push-o-30.jpg\" alt=\"\" width=\"61\" height=\"30\" \/><\/a> <a href=\"https:\/\/www.topohvar.at\/orte\/za\/za-ck-01-1\/\"><img loading=\"lazy\" decoding=\"async\" class=\"alignnone wp-image-536 size-full\" src=\"https:\/\/www.topohvar.at\/wp-content\/uploads\/2018\/07\/push-r-30.jpg\" alt=\"\" width=\"61\" height=\"30\" \/><\/a><\/strong><\/p>\n<hr \/>\n<p><strong>Adresa \/ Adresse<br \/>\n<\/strong>Zastra\u017ei\u0161\u0107e,\u00a0Mala Banda<\/p>\n<p><strong>Lokalna polo\u017eaj \/ Position<a href=\"https:\/\/goo.gl\/maps\/zrKwhUXAo1A8PX188\"><img loading=\"lazy\" decoding=\"async\" class=\"alignright wp-image-10842\" src=\"https:\/\/www.topohvar.at\/wp-content\/uploads\/2018\/09\/0940.jpg\" alt=\"\" width=\"134\" height=\"100\" \/><\/a><br \/>\n<\/strong><span style=\"color: #3366ff;\"><a style=\"color: #3366ff;\" href=\"https:\/\/goo.gl\/maps\/zrKwhUXAo1A8PX188\">Latitude: N 43,14717\u00b0\u00a0 \u00a0Longitude: E 16,84006\u00b0<\/a> <\/span><strong><br \/>\n<\/strong>Visina \/ H\u00f6he: 193 m<\/p>\n<p><strong>Zemlji\u0161te \/ Grundst\u00fccke<br \/>\n<\/strong>*144\/1\u00a0<div class='content-column one_half'><div style=\"padding-right:6px;\"><p><strong>Datum snimanja \/ Erfassungsdatum<br \/>\n<\/strong>01.06.2012 16:10:46<\/p>\n<hr \/>\n<p><strong>Informacije<\/strong><\/p>\n<p>\u017dupnu crkvu sv. Nokole prvi spominje papinski pohoditelj Augustin Valier 1579. Godine, kada je ustanovljena samostalana \u017eupa, a po svoj prilici i ne\u0107e biti starija od 16. Stolje\u0107a, jer su se raniji rijetki naseljenici mogli slu\u017eati starom crkvicom sv. Barbare. Prvi zabilje\u017eeni zastra\u017ei\u0161ki sve\u0107enik bio je 1573., a zvao se Luka Barozzi. Unatoc novijem nastanku, po drevnoj je, jo\u0161 pretkr\u0161\u0107anskoj predaji podignuta na vrhu izvojena brijega.<\/p><\/div><\/div><div class='content-column one_half last_column'><div style=\"padding-right:0px;padding-left:6px;\"><p><strong>Za\u0161titni polo\u017eaj \/ Schutzstellung<br \/>\n<\/strong>&#8211;<\/p>\n<hr \/>\n<p><strong>Info<\/strong><\/p>\n<p>Die Pfarrkirche zum hl. Nikolaus wird zum ersten Mal im Zuge des Besuchs von Augustin Valier im Jahre 1579 erw\u00e4hnt, als hier eine selbstst\u00e4ndige Pfarre gegr\u00fcndet wurde. Der erste \u00fcberlieferte Priester in Zastra\u017ei\u0161\u0107e war im Jahre 1573 Luka Barozzi. Sie wird auf jeden Fall nicht \u00e4lter als aus dem 16. Jh. sein, da fr\u00fcher die wenigen Siedler die alte Kirche der hl. Barbara besuchten. Trotz der j\u00fcngeren Entstehung wurde sie auf der Spitze des exponierten H\u00fcgels mit vorchristlicher Tradition errichtet.<\/p><\/div><\/div><div class='clear_column'><\/div><div class='content-column one_half'><div style=\"padding-right:6px;\"><p>Prvobitna crkva bila je toliko mala da su vjernici morali stajati vani tijekom mise, \u010dak i u oluji. Biskup je tek 26. svibnja 1771. dao suglasnost za pro\u0161irenje crkve. U svibnju 1789. sklopio je predstavnicima zastra\u017ei\u0161ke crkve ugovor za njeno dovr\u0161enje graditelj Mihovil Raffanelli, nastanjen u Makarskoj a rodom iz Molfette kraj Barija. To je imao sve izvr\u0161iti za tri godine, a gradnja otegnula sve do 1801.-1802. godine, bilo stoga \u0161to su siroma\u0161ni seljani sporo smagali potrebiti novac, bilo zato jer je glavni graditelj prekidao ovda\u0161nji posao zbog drugih zadu\u017eenja.<\/p><\/div><\/div><div class='content-column one_half last_column'><div style=\"padding-right:0px;padding-left:6px;\"><p>Die urspr\u00fcngliche Kirche war so klein, dass die Gl\u00e4ubigen w\u00e4hrend der Messe auch bei Sturm drau\u00dfen stehen mussten. Erst am 26. Mai 1771 gab der Bischof seine Zustimmung zur Erweiterung der Kirche. Im Mai 1789 wurde der Baumeister Mihovil Raffanelli, wohnhaft in Makarska und geb\u00fcrtig aus Molfetta bei Bari (Italien), mit umfangreichen Ausbauarbeiten beauftragt. Er sollte in drei Jahren fertig zu sein, aber der Bau begann erst 1801\/1802, weil die armen Dorfbewohner das ben\u00f6tigte Geld nur langsam aufbrachten, und der Baumeister die Arbeit wegen anderw\u00e4rtiger Pflichten unterbrach.<\/p><\/div><\/div><div class='clear_column'><\/div><div class='content-column one_half'><div style=\"padding-right:6px;\"><p>On se za ugovorenih 200 cekina obvezao da \u0107e prema nacrtu (vjerojatno vlastitom) koji je potpisao produ\u017eiti crkvu prema zapadu u duljini od 6 lakata, sagraditi novo pro\u010delje s glavnim ulazom, bo\u010dnim prozorima, rozetom te presloicom na vrhu, povisiti bo\u010dne zidove, oblikovati unutar crkvene la\u0111e po tri bo\u010dne oltarne \u201ekapele\u201c \u2013 ni\u0161e, te poplo\u010dati i presvoditi crkvu.<\/p><\/div><\/div><div class='content-column one_half last_column'><div style=\"padding-right:0px;padding-left:6px;\"><p>Um 200 Zechinen hat er unterschrieben zu errichten: Die Erweiterung der Kirche nach Westen um 6 Ellen, eine neue Fassade mit Haupteingang, Seitenfenster, Rosette, \u00fcber der Fassade ein T\u00fcrmchen und die Erh\u00f6hung der Seitenw\u00e4nde. Die Ausgestaltung des Kirchenschiffs mit drei Seitenalt\u00e4ren &#8222;Kapellen&#8220; &#8211; Nischen, Pflasterung und Kirchengew\u00f6lbe.<\/p><\/div><\/div><div class='clear_column'><\/div><div class='content-column one_half'><div style=\"padding-right:6px;\"><p>Gotovo stolje\u0107e nakon toga zastra\u017ei\u0161ka je \u017eupnica bila pro\u0161iren sakristijom na za\u010delju, koju je 1897. Za 291 fiorin sazidao poznati zidar Juraj Novak-Trumbita (1870-1957).<\/p><\/div><\/div><div class='content-column one_half last_column'><div style=\"padding-right:0px;padding-left:6px;\"><p>Fast ein Jahrhundert sp\u00e4ter, im Jahr 1897, wurde die Kirche durch eine Sakristei im hinteren Bereich erweitert. F\u00fcr 291 Fiorin wurde der bekannte Maurermeister Juraj Novak-Trumbit (1870-1957) daf\u00fcr gewonnen.<\/p><\/div><\/div><div class='clear_column'><\/div><div class='content-column one_half'><div style=\"padding-right:6px;\"><p>1980 g. sagre\u0111en je uz jugozapadni ugao crkvenog pro\u010delja poseban torani zvonika (gra\u0111evinar \u017divko Bi\u017eaca iz Postira na Bra\u010du), po nacrtu iz 1957. Graditelja Dragutina M. \u0160tambuka iz Hvara. U zvoniku su tri zvona iz sp\u00f6itske ljevaonice Jakova Cukrova: velo (\u201emu\u0161ko\u201c) iz 1909. te srednje (\u201e\u017eensko\u201c) i malo (\u201ean\u0111eosko\u201c) iz 1924. g.<\/p><\/div><\/div><div class='content-column one_half last_column'><div style=\"padding-right:0px;padding-left:6px;\"><p>Im Jahr 1980 wurde an der S\u00fcdwestecke der Kirchenfassade ein Glockenturm errichtet (Baumeister \u017divko Bi\u017eac aus Postira auf Brac), der 1957 vom Architekten Dragutin M. \u0160tambuk aus Hvar entworfen wurde. Im Glockenturm befinden sich drei Glocken aus der Gie\u00dferei Jakob Cukrov: die gro\u00dfe (\u201em\u00e4nnlich&#8220;) aus 1909, die mittlere (\u201eweiblich&#8220;) und die kleine (\u201eEngel&#8220;) von 1924.<\/p><\/div><\/div><div class='clear_column'><\/div><div class='content-column one_half'><div style=\"padding-right:6px;\"><p>Nad ulazom u zvoniku nalazi se spomen-plo\u010da \u017eupniku Dragu Lovri\u0107u.<\/p><\/div><\/div><div class='content-column one_half last_column'><div style=\"padding-right:0px;padding-left:6px;\"><p>\u00dcber dem Eingang zum Kirchturm befindet sich eine Gedenktafel an den\u00a0Pfarrer Drago Lovri\u0107.<\/p><\/div><\/div><div class='clear_column'><\/div><div class='content-column one_half'><div style=\"padding-right:6px;\"><p>Od starije crkve iz 16.\/18.st. na istome mjestu opa\u017ea se tek dio zida na sjeveru la\u0111e izvana. U ni\u0161u iznad portala sme\u0161ten je za obnove o. 1980.g. drven, neoblovljen kipi\u0107 sv. Nikole. Doima se mleta\u010dkim ? radom iz oko 1600. godine spominju rane vizitacije. Vrijedilo bi ga stoga \u017eurno obnivoti i pohraniti na sugurnije, a na pro\u010delju zamijeniti kopijom ili suvremenim kipom.\u00a0U crkvi Sv. Nikola je hrvatski natpis.<\/p><\/div><\/div><div class='content-column one_half last_column'><div style=\"padding-right:0px;padding-left:6px;\"><p>Von der \u00e4lteren Kirche aus dem 16.\/18. Jh. stammt nur noch der \u00e4u\u00dfere Teil des n\u00f6rdlichen Kirchenschiffs. Oberhalb des Portals wurde 1980 eine Nische eingebaut, in der sich eine ungew\u00f6hnliche, h\u00f6lzerne Statue des hl. Nikolaus befindet. Sie sieht aus wie eine venezianische Arbeit aus der Zeit um 1600 und wird bei fr\u00fcheren Visitationen erw\u00e4hnt. Es w\u00e4re daher wichtig, sie sicher aufzubewahren und die Statue in der Fassade durch eine Kopie oder eine moderne Statue zu ersetzen. An der Kirche findet sich auch eine alte kroatische Inschrift.<\/p><\/div><\/div><div class='clear_column'><\/div><div class='content-column one_half'><div style=\"padding-right:6px;\"><p>Od opreme crkve isit\u010de se glavni oltar od kamena i taznobojne mramora, s menzom i svetohrani\u0161tem natkritim lukovicom. S ju\u017ene strane njegova tabernakula je drvenbi kip sv. Spiridona (\u0160pirjuna) koji je poklonio mjesni posjednik Mate Dubokovi\u0107 p. Nikole 1859.g. Sa sjeverne je strane drveni kip sv. Nilole iz 1891.g. Iznad oltara visi slika sv. Nikole, nabavljena je 1893., te blagoslovljena 1898. godine.<\/p><\/div><\/div><div class='content-column one_half last_column'><div style=\"padding-right:0px;padding-left:6px;\"><p>Von der Ausstattung der Kirche ist der Hauptaltar hervorzuheben, der aus Stein und wunderbaren Marmor gefertigt ist, mit einem Menzo und einem Tabernakel mit Zwiebelt\u00fcrmchen. S\u00fcdlich des Tabernakels steht die h\u00f6lzerne Statue des hl. Spiridon (\u0160pirjun), gestiftet vom \u00f6rtlichen Besitzer Mate Dubokovi\u0107 gen. Nikolaus im Jahr 1859. N\u00f6rdlich steht eine h\u00f6lzerne Statue des hl. Nikolaus aus 1891. \u00dcber dem Altar h\u00e4ngt ein Bild des hl. Nikolaus das 1893 erworben und 1898 gesegnet wurde.<\/p><\/div><\/div><div class='clear_column'><\/div><div class='content-column one_half'><div style=\"padding-right:6px;\"><p>Ju\u017eni bo\u010dni oltar Gospe od Ru\u017earija prvi se put spominje u jednoj oporuci 1699. godine. Oltorna pala iz toga vremena slabiji je rad, najzanimljiviji po panorami dijela Jelse u dnu. Kako je prikazan dio mjesta zvan Mala Banda s ku\u0107om Dubikovi\u0107 (ranije Barozzi pa Angelini), panorama je vjerojatno bila doslikana 1851. godine, kad je ovu palu obnovio talijanski putuju\u0107i slikar Antonio Vanti, a na tro\u0161ak Dubokovi\u0107evih, posjednika u Zastra\u017ei\u0161\u010du. Pred slikom je danas kip Ru\u017earice iz 1901, rad Josef Runggaldier, Gr\u00f6den, Tirol.<\/p><\/div><\/div><div class='content-column one_half last_column'><div style=\"padding-right:0px;padding-left:6px;\"><p>Der s\u00fcdliche Seitenaltar der Muttergottes von Rosenkranz wird zum ersten Mal im Zuge eines Aufstandes im Jahr 1699 erw\u00e4hnt. Der Altaraufsatz aus dieser Zeit ist eine schw\u00e4chere Arbeit, interessant aber das Panorama eines Teils von Jelsa auf seiner Unterseite. Es zeigt einen Teil von Mala Banda mit dem Haus Dubikovi\u0107 (fr\u00fcher Barozzi und Angelini) und wurde wahrscheinlich um 1851 fertiggestellt, als der Aufsatz vom italienischen Maler Antonio Vanti auf Kosten von Dubokovi\u0107, einem Gutsbesitzer in Zastra\u017ei\u0161\u010de, restauriert wurde. Vor dem Bild steht die Statue der Muttergottes vom Rosenkranz aus dem Jahr 1901, eine Arbeit des Josef Runggaldier aus Gr\u00f6den.<\/p><\/div><\/div><div class='clear_column'><\/div><div class='content-column one_half'><div style=\"padding-right:6px;\"><p>Sjeverni bo\u010dni oltar sada se zove Srca Isusova po kipa nabavljenom u Ljubaljni i blagoslovjenom prvoga kolov\u0161kog petka 1938. godine. Ranije je na njemu stajala malena rusti\u010dna pala (sada u \u017eupnoj ku\u0107i, o\u0161te\u0107eno ulje na platnu, o. 133,5 x 64,5 cm), koja u vrhu prikazuje Gospu Karmelsku, a dolje su lijevo prikaz \u010cistili\u0161ta, a desno sv. Ante Padovanski. Nove je donje dijelove tih bo\u010dnih \u017ertvenika na\u010dinio u kamenu i mramoru altarist Andrija Pertapelle p. Dinka (1834-1917) oko 1894.g., a njihovi su tro\u0161ni drevni gornji dijelovi (\u201estupovlje\u201c) uklonjeni 1956. godine.<\/p><\/div><\/div><div class='content-column one_half last_column'><div style=\"padding-right:0px;padding-left:6px;\"><p>Der n\u00f6rdliche Seitenaltar hei\u00dft jetzt Herz Jesu Altar, nach einer Statue, die in Ljubaljna beschafft und am 1. August 1938 eingeweiht wurde. Fr\u00fcher stand hier ein etwas rustikaler Aufsatz (jetzt im Pfarrhaus, besch\u00e4digt, \u00d6l auf Leinwand, ca. 133,5 x 64,5 cm), der oben Unsere Liebe Frau vom Berg Karmel, links unten das Fegefeuer und rechts den hl. Antonius von Padua zeigt. Der untere Teil dieser Seitenalt\u00e4re wurde um 1894 aus Stein und Marmor von Andrija Pertapelle gen. Dinko (1834-1917) neu gefertigt, die abgenutzten alten Oberteile (\u201eS\u00e4ulen&#8220;) wurden 1956 entfernt.<\/p><\/div><\/div><div class='clear_column'><\/div><div class='content-column one_half'><div style=\"padding-right:6px;\"><p>Blagdan sv. Mikole (Nikole) je 6. prosinca.<\/p><\/div><\/div><div class='content-column one_half last_column'><div style=\"padding-right:0px;padding-left:6px;\"><p>Der Feiertag des hl. Nikolaus ist am 6. Dezember.<\/p><\/div><\/div><div class='clear_column'><\/div><\/p>\n<p style=\"text-align: right;\"><span style=\"color: #3366ff;\"><a style=\"color: #3366ff;\" href=\"#seite_oben\">natrag na vrh \/ Seitenanfang<\/a><\/span><\/p>\n<hr \/>\n<div class='content-column one_half'><div style=\"padding-right:6px;\"><p>Moramo spomenuti i procesiju \u201eZa kri\u017een\u201c koja se svake godine obilje\u017eava na Veliki \u010cetvrtak i Petak i to ve\u0107 dugih 500 godina. Tijekom procesije, kri\u017eono\u0161a u Veloj Stinivi polo\u017ei kri\u017e u more, te se tako povezuje sa svim iseljenicima koji su po\u010detkom XX. stolje\u0107a zbog filoksere vinove loze masovno iselili s ovih podru\u010dja.<\/p><\/div><\/div><div class='content-column one_half last_column'><div style=\"padding-right:0px;padding-left:6px;\"><p>Erw\u00e4hnenswert ist auch die Prozession \u201eZum Kreuz\u201c, die seit 500 Jahren jedes Jahr am Gr\u00fcndonnerstag und Karfreitag gefeiert wird. W\u00e4hrend der Prozession legte der Kreuztr\u00e4ger in Vela Stiniva ein Kreuz ins Meer und verband damit alle Auswanderer, die Anfang des 20. Jahrhunderts aufgrund der Reblaus massenhaft aus diesen Gebieten auswanderten.<\/p><\/div><\/div><div class='clear_column'><\/div><\/p>\n<p style=\"text-align: center;\"><em>(Izvor: \/ Quelle: <span style=\"color: #3366ff;\"><a style=\"color: #3366ff;\" href=\"https:\/\/tzjelsa.hr\/hr\/destinacija\/zastrazisce\/\">TZ Jelsa<\/a><\/span>)<\/em><\/p>\n<p style=\"text-align: right;\"><span style=\"color: #3366ff;\"><a style=\"color: #3366ff;\" href=\"#seite_oben\">natrag na vrh \/ Seitenanfang<\/a><\/span><\/p>\n<hr \/>\n<p><strong>Linkovi \/ Links<\/strong><\/p>\n<p><span style=\"color: #3366ff;\"><a style=\"color: #3366ff;\" href=\"https:\/\/www.topohvar.at\/orte\/za\/za-in-01-1\/\">Hrvatski natpis \/ Kroatische Inschrift<\/a><\/span><br \/>\n<span style=\"color: #3366ff;\"><a style=\"color: #3366ff;\" href=\"https:\/\/www.topohvar.at\/orte\/za\/za-is-04-1\/\">Spomen plo\u010da \/ Gedenktafel \u201eDon Dragi Lovri\u0107&#8220;<\/a><br \/>\n<a style=\"color: #3366ff;\" href=\"https:\/\/www.topohvar.at\/orte\/za\/za-mo-03-1\/\">Kip \u00bbSv. Nikola\u00ab \/ Statue des hl. Nikolaus<\/a><br \/>\n<\/span><\/p>\n<p>&nbsp;<\/p>\n","protected":false},"excerpt":{"rendered":"<p>Ime \/ Name \u017dupna crkva \u00bbSv. Nikola, biskup\u00ab \/ Pfarrkirche zum hl. Bischof Nikolaus Code: ZA-CI-01\u00a0 \u00a0 \u00a0 \u00a0 \u00a0 \u00a0 \u00a0 \u00a0 \u00a0 \u00a0 \u00a0 \u00a0 \u00a0 \u00a0 \u00a0 \u00a0 \u00a0 \u00a0 \u00a0 \u00a0\u00a0 Adresa \/ Adresse Zastra\u017ei\u0161\u0107e,\u00a0Mala Banda &hellip; <a href=\"https:\/\/www.topohvar.at\/topo\/orte\/za\/za-ci-01-1\/\">Weiterlesen <span class=\"meta-nav\">&rarr;<\/span><\/a><\/p>\n","protected":false},"author":1,"featured_media":0,"parent":115,"menu_order":0,"comment_status":"closed","ping_status":"closed","template":"","meta":{"footnotes":""},"class_list":["post-10701","page","type-page","status-publish","hentry"],"_links":{"self":[{"href":"https:\/\/www.topohvar.at\/topo\/wp-json\/wp\/v2\/pages\/10701","targetHints":{"allow":["GET"]}}],"collection":[{"href":"https:\/\/www.topohvar.at\/topo\/wp-json\/wp\/v2\/pages"}],"about":[{"href":"https:\/\/www.topohvar.at\/topo\/wp-json\/wp\/v2\/types\/page"}],"author":[{"embeddable":true,"href":"https:\/\/www.topohvar.at\/topo\/wp-json\/wp\/v2\/users\/1"}],"replies":[{"embeddable":true,"href":"https:\/\/www.topohvar.at\/topo\/wp-json\/wp\/v2\/comments?post=10701"}],"version-history":[{"count":13,"href":"https:\/\/www.topohvar.at\/topo\/wp-json\/wp\/v2\/pages\/10701\/revisions"}],"predecessor-version":[{"id":56720,"href":"https:\/\/www.topohvar.at\/topo\/wp-json\/wp\/v2\/pages\/10701\/revisions\/56720"}],"up":[{"embeddable":true,"href":"https:\/\/www.topohvar.at\/topo\/wp-json\/wp\/v2\/pages\/115"}],"wp:attachment":[{"href":"https:\/\/www.topohvar.at\/topo\/wp-json\/wp\/v2\/media?parent=10701"}],"curies":[{"name":"wp","href":"https:\/\/api.w.org\/{rel}","templated":true}]}}