{"id":10705,"date":"2018-09-10T08:26:22","date_gmt":"2018-09-10T06:26:22","guid":{"rendered":"https:\/\/www.topohvar.at\/?page_id=10705"},"modified":"2022-01-18T08:21:34","modified_gmt":"2022-01-18T07:21:34","slug":"za-ck-03-1","status":"publish","type":"page","link":"https:\/\/www.topohvar.at\/topo\/orte\/za\/za-ck-03-1\/","title":{"rendered":"ZASTRA\u017dI\u0160\u0106E &#8211; Crkvica \u00bbSv. Barbara\u00ab"},"content":{"rendered":"<p><strong><img loading=\"lazy\" decoding=\"async\" class=\"alignnone wp-image-10633 size-large\" src=\"https:\/\/www.topohvar.at\/wp-content\/uploads\/2018\/09\/ZA-CK-03-0-1024x503.jpg\" alt=\"\" width=\"640\" height=\"314\" srcset=\"https:\/\/www.topohvar.at\/wp-content\/uploads\/2018\/09\/ZA-CK-03-0-1024x503.jpg 1024w, https:\/\/www.topohvar.at\/wp-content\/uploads\/2018\/09\/ZA-CK-03-0-300x147.jpg 300w, https:\/\/www.topohvar.at\/wp-content\/uploads\/2018\/09\/ZA-CK-03-0-768x377.jpg 768w, https:\/\/www.topohvar.at\/wp-content\/uploads\/2018\/09\/ZA-CK-03-0.jpg 1080w\" sizes=\"auto, (max-width: 640px) 100vw, 640px\" \/><\/strong><\/p>\n<p><strong>Ime \/ Name<br \/>\n<\/strong>Crkvica \/ kleine Kirche \u00bbSv. Barbara\u00ab<\/p>\n<p><strong>Code: <\/strong>ZA-CK-03\u00a0 \u00a0 \u00a0 \u00a0 \u00a0 \u00a0 \u00a0 \u00a0 \u00a0 \u00a0 \u00a0 \u00a0 \u00a0 \u00a0 \u00a0 \u00a0 \u00a0 \u00a0 \u00a0 \u00a0\u00a0<strong><a href=\"https:\/\/www.topohvar.at\/orte\/za\/za-ck-01-1\/\"><img loading=\"lazy\" decoding=\"async\" class=\"alignnone wp-image-533 size-full\" src=\"https:\/\/www.topohvar.at\/wp-content\/uploads\/2018\/07\/push-l-30.jpg\" alt=\"\" width=\"61\" height=\"30\" \/><\/a> <a href=\"https:\/\/www.topohvar.at\/orte\/za\/\"><img loading=\"lazy\" decoding=\"async\" class=\"alignnone wp-image-535 size-full\" src=\"https:\/\/www.topohvar.at\/wp-content\/uploads\/2018\/07\/push-o-30.jpg\" alt=\"\" width=\"61\" height=\"30\" \/><\/a> <a href=\"https:\/\/www.topohvar.at\/orte\/za\/za-ck-02-1\/\"><img loading=\"lazy\" decoding=\"async\" class=\"alignnone wp-image-536 size-full\" src=\"https:\/\/www.topohvar.at\/wp-content\/uploads\/2018\/07\/push-r-30.jpg\" alt=\"\" width=\"61\" height=\"30\" \/><\/a><\/strong><\/p>\n<hr \/>\n<p><strong>Adresa \/ Adresse<br \/>\n<\/strong>Zastra\u017ei\u0161\u0107e 215, Huhora\u010da<\/p>\n<p><strong>Lokalna polo\u017eaj \/ Position<a href=\"https:\/\/goo.gl\/maps\/MppPJW2SGYn6DvUp9\"><img loading=\"lazy\" decoding=\"async\" class=\"alignright wp-image-10854\" src=\"https:\/\/www.topohvar.at\/wp-content\/uploads\/2018\/09\/0943.jpg\" alt=\"\" width=\"134\" height=\"100\" \/><\/a><br \/>\n<\/strong><span style=\"color: #3366ff;\"><a style=\"color: #3366ff;\" href=\"https:\/\/goo.gl\/maps\/MppPJW2SGYn6DvUp9\">Latitude: N 43,14734\u00b0\u00a0 \u00a0Longitude: E 16,84699\u00b0<\/a> <\/span><strong><br \/>\n<\/strong>Visina \/ H\u00f6he: 196 m<\/p>\n<p><strong>Zemlji\u0161te \/ Grundst\u00fccke<br \/>\n<\/strong>*215, 2884\u00a0<div class='content-column one_half'><div style=\"padding-right:6px;\"><p><strong>Datum snimanja \/ Erfassungsdatum<br \/>\n<\/strong>21.10.2014 12:34:59<\/p>\n<hr \/>\n<p><strong>Informacije<\/strong><\/p>\n<p>Crkva sv. Barbare najstarija je sakralna gra\u0111evina u Zastra\u017ei\u0161\u0107u, gra\u0111ena u XIII.-XIV. stolje\u0107u i prvospomenuta 1407. godine. No za vi\u0161e od dva sljede\u0107a stolje\u0107a nemamo o njoj nikakvih podaka. U kolovozu 1621. Dobio je Stjepan Hara\u010di\u0107 iz Jelse privolu Biskupa da obnovi ovu crkvicu i obdari je skromnim nadarjem \u010dime su Hara\u010di\u0107 i ba\u0161tinici dobili pravovlasni\u0161tvo (juspatronat).<\/p><\/div><\/div><div class='content-column one_half last_column'><div style=\"padding-right:0px;padding-left:6px;\"><p><strong>Za\u0161titni polo\u017eaj \/ Schutzstellung<br \/>\n<\/strong>Z-5666, P-3695<\/p>\n<hr \/>\n<p><strong>Info<\/strong><\/p>\n<p>Kirche St. Barbara ist das \u00e4lteste Sakralgeb\u00e4ude in Zastrazisce und wurde im 13. &#8211; 14. Jahrhundert erbaut und 1407 erstmals erw\u00e4hnt. F\u00fcr die n\u00e4chsten zwei Jahrhunderte fehlen weiteren Hinweise. Im August 1621 erhielt Stjepan Hara\u010di\u0107 aus Jelsa vom Bischof das Privileg die kleine Kirche wieder aufzubauen und um einen bescheidenen Preis erwarb Hara\u010di\u0107 auch den rechtlichen Besitz (das Patronat).<\/p><\/div><\/div><div class='clear_column'><\/div><div class='content-column one_half'><div style=\"padding-right:6px;\"><p>U 1627. crkvica je imala malenu palu s likovoma sv. Barbare, sv. Stjepana i sv. Luke, a 1637. srebren kale\u017e i ne\u0161to druge opreme, ali joj plo\u010dnik nije bio dovr\u0161en. God 1705. bila je zabranjena za bogoslu\u017eje jer neopremljena, otvorena i obesve\u0107ena od \u017eivotinja<\/p><\/div><\/div><div class='content-column one_half last_column'><div style=\"padding-right:0px;padding-left:6px;\"><p>Im Jahr 1627 hatte die Kirche einen kleinen Altaraufsatz mit den Bildern der hl. Barbara, des hl. Stefan und des hl. Lukas, 1637 einen silbernen Kelch und andere Ger\u00e4tschaft. Das\u00a0 Pflaster war allerdings nicht fertiggestellt. Im Jahr 1705 waren Gottesdienste verboten, weil die Kirche unkontrolliert offen stand und von Tieren besucht wurde.<\/p><\/div><\/div><div class='clear_column'><\/div><div class='content-column one_half'><div style=\"padding-right:6px;\"><p>Oko god. 1732. dala ju je obnoviti i opremiti neimenovana k\u0107i Stjepana Hara\u010di\u0107a mla\u0111eg, udana za nekog Dobroni\u0107a, nabaviv\u0161i vrata, palu, antependij i sveti\u010dinu relikviju te popraviv\u0161i te\u0161ko o\u0161te\u0107eni krov.<\/p><\/div><\/div><div class='content-column one_half last_column'><div style=\"padding-right:0px;padding-left:6px;\"><p>Um das Jahr 1732 gab es eine Renovierung, als eine namentlich nicht bekannte Tochter des Stefan Hara\u010di\u0107, die mit einem Dobroni\u0107 verheiratet war, die Kirchent\u00fcr, einen Altaraufsatz, ein Antependium sowie eine heilige Reliquie beschaffte und das schwer besch\u00e4digte Dach reparierte.<\/p><\/div><\/div><div class='clear_column'><\/div><div class='content-column one_half'><div style=\"padding-right:6px;\"><p>Kasnije u 18.st. bilo je njeno maleno imanje pripojeno \u017eupni\u010dkom nadarju, a u zastra\u017ei\u0161koj su se \u017eupnici slu\u017eile i zakladne mise, jer je crkvica zbog neopremljenosti i dalje bila pod zabranom. Oko 1774. i opet je nabavljena nova pala, a kao upravitelj se spominje don Nikola Dobroni\u0107, sin ili potomak obnoviteljice iz o. 1732.g.<\/p><\/div><\/div><div class='content-column one_half last_column'><div style=\"padding-right:0px;padding-left:6px;\"><p>Sp\u00e4ter im 18. Jh. wurde ihr kleiner Nachlass der Pfarre angegliedert und diente den Gemeindemitgliedern von Zastra\u017ei\u0161\u0107e, weil ihre Kirche noch immer unbenutzbar war. Um 1774 wurde erneut ein neuer Altaraufsatz beschafft, und als Verwalter Nikolaus Dobroni\u0107 erw\u00e4hnt, ein Sohn oder Nachkomme der Erneuerin von 1732.<\/p><\/div><\/div><div class='clear_column'><\/div><div class='content-column one_half'><div style=\"padding-right:6px;\"><p>Godine 1774. nabavljena je nova oltarna pala, a gra\u0111evina je obnovljena krajem XVII. stolje\u0107a. Na oltaru su kipovi sv. Barbare i sv. Katarine, vjerojatno mleta\u010dki rad s po\u010detka XVII. stolje\u0107a.<\/p><\/div><\/div><div class='content-column one_half last_column'><div style=\"padding-right:0px;padding-left:6px;\"><p>1774 wurde ein neuer Altar gekauft und das Geb\u00e4ude Ende des 17. Jahrhunderts restauriert. Jahrhundert. Auf dem Altar stehen Statuen des hl. Barbara und St. Catherine, wahrscheinlich ein venezianisches Werk vom Anfang des 17. Jahrhunderts. Jahrhundert.<\/p><\/div><\/div><div class='clear_column'><\/div><div class='content-column one_half'><div style=\"padding-right:6px;\"><p>Svrhom 18. i u prvoj tre\u0107ini 19.st. crkva je dalje zabranjena za bogoslu\u017eje, a njeno je nadarje pripojeno \u017eupi. Obnovljena je 1896.g. (natpis na nadvratniku) te blaboslovljena za bogoslu\u017eje. 1959. godine ponovno je bila obnovljena. Danas je u prili\u0107nu stanju, ali neza klju\u010dana i u njoj se ne obavlja bogoslu\u017eje, izuzev \u0161to slu\u017ei kao postaja pri no\u0161enju kri\u017ea na Veliki \u010detvrtak.<\/p><\/div><\/div><div class='content-column one_half last_column'><div style=\"padding-right:0px;padding-left:6px;\"><p>Ab dem 18. und ersten Drittel des 19. Jh. ist die Kirche wiederum f\u00fcr den Gottesdienst gesperrt, und an die Pfarre angeschlossen. Im Jahr 1896 wurde sie renoviert (Inschrift auf dem T\u00fcrsturz) und f\u00fcr den Gottesdienst geweiht. 1959 wurde die Kirche abermals renoviert. Heute ist sie in leidlichem Zustand, spielt keine Rolle mehr im kirchlichen Leben au\u00dfer am Gr\u00fcndonnerstag, wo sie als \u00dcbergangsstation dient.<\/p><\/div><\/div><div class='clear_column'><\/div><div class='content-column one_half'><div style=\"padding-right:6px;\"><p>Jednobrodna svo\u0111ena crkva pravokutnog tlocrta, s poluoblom apsidom, zidana je priklesanim kamenom i o\u017ebukana, krov je pokriven kamenom plo\u010dom. U osi glavnog pro\u010delja jednostavan je portal, uz njega manji prozor kvadrati\u010dnog oblikovanja. Na zabatu je vitka zidana preslica sa zvonikom.<\/p><\/div><\/div><div class='content-column one_half last_column'><div style=\"padding-right:0px;padding-left:6px;\"><p>Die einschiffige Kirche hat einen rechteckigen Grundriss und eine halbrunde Apsis. Sie ist aus behauenen Steinen und verputzt, das Dach ist mit Steinplatten gedeckt. In der Achse der Hauptfassade befindet sich ein einfaches Portal mit einem kleineren quadratischen Fenster. Am Giebel befindet sich ein gemauertes T\u00fcrmchen mit einer Glocke.<\/p><\/div><\/div><div class='clear_column'><\/div><div class='content-column one_half'><div style=\"padding-right:6px;\"><p>Crkva najstarija je srednjovjekovna gra\u0111evina u \u017eupi i jedna od najstarijih na otoku Hvaru.<\/p><\/div><\/div><div class='content-column one_half last_column'><div style=\"padding-right:0px;padding-left:6px;\"><p>Die Kirche ist das \u00e4lteste mittelalterliche Geb\u00e4ude der Gemeinde und eines der \u00e4ltesten auf der Insel Hvar.<\/p><\/div><\/div><div class='clear_column'><\/div><div class='content-column one_half'><div style=\"padding-right:6px;\"><p>Registra kilzutnih dobara Republike Hrvartske br. 03\/2012, lista za\u0161ti\u0107enih kulturnih dobara:<br \/>\nRje\u0161enje: 2.7.2012<br \/>\nBroj registra: Z-5666<\/p><\/div><\/div><div class='content-column one_half last_column'><div style=\"padding-right:0px;padding-left:6px;\"><p>Register der Kulturg\u00fcter der Republik Kroatien Nr. 02\/2016, Liste der gesch\u00fctzten Kulturg\u00fcter:<br \/>\nEntscheidung vom: 2.7.2012<br \/>\nRegistrierungsnummer: Z-5666<\/p><\/div><\/div><div class='clear_column'><\/div><\/p>\n<div id=\"attachment_56271\" style=\"width: 1090px\" class=\"wp-caption alignnone\"><img loading=\"lazy\" decoding=\"async\" aria-describedby=\"caption-attachment-56271\" class=\"wp-image-56271 size-full\" src=\"https:\/\/www.topohvar.at\/wp-content\/uploads\/2022\/01\/za-ck-03-30.jpg\" alt=\"\" width=\"1080\" height=\"530\" srcset=\"https:\/\/www.topohvar.at\/wp-content\/uploads\/2022\/01\/za-ck-03-30.jpg 1080w, https:\/\/www.topohvar.at\/wp-content\/uploads\/2022\/01\/za-ck-03-30-300x147.jpg 300w, https:\/\/www.topohvar.at\/wp-content\/uploads\/2022\/01\/za-ck-03-30-1024x503.jpg 1024w, https:\/\/www.topohvar.at\/wp-content\/uploads\/2022\/01\/za-ck-03-30-768x377.jpg 768w\" sizes=\"auto, (max-width: 1080px) 100vw, 1080px\" \/><p id=\"caption-attachment-56271\" class=\"wp-caption-text\">Slika: \/ Bild: TZ Jelsa<\/p><\/div>\n<hr \/>\n<p><strong>Linkovi \/ Links<\/strong><\/p>\n<p><span style=\"color: #3366ff;\"><a style=\"color: #3366ff;\" href=\"https:\/\/www.topohvar.at\/orte\/za\/za-in-02-1\/\">Natpis na nadvratniku \/ Inschrift am T\u00fcrsturz<\/a><\/span><\/p>\n","protected":false},"excerpt":{"rendered":"<p>Ime \/ Name Crkvica \/ kleine Kirche \u00bbSv. Barbara\u00ab Code: ZA-CK-03\u00a0 \u00a0 \u00a0 \u00a0 \u00a0 \u00a0 \u00a0 \u00a0 \u00a0 \u00a0 \u00a0 \u00a0 \u00a0 \u00a0 \u00a0 \u00a0 \u00a0 \u00a0 \u00a0 \u00a0\u00a0 Adresa \/ Adresse Zastra\u017ei\u0161\u0107e 215, Huhora\u010da Lokalna polo\u017eaj \/ Position &hellip; <a href=\"https:\/\/www.topohvar.at\/topo\/orte\/za\/za-ck-03-1\/\">Weiterlesen <span class=\"meta-nav\">&rarr;<\/span><\/a><\/p>\n","protected":false},"author":1,"featured_media":0,"parent":115,"menu_order":0,"comment_status":"closed","ping_status":"closed","template":"","meta":{"footnotes":""},"class_list":["post-10705","page","type-page","status-publish","hentry"],"_links":{"self":[{"href":"https:\/\/www.topohvar.at\/topo\/wp-json\/wp\/v2\/pages\/10705","targetHints":{"allow":["GET"]}}],"collection":[{"href":"https:\/\/www.topohvar.at\/topo\/wp-json\/wp\/v2\/pages"}],"about":[{"href":"https:\/\/www.topohvar.at\/topo\/wp-json\/wp\/v2\/types\/page"}],"author":[{"embeddable":true,"href":"https:\/\/www.topohvar.at\/topo\/wp-json\/wp\/v2\/users\/1"}],"replies":[{"embeddable":true,"href":"https:\/\/www.topohvar.at\/topo\/wp-json\/wp\/v2\/comments?post=10705"}],"version-history":[{"count":10,"href":"https:\/\/www.topohvar.at\/topo\/wp-json\/wp\/v2\/pages\/10705\/revisions"}],"predecessor-version":[{"id":56272,"href":"https:\/\/www.topohvar.at\/topo\/wp-json\/wp\/v2\/pages\/10705\/revisions\/56272"}],"up":[{"embeddable":true,"href":"https:\/\/www.topohvar.at\/topo\/wp-json\/wp\/v2\/pages\/115"}],"wp:attachment":[{"href":"https:\/\/www.topohvar.at\/topo\/wp-json\/wp\/v2\/media?parent=10705"}],"curies":[{"name":"wp","href":"https:\/\/api.w.org\/{rel}","templated":true}]}}