{"id":10786,"date":"2018-09-10T09:34:21","date_gmt":"2018-09-10T07:34:21","guid":{"rendered":"https:\/\/www.topohvar.at\/?page_id=10786"},"modified":"2024-04-23T18:04:59","modified_gmt":"2024-04-23T16:04:59","slug":"za-td-01-1","status":"publish","type":"page","link":"https:\/\/www.topohvar.at\/topo\/orte\/za\/za-td-01-1\/","title":{"rendered":"ZASTRA\u017dI\u0160\u0106E &#8211; Kule \u00bbDvije kule Angjelinovi\u0107a\u00ab"},"content":{"rendered":"<p><a name=\"seite_oben\"><\/a><br \/>\n<strong><img loading=\"lazy\" decoding=\"async\" class=\"alignnone wp-image-387 size-full\" src=\"https:\/\/www.topohvar.at\/wp-content\/uploads\/2018\/07\/00-00-00-1.jpg\" alt=\"\" width=\"114\" height=\"56\" \/><\/strong><\/p>\n<p><strong>Ime \/ Name<br \/>\n<\/strong>Kule \u00bbDvije kule Angjelinovi\u0107\u00ab \/ Zwei T\u00fcrme der Angjelinovi\u0107<\/p>\n<p><strong>Code: <\/strong>ZA-TD-01\u00a0 \u00a0 \u00a0 \u00a0 \u00a0 \u00a0 \u00a0 \u00a0 \u00a0 \u00a0 \u00a0 \u00a0 \u00a0 \u00a0 \u00a0 \u00a0 \u00a0 \u00a0 \u00a0 \u00a0 \u00a0 \u00a0 \u00a0 \u00a0 \u00a0\u00a0<strong> <a href=\"https:\/\/www.topohvar.at\/orte\/za\/\"><img loading=\"lazy\" decoding=\"async\" class=\"alignnone wp-image-535 size-full\" src=\"https:\/\/www.topohvar.at\/wp-content\/uploads\/2018\/07\/push-o-30.jpg\" alt=\"\" width=\"61\" height=\"30\" \/><\/a> <a href=\"https:\/\/www.topohvar.at\/topo\/orte\/za\/za-td-02-1\/\"><img loading=\"lazy\" decoding=\"async\" class=\"alignnone wp-image-536 size-full\" src=\"https:\/\/www.topohvar.at\/wp-content\/uploads\/2018\/07\/push-r-30.jpg\" alt=\"\" width=\"61\" height=\"30\" \/><\/a> <\/strong><\/p>\n<hr \/>\n<p><strong>Adresa \/ Adresse<br \/>\n<\/strong>Zastra\u017ei\u0161\u0107e<\/p>\n<p><strong>Lokalna polo\u017eaj \/ Position<img loading=\"lazy\" decoding=\"async\" class=\"alignright wp-image-387 size-full\" src=\"https:\/\/www.topohvar.at\/wp-content\/uploads\/2018\/07\/00-00-00-1.jpg\" alt=\"\" width=\"114\" height=\"56\" \/><br \/>\n<\/strong>Latitude: N 43,00000\u00b0\u00a0 \u00a0Longitude: E 16,00000\u00b0 <strong><br \/>\n<\/strong>Visina \/ H\u00f6he: 0 m<\/p>\n<p><strong>Zemlji\u0161te \/ Grundst\u00fccke<br \/>\n<\/strong>&#8211; <div class='content-column one_half'><div style=\"padding-right:6px;\"><p><strong>Datum snimanja \/ Erfassungsdatum<br \/>\n<\/strong>12.05.2018 13:00:00<\/p>\n<hr \/>\n<p><strong>Informacije<\/strong><\/p>\n<p>Dvije kule patricija Angjelinovi\u0107a iz 1624. g. su nestale &#8211; jedna devastirana, a druga manja, pregra\u0111ena. U doba mleta\u010dko-turskih ratova Hvar je postao glavna vojna luka na isto\u010dnoj obali Jadrana.<\/p><\/div><\/div><div class='content-column one_half last_column'><div style=\"padding-right:0px;padding-left:6px;\"><p><strong>Za\u0161titni polo\u017eaj \/ Schutzstellung<br \/>\n<\/strong>&#8211;<\/p>\n<hr \/>\n<p><strong>Info<\/strong><\/p>\n<p>Zwei T\u00fcrme der Patrizier Angjelinovi\u0107 aus dem Jahr 1624 sind verschwunden. Einer wurde zerst\u00f6rt, der andere kleinere, rekonstruiert. Zur Zeit der venezianisch &#8211; t\u00fcrkischen Kriege wurde die\u00a0 Insel Hvar zum Hauptkriegshafen der \u00f6stlichen Adriak\u00fcste.<\/p><\/div><\/div><div class='clear_column'><\/div><div class='content-column one_half'><div style=\"padding-right:6px;\"><p>Jedan obrambeni toranj s natpisom sagradio je Gazar An\u0111elinovi\u0107 1624. godine, a djelomi\u010dno sru\u0161en 1949. godine. Na toj kuli je bio jedan od prvih natpisa na hrvatskom jeziku na otoku Hvaru, a datira iz 1624. godine. Natpis je danas u \u017eupnoj crkvi sv. Nichola.<\/p><\/div><\/div><div class='content-column one_half last_column'><div style=\"padding-right:0px;padding-left:6px;\"><p>Ein Wehrturm befindet sich im Weiler Postranje. Er wurde im Jahr 1624 von Gazar An\u0111elinovi\u0107 errichtet und 1949 zum Teil abgerissen. Auf diesem Turm befand sich eine der ersten Inschriften in kroatischer Sprache auf der Insel Hvar aus dem Jahr 1624. Die Inschrift befindet sich heute an der Pfarrkirche zum hl. Nikolaus.<\/p><\/div><\/div><div class='clear_column'><\/div><\/p>\n<p style=\"text-align: right;\"><span style=\"color: #3366ff;\"><a style=\"color: #3366ff;\" href=\"#seite_oben\">natrag na vrh \/ Seitenanfang<\/a><\/span><\/p>\n<hr \/>\n<p><strong>Linkovi \/ Links<\/strong><\/p>\n<p><span style=\"color: #3366ff;\"><strong><a style=\"color: #3366ff;\" href=\"https:\/\/www.topohvar.at\/topo\/orte\/za\/za-tg-02-1\/\">Vi\u0161e o obitelji Angelin \/ Mehr \u00fcber die Familie Angelini<\/a><\/strong><\/span><\/p>\n<p><span style=\"color: #3366ff;\"><a style=\"color: #3366ff;\" href=\"https:\/\/www.topohvar.at\/topo\/orte\/za\/za-tg-01-1\/\">ZASTRA\u017dI\u0160\u0106E \u2013 Veliki sklop \/ Baukomplex \u00bbAngelini\u00ab<\/a><\/span><br \/>\n<span style=\"color: #3366ff;\"><a style=\"color: #3366ff;\" href=\"https:\/\/www.topohvar.at\/topo\/orte\/za\/za-tg-03-1\/\">ZASTRA\u017dI\u0160\u0106E, \u010crvanj &#8211; Ku\u0107a \/ Haus \u00bbAngelini (Angjelinovi\u0107, kasnije \/ sp\u00e4ter Dubokovi\u0107 Nadalini)\u00ab<\/a>\u00a0<\/span><br \/>\n<span style=\"color: #3366ff;\"><a style=\"color: #3366ff;\" href=\"https:\/\/www.topohvar.at\/topo\/orte\/za\/za-tg-02-1\/\">ZASTRA\u017dI\u0160\u0106E, Vela Stiniva \u2013 Ljetnikovac \/ Sommerhaus \u00bbAngelini\u00ab<\/a><\/span><br \/>\n<span style=\"color: #3366ff;\"><a style=\"color: #3366ff;\" href=\"https:\/\/www.topohvar.at\/topo\/orte\/za\/za-ig-01-1\/\">ZASTRA\u017dI\u0160\u0106E \u2013 Grb \/ Wappen \u00bbAn\u0111elinovi\u0107-Angelini\u00ab<\/a><\/span><br \/>\n<span style=\"color: #3366ff;\"><a style=\"color: #3366ff;\" href=\"https:\/\/www.topohvar.at\/topo\/orte\/za\/za-in-01-1\/\">ZASTRA\u017dI\u0160\u0106E \u2013 Natpis \/ Inschrift \u00bbMDCXXIIII\u00ab<\/a><\/span><\/p>\n<p><span style=\"color: #3366ff;\"><a style=\"color: #3366ff;\" href=\"https:\/\/www.topohvar.at\/topo\/orte\/bo\/bo-tg-04-2\/\">BOGOMOLJE, Smrska \u2013 Ku\u0107a \/ Haus \u00bbAngelini (Angjelinovi\u0107, danas \/ heute Viskovi\u0107)\u00ab<\/a><\/span><br \/>\n<span style=\"color: #3366ff;\"><a style=\"color: #3366ff;\" href=\"https:\/\/www.topohvar.at\/topo\/orte\/je\/je-tg-08-1\/\">JELSA \u2013 Ku\u0107a \/ Haus \u00bbDr. Niko Dubokovi\u0107 Nadalini prije \/ vorher An\u0111elinovi\u0107<\/a> \u00ab<\/span><br \/>\n<span style=\"color: #3366ff;\"><a style=\"color: #3366ff;\" href=\"https:\/\/www.topohvar.at\/topo\/orte\/pr\/pr-tg-02-1\/\">PRAPATNA \u2013 Ku\u0107a \u00bbAngelini (Angjelinovi\u0107)\u00ab<\/a><\/span><\/p>\n<p><span style=\"color: #3366ff;\">\u00a0<\/span><\/p>\n","protected":false},"excerpt":{"rendered":"<p>Ime \/ Name Kule \u00bbDvije kule Angjelinovi\u0107\u00ab \/ Zwei T\u00fcrme der Angjelinovi\u0107 Code: ZA-TD-01\u00a0 \u00a0 \u00a0 \u00a0 \u00a0 \u00a0 \u00a0 \u00a0 \u00a0 \u00a0 \u00a0 \u00a0 \u00a0 \u00a0 \u00a0 \u00a0 \u00a0 \u00a0 \u00a0 \u00a0 \u00a0 \u00a0 \u00a0 \u00a0 \u00a0\u00a0 Adresa \/ &hellip; <a href=\"https:\/\/www.topohvar.at\/topo\/orte\/za\/za-td-01-1\/\">Weiterlesen <span class=\"meta-nav\">&rarr;<\/span><\/a><\/p>\n","protected":false},"author":1,"featured_media":0,"parent":115,"menu_order":0,"comment_status":"closed","ping_status":"closed","template":"","meta":{"footnotes":""},"class_list":["post-10786","page","type-page","status-publish","hentry"],"_links":{"self":[{"href":"https:\/\/www.topohvar.at\/topo\/wp-json\/wp\/v2\/pages\/10786","targetHints":{"allow":["GET"]}}],"collection":[{"href":"https:\/\/www.topohvar.at\/topo\/wp-json\/wp\/v2\/pages"}],"about":[{"href":"https:\/\/www.topohvar.at\/topo\/wp-json\/wp\/v2\/types\/page"}],"author":[{"embeddable":true,"href":"https:\/\/www.topohvar.at\/topo\/wp-json\/wp\/v2\/users\/1"}],"replies":[{"embeddable":true,"href":"https:\/\/www.topohvar.at\/topo\/wp-json\/wp\/v2\/comments?post=10786"}],"version-history":[{"count":17,"href":"https:\/\/www.topohvar.at\/topo\/wp-json\/wp\/v2\/pages\/10786\/revisions"}],"predecessor-version":[{"id":66818,"href":"https:\/\/www.topohvar.at\/topo\/wp-json\/wp\/v2\/pages\/10786\/revisions\/66818"}],"up":[{"embeddable":true,"href":"https:\/\/www.topohvar.at\/topo\/wp-json\/wp\/v2\/pages\/115"}],"wp:attachment":[{"href":"https:\/\/www.topohvar.at\/topo\/wp-json\/wp\/v2\/media?parent=10786"}],"curies":[{"name":"wp","href":"https:\/\/api.w.org\/{rel}","templated":true}]}}

ZASTRAŽIŠĆE &#8211; Kule »Dvije kule Angjelinovića«

<p><a name="seite_oben"></a><br />
<strong><img loading="lazy" decoding="async" class="alignnone wp-image-387 size-full" src="https://www.topohvar.at/wp-content/uploads/2018/07/00-00-00-1.jpg" alt="" width="114" height="56" /></strong></p>
<p><strong>Ime / Name<br />
</strong>Kule »Dvije kule Angjelinović« / Zwei Türme der Angjelinović</p>
<p><strong>Code: </strong>ZA-TD-01                                                  <strong> <a href="https://www.topohvar.at/orte/za/"><img loading="lazy" decoding="async" class="alignnone wp-image-535 size-full" src="https://www.topohvar.at/wp-content/uploads/2018/07/push-o-30.jpg" alt="" width="61" height="30" /></a> <a href="https://www.topohvar.at/topo/orte/za/za-td-02-1/"><img loading="lazy" decoding="async" class="alignnone wp-image-536 size-full" src="https://www.topohvar.at/wp-content/uploads/2018/07/push-r-30.jpg" alt="" width="61" height="30" /></a> </strong></p>
<hr />
<p><strong>Adresa / Adresse<br />
</strong>Zastražišće</p>
<p><strong>Lokalna položaj / Position<img loading="lazy" decoding="async" class="alignright wp-image-387 size-full" src="https://www.topohvar.at/wp-content/uploads/2018/07/00-00-00-1.jpg" alt="" width="114" height="56" /><br />
</strong>Latitude: N 43,00000°   Longitude: E 16,00000° <strong><br />
</strong>Visina / Höhe: 0 m</p>
<p><strong>Zemljište / Grundstücke<br />
</strong>&#8211; <div class='content-column one_half'><div style="padding-right:6px;"><p><strong>Datum snimanja / Erfassungsdatum<br />
</strong>12.05.2018 13:00:00</p>
<hr />
<p><strong>Informacije</strong></p>
<p>Dvije kule patricija Angjelinovića iz 1624. g. su nestale &#8211; jedna devastirana, a druga manja, pregrađena. U doba mletačko-turskih ratova Hvar je postao glavna vojna luka na istočnoj obali Jadrana.</p></div></div><div class='content-column one_half last_column'><div style="padding-right:0px;padding-left:6px;"><p><strong>Zaštitni položaj / Schutzstellung<br />
</strong>&#8211;</p>
<hr />
<p><strong>Info</strong></p>
<p>Zwei Türme der Patrizier Angjelinović aus dem Jahr 1624 sind verschwunden. Einer wurde zerstört, der andere kleinere, rekonstruiert. Zur Zeit der venezianisch &#8211; türkischen Kriege wurde die  Insel Hvar zum Hauptkriegshafen der östlichen Adriaküste.</p></div></div><div class='clear_column'></div><div class='content-column one_half'><div style="padding-right:6px;"><p>Jedan obrambeni toranj s natpisom sagradio je Gazar Anđelinović 1624. godine, a djelomično srušen 1949. godine. Na toj kuli je bio jedan od prvih natpisa na hrvatskom jeziku na otoku Hvaru, a datira iz 1624. godine. Natpis je danas u župnoj crkvi sv. Nichola.</p></div></div><div class='content-column one_half last_column'><div style="padding-right:0px;padding-left:6px;"><p>Ein Wehrturm befindet sich im Weiler Postranje. Er wurde im Jahr 1624 von Gazar Anđelinović errichtet und 1949 zum Teil abgerissen. Auf diesem Turm befand sich eine der ersten Inschriften in kroatischer Sprache auf der Insel Hvar aus dem Jahr 1624. Die Inschrift befindet sich heute an der Pfarrkirche zum hl. Nikolaus.</p></div></div><div class='clear_column'></div></p>
<p style="text-align: right;"><span style="color: #3366ff;"><a style="color: #3366ff;" href="#seite_oben">natrag na vrh / Seitenanfang</a></span></p>
<hr />
<p><strong>Linkovi / Links</strong></p>
<p><span style="color: #3366ff;"><strong><a style="color: #3366ff;" href="https://www.topohvar.at/topo/orte/za/za-tg-02-1/">Više o obitelji Angelin / Mehr über die Familie Angelini</a></strong></span></p>
<p><span style="color: #3366ff;"><a style="color: #3366ff;" href="https://www.topohvar.at/topo/orte/za/za-tg-01-1/">ZASTRAŽIŠĆE – Veliki sklop / Baukomplex »Angelini«</a></span><br />
<span style="color: #3366ff;"><a style="color: #3366ff;" href="https://www.topohvar.at/topo/orte/za/za-tg-03-1/">ZASTRAŽIŠĆE, Črvanj &#8211; Kuća / Haus »Angelini (Angjelinović, kasnije / später Duboković Nadalini)«</a> </span><br />
<span style="color: #3366ff;"><a style="color: #3366ff;" href="https://www.topohvar.at/topo/orte/za/za-tg-02-1/">ZASTRAŽIŠĆE, Vela Stiniva – Ljetnikovac / Sommerhaus »Angelini«</a></span><br />
<span style="color: #3366ff;"><a style="color: #3366ff;" href="https://www.topohvar.at/topo/orte/za/za-ig-01-1/">ZASTRAŽIŠĆE – Grb / Wappen »Anđelinović-Angelini«</a></span><br />
<span style="color: #3366ff;"><a style="color: #3366ff;" href="https://www.topohvar.at/topo/orte/za/za-in-01-1/">ZASTRAŽIŠĆE – Natpis / Inschrift »MDCXXIIII«</a></span></p>
<p><span style="color: #3366ff;"><a style="color: #3366ff;" href="https://www.topohvar.at/topo/orte/bo/bo-tg-04-2/">BOGOMOLJE, Smrska – Kuća / Haus »Angelini (Angjelinović, danas / heute Visković)«</a></span><br />
<span style="color: #3366ff;"><a style="color: #3366ff;" href="https://www.topohvar.at/topo/orte/je/je-tg-08-1/">JELSA – Kuća / Haus »Dr. Niko Duboković Nadalini prije / vorher Anđelinović</a> «</span><br />
<span style="color: #3366ff;"><a style="color: #3366ff;" href="https://www.topohvar.at/topo/orte/pr/pr-tg-02-1/">PRAPATNA – Kuća »Angelini (Angjelinović)«</a></span></p>
<p><span style="color: #3366ff;"> </span></p>

<p>Ime / Name Kule »Dvije kule Angjelinović« / Zwei Türme der Angjelinović Code: ZA-TD-01                                                   Adresa / &hellip; <a href="https://www.topohvar.at/topo/orte/za/za-td-01-1/">Weiterlesen <span class="meta-nav">&rarr;</span></a></p>
