{"id":10790,"date":"2018-09-10T09:38:13","date_gmt":"2018-09-10T07:38:13","guid":{"rendered":"https:\/\/www.topohvar.at\/?page_id=10790"},"modified":"2022-01-15T16:53:13","modified_gmt":"2022-01-15T15:53:13","slug":"za-tg-05-1","status":"publish","type":"page","link":"https:\/\/www.topohvar.at\/topo\/orte\/za\/za-tg-05-1\/","title":{"rendered":"ZASTRA\u017dI\u0160\u0106E &#8211; Zgrada javne \u00bb\u0160kola\/Po\u0161ta Zastra\u017ei\u0161\u0107e\u00ab"},"content":{"rendered":"<p><strong><img loading=\"lazy\" decoding=\"async\" class=\"alignnone wp-image-10672 size-large\" src=\"https:\/\/www.topohvar.at\/wp-content\/uploads\/2018\/09\/za-tg-05-0-1024x503.jpg\" alt=\"\" width=\"640\" height=\"314\" srcset=\"https:\/\/www.topohvar.at\/wp-content\/uploads\/2018\/09\/za-tg-05-0-1024x503.jpg 1024w, https:\/\/www.topohvar.at\/wp-content\/uploads\/2018\/09\/za-tg-05-0-300x147.jpg 300w, https:\/\/www.topohvar.at\/wp-content\/uploads\/2018\/09\/za-tg-05-0-768x377.jpg 768w, https:\/\/www.topohvar.at\/wp-content\/uploads\/2018\/09\/za-tg-05-0.jpg 1080w\" sizes=\"auto, (max-width: 640px) 100vw, 640px\" \/><\/strong><\/p>\n<p><strong>Ime \/ Name<br \/>\n<\/strong>Zgrada javne \u00bb\u0160kola\/Po\u0161ta Zastra\u017ei\u0161\u0107e\u00ab \/ Schule\/Post<\/p>\n<p><strong>Code: <\/strong>ZA-TG-05\u00a0 \u00a0 \u00a0 \u00a0 \u00a0 \u00a0 \u00a0 \u00a0 \u00a0 \u00a0 \u00a0 \u00a0 \u00a0 \u00a0 \u00a0 \u00a0 \u00a0 \u00a0 \u00a0 \u00a0\u00a0<strong><a href=\"https:\/\/www.topohvar.at\/orte\/za\/za-tg-04-1\/\"><img loading=\"lazy\" decoding=\"async\" class=\"alignnone wp-image-533 size-full\" src=\"https:\/\/www.topohvar.at\/wp-content\/uploads\/2018\/07\/push-l-30.jpg\" alt=\"\" width=\"61\" height=\"30\" \/><\/a> <a href=\"https:\/\/www.topohvar.at\/orte\/za\/\"><img loading=\"lazy\" decoding=\"async\" class=\"alignnone wp-image-535 size-full\" src=\"https:\/\/www.topohvar.at\/wp-content\/uploads\/2018\/07\/push-o-30.jpg\" alt=\"\" width=\"61\" height=\"30\" \/><\/a> <a href=\"https:\/\/www.topohvar.at\/orte\/za\/za-tg-06-1\/\"><img loading=\"lazy\" decoding=\"async\" class=\"alignnone wp-image-536 size-full\" src=\"https:\/\/www.topohvar.at\/wp-content\/uploads\/2018\/07\/push-r-30.jpg\" alt=\"\" width=\"61\" height=\"30\" \/><\/a><\/strong><\/p>\n<hr \/>\n<p><strong>Adresa \/ Adresse<br \/>\n<\/strong>Zastra\u017ei\u0161\u0107e, na glavnoj cesti DC-116 \/ an der Hauptstra\u00dfe DC-116<\/p>\n<p><strong>Lokalna polo\u017eaj \/ Position<a href=\"https:\/\/goo.gl\/maps\/nJkoszmVNWssqDd1A\"><img loading=\"lazy\" decoding=\"async\" class=\"alignright wp-image-11032\" src=\"https:\/\/www.topohvar.at\/wp-content\/uploads\/2018\/09\/1614.jpg\" alt=\"\" width=\"134\" height=\"100\" \/><\/a><br \/>\n<\/strong><span style=\"color: #3366ff;\"><a style=\"color: #3366ff;\" href=\"https:\/\/goo.gl\/maps\/nJkoszmVNWssqDd1A\">Latitude: N 43,14430\u00b0\u00a0 \u00a0Longitude: E 16,84048\u00b0<\/a> <\/span><strong><br \/>\n<\/strong>Visina \/ H\u00f6he: 176 m<\/p>\n<p><strong>Zemlji\u0161te \/ Grundst\u00fccke<br \/>\n<\/strong>*292, 1763\/10\u00a0<div class='content-column one_half'><div style=\"padding-right:6px;\"><p><strong>Datum snimanja \/ Erfassungsdatum<br \/>\n<\/strong>17.05.2018 16:51:17<\/p>\n<hr \/>\n<p><strong>Informacije<\/strong><\/p>\n<p>God. 1834. ustvr\u0111uje se da \u0161kolu ovdje \u201enitko ne \u017eeli poha\u0111ati\u201c !, a 1848., na Vladin poziv za aktiviranje barem pomo\u0107nih u\u010dionica, \u017eupnik L. Lu\u010di\u0107 odgovara molbom za 9 besplatnih po\u010detnica, koje roditelji ne mogu kupiti.<\/p><\/div><\/div><div class='content-column one_half last_column'><div style=\"padding-right:0px;padding-left:6px;\"><p><strong>Za\u0161titni polo\u017eaj \/ Schutzstellung<br \/>\n<\/strong>&#8211;<\/p>\n<hr \/>\n<p><strong>Info<\/strong><\/p>\n<p>Im Jahre 1834 wird erkl\u00e4rt, dass an der Schule hier &#8222;niemand teilnehmen will&#8220;, und 1848, auf Aufforderung der Regierung, wenigstens einen Behelfsunterricht aufzunehmen, antwortet Pfarrer L. Lu\u010di\u0107 mit der Bitte um Kostenbefreiung f\u00fcr 9 Anf\u00e4nger, deren Eltern nicht zahlen k\u00f6nnen.<\/p><\/div><\/div><div class='clear_column'><\/div><div class='content-column one_half'><div style=\"padding-right:6px;\"><p>Pomo\u0107na je \u0161kola napokon otvorena 1867. za 5 u\u010denika (u\u010ditelj kurat B. Lu\u010di\u0107), te ponovno 1873.g. za 10 \u0111aka, a u\u010ditelj je bio du\u0161obri\u017enik Matkovi\u0107. Ta se nastava odvijaja najvjerojatnije u \u017eupnoj ku\u0107i.<\/p><\/div><\/div><div class='content-column one_half last_column'><div style=\"padding-right:0px;padding-left:6px;\"><p>Eine Behelfsschule wird erst 1867 f\u00fcr 5 Sch\u00fcler (Lehrer B. Lu\u010di\u0107) er\u00f6ffnet. Im Jahr 1873 unterrichtete f\u00fcr 10 Sch\u00fcler der Lehrer Matkovi\u0107s. Der Unterricht fand h\u00f6chstwahrscheinlich im Pfarrhaus statt.<\/p><\/div><\/div><div class='clear_column'><\/div><div class='content-column one_half'><div style=\"padding-right:6px;\"><p>Godine 1888. crkovinarstvo je povisilo staru crkvonu ku\u0107u zapadno od \u017eupnog stana s prizemnice na katnicu, i tu je \u0161kola bila ponovno otvorena s u\u010diteljem du\u0161obri\u017enikom Bojani\u0107em.<\/p><\/div><\/div><div class='content-column one_half last_column'><div style=\"padding-right:0px;padding-left:6px;\"><p>Im Jahre 1888 lie\u00df die Kirchenverwaltung das alte Kirchenhaus westlich des Pfarrhauses vom Erd- bis zum Obergescho\u00df renovieren, und die Schule mit dem Lehrer Bojani\u0107 wiederer\u00f6ffnen.<\/p><\/div><\/div><div class='clear_column'><\/div><div class='content-column one_half'><div style=\"padding-right:6px;\"><p>God. 1894.-1896. bio je u\u010ditelj ove \u201epomo\u0107ne u\u010dionice\u201c doma\u0107i sin Juraj Lu\u010di\u0107, a 1896.-1898. du\u0161obri\u017enik don Tade Gamulin. Potonje je godine bila zatrvorena, a opet otvorena \u0161kolu god. 1905.\/1906. s istom u\u010diteljem Gamulinom.<\/p><\/div><\/div><div class='content-column one_half last_column'><div style=\"padding-right:0px;padding-left:6px;\"><p>In den Jahren 1894-1896 war der Lehrer dieser &#8222;Behelfsklassenzimmer&#8220; der ortsans\u00e4ssige Sohn von Juraj Lu\u010di\u0107 und in den Jahren 1896-1898 Herr Tade Gamulin. Danach blieb die Schule geschlossen, und wurde erst wieder 1905\/1906 mit dem gleichen Lehrer Gamulin ge\u00f6ffnet.<\/p><\/div><\/div><div class='clear_column'><\/div><div class='content-column one_half'><div style=\"padding-right:6px;\"><p>Dne 16. X. 1906. otvorena je \u0161kola u novoj, sada\u0161njoj zgradi par stotina metara ju\u017eno od \u017eupne crkve uz cestu, sagra\u0111enoj po nacrtu C. M. Ivekovi\u0107a od zidara J. Novaka. Novi u\u010ditelj (do 1908) bio mje\u0161tanin Jura Stella, ranje u Bogomolju. God. 1908. u\u010ditelj je bio Toma Koludrovi\u0107 iz Jelse, a njegova \u017eena Lina podu\u010davala je \u017eenske ru\u010dne radove.<\/p><\/div><\/div><div class='content-column one_half last_column'><div style=\"padding-right:0px;padding-left:6px;\"><p>Am 16. November 1906 wurde die neue Schule in dem heute bestehenden Geb\u00e4ude einige hundert Meter s\u00fcdlich der Pfarrkirche an der Stra\u00dfe er\u00f6ffnet. Sie wurde nach Pl\u00e4nen des C. M. Ivekovi\u0107 von dem Maurer J. Novak gebaut. Der neue Lehrer war bis 1908 der ortsans\u00e4ssige Jura Stella, vormals Lehrer in Bogomolje. Im Jahr 1908 war Toma Koludrovi\u0107 aus Jelsa hier Lehrer Seine Frau Lina lehrte den Frauen Handarbeit.<\/p><\/div><\/div><div class='clear_column'><\/div><div class='content-column one_third'><div style=\"padding-right:6px;\"><p>God. 1926. upraviteljicom ove \u201edvorazredne mje\u0161ovite osnovne \u0161kole\u201c bila je Marica Stanojevi\u0107, a 1931.\/1936. Jurja Dobroni\u0107 Prospero, oboje iz Jelse. U istoj zgradi djeluje i danas \u010detverogodi\u0161nja osnovna \u0161kola za Zastra\u017ei\u0161\u0107u i Poljica<\/p><\/div><\/div><div class='content-column one_third'><div style=\"padding-right:6px;\"><p><img loading=\"lazy\" decoding=\"async\" class=\"aligncenter wp-image-11030 size-full\" style=\"font-size: 16px;\" src=\"https:\/\/www.topohvar.at\/wp-content\/uploads\/2018\/09\/za-tg-05-02.jpg\" alt=\"\" width=\"263\" height=\"200\" \/><\/p><\/div><\/div><div class='content-column one_third last_column'><div style=\"padding-right:0px;padding-left:6px;\"><p>Im Jahr 1926 waren Marica Stanojevi\u0107 und in den Jahren 1931\/36 Juraj Dobroni\u0107 Prospero, beide aus Jelsa, die Leiter der &#8222;zweistufigen gemischten Grundschule&#8220;. Im gleichen Geb\u00e4ude gibt es noch heute eine vierj\u00e4hrige Grundschule f\u00fcr Zastra\u017ei\u0161\u0107e und Poljica.<\/p><\/div><\/div><div class='clear_column'><\/div><\/p>\n<hr \/>\n<div class='content-column one_half'><div style=\"padding-right:6px;\"><p>Danas je po\u0161ta smje\u0161tena u zgradi. Hrvatska po\u0161ta je nacionalni po\u0161tanski operator Republike Hrvatske. Po\u0161ta danas (2019.g.) broji 1016 po\u0161tanski ureda diljem Hrvatske a osnovana 1999 kao dioni\u010dko dru\u0161tvo. Osim po\u0161tanskih usluga, Hrvatska po\u0161ta nudi i financijske usluge te usluge maloprodaje i digitalne televizije evotv.<\/p><\/div><\/div><div class='content-column one_half last_column'><div style=\"padding-right:0px;padding-left:6px;\"><p>Heute ist in dem Geb\u00e4ude die Post untergebracht. Die kroatische Post ist der nationale Postbetreiber der Republik Kroatien. Die Post hat heute (2019) 1016 Post\u00e4mter in ganz Kroatien und wurde 1999 als Aktiengesellschaft gegr\u00fcndet. Neben Postdiensten bietet die kroatische Post Finanzdienstleistungen sowie Einzelhandels- und Digitalfernsehdienste an.<\/p><\/div><\/div><div class='clear_column'><\/div><img loading=\"lazy\" decoding=\"async\" class=\"aligncenter size-full wp-image-36282\" src=\"https:\/\/www.topohvar.at\/wp-content\/uploads\/2020\/04\/za-tg-05-12.jpg\" alt=\"\" width=\"440\" height=\"220\" srcset=\"https:\/\/www.topohvar.at\/wp-content\/uploads\/2020\/04\/za-tg-05-12.jpg 440w, https:\/\/www.topohvar.at\/wp-content\/uploads\/2020\/04\/za-tg-05-12-300x150.jpg 300w\" sizes=\"auto, (max-width: 440px) 100vw, 440px\" \/><\/p>\n<hr \/>\n<p><strong>Linkovi \/ Links<\/strong><\/p>\n<p>&#8211;<\/p>\n","protected":false},"excerpt":{"rendered":"<p>Ime \/ Name Zgrada javne \u00bb\u0160kola\/Po\u0161ta Zastra\u017ei\u0161\u0107e\u00ab \/ Schule\/Post Code: ZA-TG-05\u00a0 \u00a0 \u00a0 \u00a0 \u00a0 \u00a0 \u00a0 \u00a0 \u00a0 \u00a0 \u00a0 \u00a0 \u00a0 \u00a0 \u00a0 \u00a0 \u00a0 \u00a0 \u00a0 \u00a0\u00a0 Adresa \/ Adresse Zastra\u017ei\u0161\u0107e, na glavnoj cesti DC-116 \/ an &hellip; <a href=\"https:\/\/www.topohvar.at\/topo\/orte\/za\/za-tg-05-1\/\">Weiterlesen <span class=\"meta-nav\">&rarr;<\/span><\/a><\/p>\n","protected":false},"author":1,"featured_media":0,"parent":115,"menu_order":0,"comment_status":"closed","ping_status":"closed","template":"","meta":{"footnotes":""},"class_list":["post-10790","page","type-page","status-publish","hentry"],"_links":{"self":[{"href":"https:\/\/www.topohvar.at\/topo\/wp-json\/wp\/v2\/pages\/10790","targetHints":{"allow":["GET"]}}],"collection":[{"href":"https:\/\/www.topohvar.at\/topo\/wp-json\/wp\/v2\/pages"}],"about":[{"href":"https:\/\/www.topohvar.at\/topo\/wp-json\/wp\/v2\/types\/page"}],"author":[{"embeddable":true,"href":"https:\/\/www.topohvar.at\/topo\/wp-json\/wp\/v2\/users\/1"}],"replies":[{"embeddable":true,"href":"https:\/\/www.topohvar.at\/topo\/wp-json\/wp\/v2\/comments?post=10790"}],"version-history":[{"count":17,"href":"https:\/\/www.topohvar.at\/topo\/wp-json\/wp\/v2\/pages\/10790\/revisions"}],"predecessor-version":[{"id":55889,"href":"https:\/\/www.topohvar.at\/topo\/wp-json\/wp\/v2\/pages\/10790\/revisions\/55889"}],"up":[{"embeddable":true,"href":"https:\/\/www.topohvar.at\/topo\/wp-json\/wp\/v2\/pages\/115"}],"wp:attachment":[{"href":"https:\/\/www.topohvar.at\/topo\/wp-json\/wp\/v2\/media?parent=10790"}],"curies":[{"name":"wp","href":"https:\/\/api.w.org\/{rel}","templated":true}]}}