{"id":10808,"date":"2018-09-10T12:29:30","date_gmt":"2018-09-10T10:29:30","guid":{"rendered":"https:\/\/www.topohvar.at\/?page_id=10808"},"modified":"2021-12-05T17:57:50","modified_gmt":"2021-12-05T16:57:50","slug":"za-tr-09-1","status":"publish","type":"page","link":"https:\/\/www.topohvar.at\/topo\/orte\/za\/za-tr-09-1\/","title":{"rendered":"ZASTRA\u017dI\u0160\u0106E &#8211; Trim \u00bbZA-TR-09\u00ab"},"content":{"rendered":"<p><a name=\"seite_oben\"><\/a><br \/>\n<strong><img loading=\"lazy\" decoding=\"async\" class=\"alignnone wp-image-10682 size-large\" src=\"https:\/\/www.topohvar.at\/wp-content\/uploads\/2018\/09\/za-tr-09-0-1024x503.jpg\" alt=\"\" width=\"640\" height=\"314\" srcset=\"https:\/\/www.topohvar.at\/wp-content\/uploads\/2018\/09\/za-tr-09-0-1024x503.jpg 1024w, https:\/\/www.topohvar.at\/wp-content\/uploads\/2018\/09\/za-tr-09-0-300x147.jpg 300w, https:\/\/www.topohvar.at\/wp-content\/uploads\/2018\/09\/za-tr-09-0-768x377.jpg 768w, https:\/\/www.topohvar.at\/wp-content\/uploads\/2018\/09\/za-tr-09-0.jpg 1080w\" sizes=\"auto, (max-width: 640px) 100vw, 640px\" \/><\/strong><\/p>\n<p><strong>Ime \/ Name<br \/>\n<\/strong>Trim \u00bbZA-TR-09\u00ab<\/p>\n<p><strong>Code: <\/strong>ZA-TR-09\u00a0 \u00a0 \u00a0 \u00a0 \u00a0 \u00a0 \u00a0 \u00a0 \u00a0 \u00a0 \u00a0 \u00a0 \u00a0 \u00a0 \u00a0 \u00a0 \u00a0 \u00a0 \u00a0 \u00a0\u00a0<strong><a href=\" https:\/\/www.topohvar.at\/topo\/orte\/za\/za-tr-00-00\/\"><img loading=\"lazy\" decoding=\"async\" class=\"alignnone wp-image-12300 size-full\" src=\"https:\/\/www.topohvar.at\/wp-content\/uploads\/2018\/09\/push-vor-30.jpg\" alt=\"\" width=\"61\" height=\"30\" \/><\/a> <a href=\"https:\/\/www.topohvar.at\/orte\/za\/za-tr-17-1\/\"><img loading=\"lazy\" decoding=\"async\" class=\"alignnone wp-image-533 size-full\" src=\"https:\/\/www.topohvar.at\/wp-content\/uploads\/2018\/07\/push-l-30.jpg\" alt=\"\" width=\"61\" height=\"30\" \/><\/a> <a href=\"https:\/\/www.topohvar.at\/orte\/za\/\"><img loading=\"lazy\" decoding=\"async\" class=\"alignnone wp-image-535 size-full\" src=\"https:\/\/www.topohvar.at\/wp-content\/uploads\/2018\/07\/push-o-30.jpg\" alt=\"\" width=\"61\" height=\"30\" \/><\/a> <a href=\"https:\/\/www.topohvar.at\/orte\/za\/za-tr-01-1\/\"><img loading=\"lazy\" decoding=\"async\" class=\"alignnone wp-image-536 size-full\" src=\"https:\/\/www.topohvar.at\/wp-content\/uploads\/2018\/07\/push-r-30.jpg\" alt=\"\" width=\"61\" height=\"30\" \/><\/a><\/strong><\/p>\n<hr \/>\n<p><strong>Adresa \/ Adresse<br \/>\n<\/strong>Zastra\u017ei\u0161\u0107e<\/p>\n<p><strong>Lokacija \/ Position<a href=\"https:\/\/goo.gl\/maps\/kVGjSuyz3pDDebvAA\"><img loading=\"lazy\" decoding=\"async\" class=\"alignright wp-image-11070\" src=\"https:\/\/www.topohvar.at\/wp-content\/uploads\/2018\/09\/0973.jpg\" alt=\"\" width=\"133\" height=\"100\" \/><\/a><br \/>\n<\/strong><span style=\"color: #3366ff;\"><a style=\"color: #3366ff;\" href=\"https:\/\/goo.gl\/maps\/kVGjSuyz3pDDebvAA\">Latitude: N 43,14550\u00b0\u00a0 \u00a0Longitude: E 16,80847\u00b0<\/a> <\/span><strong><br \/>\n<\/strong>Visina \/ H\u00f6he: 145 m<\/p>\n<p><strong>Katastarska \u010destica \/ Grundst\u00fccke<br \/>\n<\/strong>609\u00a0<div class='content-column one_half'><div style=\"padding-right:6px;\"><p><strong>Datum snimanja \/ Erfassungsdatum<br \/>\n<\/strong>26.05.2015 12:28:37<\/p>\n<hr \/>\n<p><strong>Informacije<\/strong><\/p>\n<p>Trim se nalazi izme\u0111u Poljica i Zastra\u017ei\u0161\u0107e, u blizini glavne ceste DC-119. Stepenasti trim s dvije stepenicama u jedva kori\u0161tenom vinogradu o\u0161te\u0107ena je na lijevoj strani. Desna strana je u gomili kamenja. U kru\u017enoj unutra\u0161njosti nalazi se zidna ni\u0161a. Trim se jedva koristi.<\/p><\/div><\/div><div class='content-column one_half last_column'><div style=\"padding-right:0px;padding-left:6px;\"><p><strong>Stupanj za\u0161tite \/ Schutzstellung<br \/>\n<\/strong>&#8211;<\/p>\n<hr \/>\n<p><strong>I<\/strong><strong>nfo<\/strong><\/p>\n<p>Der Trim befindet sich zwischen Poljica und Zastra\u017ei\u0161\u0107e, nahe der Hauptstra\u00dfe DC-119. Der zweistufige Trim in einem extensiv genutzten Weingarten ist an seiner linken Seite besch\u00e4digt. Die rechte Seite steckt in einem Steinhaufen. Im kreisrunden Innenraum findet sich eine Wandnische. Der Trim wird kaum mehr genutzt.<\/p><\/div><\/div><div class='clear_column'><\/div><div class='content-column one_half'><div style=\"padding-right:6px;\"><div id=\"attachment_39546\" style=\"width: 310px\" class=\"wp-caption aligncenter\"><img loading=\"lazy\" decoding=\"async\" aria-describedby=\"caption-attachment-39546\" class=\"wp-image-39546 size-medium\" src=\"https:\/\/www.topohvar.at\/wp-content\/uploads\/2020\/08\/za-tr-09-17-300x300.jpg\" alt=\"\" width=\"300\" height=\"300\" srcset=\"https:\/\/www.topohvar.at\/wp-content\/uploads\/2020\/08\/za-tr-09-17-300x300.jpg 300w, https:\/\/www.topohvar.at\/wp-content\/uploads\/2020\/08\/za-tr-09-17-150x150.jpg 150w, https:\/\/www.topohvar.at\/wp-content\/uploads\/2020\/08\/za-tr-09-17.jpg 450w\" sizes=\"auto, (max-width: 300px) 100vw, 300px\" \/><p id=\"caption-attachment-39546\" class=\"wp-caption-text\">Ulaz \/ Eingang<\/p><\/div><\/div><\/div><div class='content-column one_half last_column'><div style=\"padding-right:0px;padding-left:6px;\"><div id=\"attachment_39547\" style=\"width: 310px\" class=\"wp-caption aligncenter\"><img loading=\"lazy\" decoding=\"async\" aria-describedby=\"caption-attachment-39547\" class=\"wp-image-39547 size-medium\" src=\"https:\/\/www.topohvar.at\/wp-content\/uploads\/2020\/08\/za-tr-09-18-300x300.jpg\" alt=\"\" width=\"300\" height=\"300\" srcset=\"https:\/\/www.topohvar.at\/wp-content\/uploads\/2020\/08\/za-tr-09-18-300x300.jpg 300w, https:\/\/www.topohvar.at\/wp-content\/uploads\/2020\/08\/za-tr-09-18-150x150.jpg 150w, https:\/\/www.topohvar.at\/wp-content\/uploads\/2020\/08\/za-tr-09-18.jpg 450w\" sizes=\"auto, (max-width: 300px) 100vw, 300px\" \/><p id=\"caption-attachment-39547\" class=\"wp-caption-text\">Gornji prsten \/ oberer Ring<\/p><\/div><\/div><\/div><div class='clear_column'><\/div><div class='content-column one_half'><div style=\"padding-right:6px;\"><p>Dana 23.07.2020 trim je posje\u0107en i ustanovljeno je sljede\u0107e:<\/p>\n<p>Lokacija: vinograd<br \/>\nPodloga: nako\u0161ena<br \/>\nPovezan: ure\u0111enom kamenom gomilom<br \/>\nUpotreba: malo se koristi<br \/>\nStanje: mali dijelovi su se sru\u0161ili<br \/>\nBroj stepenica trima: 2<br \/>\nDodatni kameni prsten: nema kamenog prstena<br \/>\nStepeni\u0161te: nema<br \/>\nOblik kamena: uglast<br \/>\nPodru\u010dje ispred ulaza: lako dostupno<br \/>\nOrijentacija ulaza: SI (40\u00b0)<br \/>\nPromjer trima (cm): 370<br \/>\nVisina trima (cm): 280<br \/>\nVisina stepenica (cm): stepenica 1: 180 , stepenica 2: 260<br \/>\nDebljina zida (cm): 80<br \/>\n\u0160irina vrata (cm): 70<br \/>\nVisina vrata (cm): 105<br \/>\n\u0160irina unutra (cm): 200 &#8211; 210<br \/>\nVisina unutra (cm): 250<br \/>\nVolumen iznutra (m3): 5,16<br \/>\nNi\u0161a 1 (P\/\u0160\/V\/D) (cm): 100 \/ 35 \/ 40 \/ 60<\/p><\/div><\/div><div class='content-column one_half last_column'><div style=\"padding-right:0px;padding-left:6px;\"><p>Am 23.07.2020 wurde der Trim besucht und n\u00e4her untersucht:<\/p>\n<p>Standort: Weingarten<br \/>\nUntergrund: geneigt<br \/>\nVerbunden mit: Steinhaufen geordnet<br \/>\nNutzung: kaum genutzt<br \/>\nZustand: Teile abgest\u00fcrzt<br \/>\nAnzahl der Trimstufen: 2<br \/>\nZus\u00e4tzlicher Steinring: kein Steinring<br \/>\nStiege: keine<br \/>\nSteinform: kantig<br \/>\nEingangsbereich: frei<br \/>\nEingangsseite: NO (40\u00b0)<br \/>\nTrimdurchmesser (cm): 370<br \/>\nTrimh\u00f6he (cm): 280<br \/>\nH\u00f6he der Trimstufen (cm): Stufe 1: 180 , Stufe 2: 260<br \/>\nWandst\u00e4rke (cm): 80<br \/>\nT\u00fcrbreite (cm): 70<br \/>\nT\u00fcrh\u00f6he (cm): 105<br \/>\nInnenraumbreite (cm): 200 &#8211; 210<br \/>\nInnenraumh\u00f6he (cm): 250<br \/>\nRaumvolumen (m3): 5,16<br \/>\nNische 1 (P\/B\/H\/T) (cm): 100 \/ 35 \/ 40 \/ 60<\/p><\/div><\/div><div class='clear_column'><\/div><\/p>\n<p><img loading=\"lazy\" decoding=\"async\" class=\"aligncenter wp-image-40129 size-full\" src=\"https:\/\/www.topohvar.at\/wp-content\/uploads\/2020\/08\/za-tr-09-sca.jpg\" alt=\"\" width=\"640\" height=\"972\" srcset=\"https:\/\/www.topohvar.at\/wp-content\/uploads\/2020\/08\/za-tr-09-sca.jpg 640w, https:\/\/www.topohvar.at\/wp-content\/uploads\/2020\/08\/za-tr-09-sca-198x300.jpg 198w\" sizes=\"auto, (max-width: 640px) 100vw, 640px\" \/><\/p>\n<p style=\"text-align: right;\"><a href=\"#seite_oben\">natrag na vrh \/ Seitenanfang<\/a><\/p>\n<hr \/>\n<p><strong>Linkovi \/ Links<\/strong><\/p>\n<p>&#8211;<\/p>\n","protected":false},"excerpt":{"rendered":"<p>Ime \/ Name Trim \u00bbZA-TR-09\u00ab Code: ZA-TR-09\u00a0 \u00a0 \u00a0 \u00a0 \u00a0 \u00a0 \u00a0 \u00a0 \u00a0 \u00a0 \u00a0 \u00a0 \u00a0 \u00a0 \u00a0 \u00a0 \u00a0 \u00a0 \u00a0 \u00a0\u00a0 Adresa \/ Adresse Zastra\u017ei\u0161\u0107e Lokacija \/ Position Latitude: N 43,14550\u00b0\u00a0 \u00a0Longitude: E 16,80847\u00b0 Visina &hellip; <a href=\"https:\/\/www.topohvar.at\/topo\/orte\/za\/za-tr-09-1\/\">Weiterlesen <span class=\"meta-nav\">&rarr;<\/span><\/a><\/p>\n","protected":false},"author":1,"featured_media":0,"parent":115,"menu_order":0,"comment_status":"closed","ping_status":"closed","template":"","meta":{"footnotes":""},"class_list":["post-10808","page","type-page","status-publish","hentry"],"_links":{"self":[{"href":"https:\/\/www.topohvar.at\/topo\/wp-json\/wp\/v2\/pages\/10808","targetHints":{"allow":["GET"]}}],"collection":[{"href":"https:\/\/www.topohvar.at\/topo\/wp-json\/wp\/v2\/pages"}],"about":[{"href":"https:\/\/www.topohvar.at\/topo\/wp-json\/wp\/v2\/types\/page"}],"author":[{"embeddable":true,"href":"https:\/\/www.topohvar.at\/topo\/wp-json\/wp\/v2\/users\/1"}],"replies":[{"embeddable":true,"href":"https:\/\/www.topohvar.at\/topo\/wp-json\/wp\/v2\/comments?post=10808"}],"version-history":[{"count":16,"href":"https:\/\/www.topohvar.at\/topo\/wp-json\/wp\/v2\/pages\/10808\/revisions"}],"predecessor-version":[{"id":54730,"href":"https:\/\/www.topohvar.at\/topo\/wp-json\/wp\/v2\/pages\/10808\/revisions\/54730"}],"up":[{"embeddable":true,"href":"https:\/\/www.topohvar.at\/topo\/wp-json\/wp\/v2\/pages\/115"}],"wp:attachment":[{"href":"https:\/\/www.topohvar.at\/topo\/wp-json\/wp\/v2\/media?parent=10808"}],"curies":[{"name":"wp","href":"https:\/\/api.w.org\/{rel}","templated":true}]}}

ZASTRAŽIŠĆE &#8211; Trim »ZA-TR-09«

<p><a name="seite_oben"></a><br />
<strong><img loading="lazy" decoding="async" class="alignnone wp-image-10682 size-large" src="https://www.topohvar.at/wp-content/uploads/2018/09/za-tr-09-0-1024x503.jpg" alt="" width="640" height="314" srcset="https://www.topohvar.at/wp-content/uploads/2018/09/za-tr-09-0-1024x503.jpg 1024w, https://www.topohvar.at/wp-content/uploads/2018/09/za-tr-09-0-300x147.jpg 300w, https://www.topohvar.at/wp-content/uploads/2018/09/za-tr-09-0-768x377.jpg 768w, https://www.topohvar.at/wp-content/uploads/2018/09/za-tr-09-0.jpg 1080w" sizes="auto, (max-width: 640px) 100vw, 640px" /></strong></p>
<p><strong>Ime / Name<br />
</strong>Trim »ZA-TR-09«</p>
<p><strong>Code: </strong>ZA-TR-09                                        <strong><a href=" https://www.topohvar.at/topo/orte/za/za-tr-00-00/"><img loading="lazy" decoding="async" class="alignnone wp-image-12300 size-full" src="https://www.topohvar.at/wp-content/uploads/2018/09/push-vor-30.jpg" alt="" width="61" height="30" /></a> <a href="https://www.topohvar.at/orte/za/za-tr-17-1/"><img loading="lazy" decoding="async" class="alignnone wp-image-533 size-full" src="https://www.topohvar.at/wp-content/uploads/2018/07/push-l-30.jpg" alt="" width="61" height="30" /></a> <a href="https://www.topohvar.at/orte/za/"><img loading="lazy" decoding="async" class="alignnone wp-image-535 size-full" src="https://www.topohvar.at/wp-content/uploads/2018/07/push-o-30.jpg" alt="" width="61" height="30" /></a> <a href="https://www.topohvar.at/orte/za/za-tr-01-1/"><img loading="lazy" decoding="async" class="alignnone wp-image-536 size-full" src="https://www.topohvar.at/wp-content/uploads/2018/07/push-r-30.jpg" alt="" width="61" height="30" /></a></strong></p>
<hr />
<p><strong>Adresa / Adresse<br />
</strong>Zastražišće</p>
<p><strong>Lokacija / Position<a href="https://goo.gl/maps/kVGjSuyz3pDDebvAA"><img loading="lazy" decoding="async" class="alignright wp-image-11070" src="https://www.topohvar.at/wp-content/uploads/2018/09/0973.jpg" alt="" width="133" height="100" /></a><br />
</strong><span style="color: #3366ff;"><a style="color: #3366ff;" href="https://goo.gl/maps/kVGjSuyz3pDDebvAA">Latitude: N 43,14550°   Longitude: E 16,80847°</a> </span><strong><br />
</strong>Visina / Höhe: 145 m</p>
<p><strong>Katastarska čestica / Grundstücke<br />
</strong>609 <div class='content-column one_half'><div style="padding-right:6px;"><p><strong>Datum snimanja / Erfassungsdatum<br />
</strong>26.05.2015 12:28:37</p>
<hr />
<p><strong>Informacije</strong></p>
<p>Trim se nalazi između Poljica i Zastražišće, u blizini glavne ceste DC-119. Stepenasti trim s dvije stepenicama u jedva korištenom vinogradu oštećena je na lijevoj strani. Desna strana je u gomili kamenja. U kružnoj unutrašnjosti nalazi se zidna niša. Trim se jedva koristi.</p></div></div><div class='content-column one_half last_column'><div style="padding-right:0px;padding-left:6px;"><p><strong>Stupanj zaštite / Schutzstellung<br />
</strong>&#8211;</p>
<hr />
<p><strong>I</strong><strong>nfo</strong></p>
<p>Der Trim befindet sich zwischen Poljica und Zastražišće, nahe der Hauptstraße DC-119. Der zweistufige Trim in einem extensiv genutzten Weingarten ist an seiner linken Seite beschädigt. Die rechte Seite steckt in einem Steinhaufen. Im kreisrunden Innenraum findet sich eine Wandnische. Der Trim wird kaum mehr genutzt.</p></div></div><div class='clear_column'></div><div class='content-column one_half'><div style="padding-right:6px;"><div id="attachment_39546" style="width: 310px" class="wp-caption aligncenter"><img loading="lazy" decoding="async" aria-describedby="caption-attachment-39546" class="wp-image-39546 size-medium" src="https://www.topohvar.at/wp-content/uploads/2020/08/za-tr-09-17-300x300.jpg" alt="" width="300" height="300" srcset="https://www.topohvar.at/wp-content/uploads/2020/08/za-tr-09-17-300x300.jpg 300w, https://www.topohvar.at/wp-content/uploads/2020/08/za-tr-09-17-150x150.jpg 150w, https://www.topohvar.at/wp-content/uploads/2020/08/za-tr-09-17.jpg 450w" sizes="auto, (max-width: 300px) 100vw, 300px" /><p id="caption-attachment-39546" class="wp-caption-text">Ulaz / Eingang</p></div></div></div><div class='content-column one_half last_column'><div style="padding-right:0px;padding-left:6px;"><div id="attachment_39547" style="width: 310px" class="wp-caption aligncenter"><img loading="lazy" decoding="async" aria-describedby="caption-attachment-39547" class="wp-image-39547 size-medium" src="https://www.topohvar.at/wp-content/uploads/2020/08/za-tr-09-18-300x300.jpg" alt="" width="300" height="300" srcset="https://www.topohvar.at/wp-content/uploads/2020/08/za-tr-09-18-300x300.jpg 300w, https://www.topohvar.at/wp-content/uploads/2020/08/za-tr-09-18-150x150.jpg 150w, https://www.topohvar.at/wp-content/uploads/2020/08/za-tr-09-18.jpg 450w" sizes="auto, (max-width: 300px) 100vw, 300px" /><p id="caption-attachment-39547" class="wp-caption-text">Gornji prsten / oberer Ring</p></div></div></div><div class='clear_column'></div><div class='content-column one_half'><div style="padding-right:6px;"><p>Dana 23.07.2020 trim je posjećen i ustanovljeno je sljedeće:</p>
<p>Lokacija: vinograd<br />
Podloga: nakošena<br />
Povezan: uređenom kamenom gomilom<br />
Upotreba: malo se koristi<br />
Stanje: mali dijelovi su se srušili<br />
Broj stepenica trima: 2<br />
Dodatni kameni prsten: nema kamenog prstena<br />
Stepenište: nema<br />
Oblik kamena: uglast<br />
Područje ispred ulaza: lako dostupno<br />
Orijentacija ulaza: SI (40°)<br />
Promjer trima (cm): 370<br />
Visina trima (cm): 280<br />
Visina stepenica (cm): stepenica 1: 180 , stepenica 2: 260<br />
Debljina zida (cm): 80<br />
Širina vrata (cm): 70<br />
Visina vrata (cm): 105<br />
Širina unutra (cm): 200 &#8211; 210<br />
Visina unutra (cm): 250<br />
Volumen iznutra (m3): 5,16<br />
Niša 1 (P/Š/V/D) (cm): 100 / 35 / 40 / 60</p></div></div><div class='content-column one_half last_column'><div style="padding-right:0px;padding-left:6px;"><p>Am 23.07.2020 wurde der Trim besucht und näher untersucht:</p>
<p>Standort: Weingarten<br />
Untergrund: geneigt<br />
Verbunden mit: Steinhaufen geordnet<br />
Nutzung: kaum genutzt<br />
Zustand: Teile abgestürzt<br />
Anzahl der Trimstufen: 2<br />
Zusätzlicher Steinring: kein Steinring<br />
Stiege: keine<br />
Steinform: kantig<br />
Eingangsbereich: frei<br />
Eingangsseite: NO (40°)<br />
Trimdurchmesser (cm): 370<br />
Trimhöhe (cm): 280<br />
Höhe der Trimstufen (cm): Stufe 1: 180 , Stufe 2: 260<br />
Wandstärke (cm): 80<br />
Türbreite (cm): 70<br />
Türhöhe (cm): 105<br />
Innenraumbreite (cm): 200 &#8211; 210<br />
Innenraumhöhe (cm): 250<br />
Raumvolumen (m3): 5,16<br />
Nische 1 (P/B/H/T) (cm): 100 / 35 / 40 / 60</p></div></div><div class='clear_column'></div></p>
<p><img loading="lazy" decoding="async" class="aligncenter wp-image-40129 size-full" src="https://www.topohvar.at/wp-content/uploads/2020/08/za-tr-09-sca.jpg" alt="" width="640" height="972" srcset="https://www.topohvar.at/wp-content/uploads/2020/08/za-tr-09-sca.jpg 640w, https://www.topohvar.at/wp-content/uploads/2020/08/za-tr-09-sca-198x300.jpg 198w" sizes="auto, (max-width: 640px) 100vw, 640px" /></p>
<p style="text-align: right;"><a href="#seite_oben">natrag na vrh / Seitenanfang</a></p>
<hr />
<p><strong>Linkovi / Links</strong></p>
<p>&#8211;</p>

<p>Ime / Name Trim »ZA-TR-09« Code: ZA-TR-09                                         Adresa / Adresse Zastražišće Lokacija / Position Latitude: N 43,14550°   Longitude: E 16,80847° Visina &hellip; <a href="https://www.topohvar.at/topo/orte/za/za-tr-09-1/">Weiterlesen <span class="meta-nav">&rarr;</span></a></p>
