{"id":10818,"date":"2018-09-10T12:36:44","date_gmt":"2018-09-10T10:36:44","guid":{"rendered":"https:\/\/www.topohvar.at\/?page_id=10818"},"modified":"2021-12-05T18:19:06","modified_gmt":"2021-12-05T17:19:06","slug":"za-tr-04-1","status":"publish","type":"page","link":"https:\/\/www.topohvar.at\/topo\/orte\/za\/za-tr-04-1\/","title":{"rendered":"ZASTRA\u017dI\u0160\u0106E &#8211; Trim \u00bbZA-TR-04\u00ab"},"content":{"rendered":"<p><a name=\"seite_oben\"><\/a><br \/>\n<strong><img loading=\"lazy\" decoding=\"async\" class=\"aligncenter wp-image-39622 size-full\" src=\"https:\/\/www.topohvar.at\/wp-content\/uploads\/2020\/08\/za-tr-04-18.jpg\" alt=\"\" width=\"1080\" height=\"530\" srcset=\"https:\/\/www.topohvar.at\/wp-content\/uploads\/2020\/08\/za-tr-04-18.jpg 1080w, https:\/\/www.topohvar.at\/wp-content\/uploads\/2020\/08\/za-tr-04-18-300x147.jpg 300w, https:\/\/www.topohvar.at\/wp-content\/uploads\/2020\/08\/za-tr-04-18-1024x503.jpg 1024w, https:\/\/www.topohvar.at\/wp-content\/uploads\/2020\/08\/za-tr-04-18-768x377.jpg 768w\" sizes=\"auto, (max-width: 1080px) 100vw, 1080px\" \/><\/strong><\/p>\n<p><strong>Ime \/ Name<br \/>\n<\/strong>Trim \u00bbZA-TR-04\u00ab<\/p>\n<p><strong>Code: <\/strong>ZA-TR-04\u00a0 \u00a0 \u00a0 \u00a0 \u00a0 \u00a0 \u00a0 \u00a0 \u00a0 \u00a0 \u00a0 \u00a0 \u00a0 \u00a0 \u00a0 \u00a0 \u00a0 \u00a0 \u00a0 \u00a0\u00a0<strong><a href=\"https:\/\/www.topohvar.at\/orte\/za\/za-tr-00-00\/\"><img loading=\"lazy\" decoding=\"async\" class=\"alignnone wp-image-12300 size-full\" src=\"https:\/\/www.topohvar.at\/wp-content\/uploads\/2018\/09\/push-vor-30.jpg\" alt=\"\" width=\"61\" height=\"30\" \/><\/a> <a href=\"https:\/\/www.topohvar.at\/orte\/za\/za-tr-27-1\/\"><img loading=\"lazy\" decoding=\"async\" class=\"alignnone wp-image-533 size-full\" src=\"https:\/\/www.topohvar.at\/wp-content\/uploads\/2018\/07\/push-l-30.jpg\" alt=\"\" width=\"61\" height=\"30\" \/><\/a> <a href=\"https:\/\/www.topohvar.at\/orte\/za\/\"><img loading=\"lazy\" decoding=\"async\" class=\"alignnone wp-image-535 size-full\" src=\"https:\/\/www.topohvar.at\/wp-content\/uploads\/2018\/07\/push-o-30.jpg\" alt=\"\" width=\"61\" height=\"30\" \/><\/a> <a href=\"https:\/\/www.topohvar.at\/orte\/za\/za-tr-43-1\/\"><img loading=\"lazy\" decoding=\"async\" class=\"alignnone wp-image-536 size-full\" src=\"https:\/\/www.topohvar.at\/wp-content\/uploads\/2018\/07\/push-r-30.jpg\" alt=\"\" width=\"61\" height=\"30\" \/><\/a><\/strong><\/p>\n<hr \/>\n<p><strong>Adresa \/ Adresse<br \/>\n<\/strong>Zastra\u017ei\u0161\u0107e, put na uvala \/ am Weg zur Bucht Kjusna<\/p>\n<p><strong>Lokacija \/ Position<a href=\"https:\/\/goo.gl\/maps\/7hQqzxL8JDFE7Ugq9\"><img loading=\"lazy\" decoding=\"async\" class=\"alignright wp-image-11090\" src=\"https:\/\/www.topohvar.at\/wp-content\/uploads\/2018\/09\/0968.jpg\" alt=\"\" width=\"133\" height=\"100\" \/><\/a><br \/>\n<\/strong><span style=\"color: #3366ff;\"><a style=\"color: #3366ff;\" href=\"https:\/\/goo.gl\/maps\/7hQqzxL8JDFE7Ugq9\">Latitude: N 43,15454\u00b0\u00a0 \u00a0Longitude: E 16,86699\u00b0<\/a> <\/span><strong><br \/>\n<\/strong>Visina \/ H\u00f6he: 75 m<\/p>\n<p><strong>Katastarska \u010destica \/ Grundst\u00fccke<br \/>\n<\/strong>2909\/72\u00a0<div class='content-column one_half'><div style=\"padding-right:6px;\"><p><strong>Datum snimanja \/ Erfassungsdatum<br \/>\n<\/strong>16.05.2014 14:48:54<\/p>\n<hr \/>\n<p><strong>Informacije<\/strong><\/p>\n<p>Trim se nalazi sjeverno od Zastra\u017ei\u0161\u0107e, na putu za zaljev Kjusna u masliniku. Trim s jednom stepenicom integriran je u kameni zid koji se mo\u017ee penjati stepenicama s lijeve strane ulaza. Odatle se na krov trima mo\u017ee do\u0107i i putem konzolnog kamenja. U kru\u017enoj unutra\u0161njosti nalazi se zidna ni\u0161a. Trim je dobro o\u010duvan i jo\u0161 se uvijek koristi.<\/p><\/div><\/div><div class='content-column one_half last_column'><div style=\"padding-right:0px;padding-left:6px;\"><p><strong>Stupanj za\u0161tite \/ Schutzstellung<br \/>\n<\/strong>&#8211;<\/p>\n<hr \/>\n<p><strong>Info<\/strong><\/p>\n<p>Der Trim befindet sich n\u00f6rdlich von Zastra\u017ei\u0161\u0107e am Weg zur Bucht Kjusna in einem Olivengarten. Der einstufige Trim ist in eine Steinmauer integriert, die links vom Eingang \u00fcber Stufen erstiegen werden kann. Von dort aus kann \u00fcber Kragsteine auch das Dach des Trims erreicht werden. Im kreisrunden Inneren findet sich eine Wandnische. Der Trim ist gut erhalten und wird noch genutzt.<\/p><\/div><\/div><div class='clear_column'><\/div><div class='content-column one_half'><div style=\"padding-right:6px;\"><div id=\"attachment_39621\" style=\"width: 310px\" class=\"wp-caption aligncenter\"><img loading=\"lazy\" decoding=\"async\" aria-describedby=\"caption-attachment-39621\" class=\"wp-image-39621 size-medium\" src=\"https:\/\/www.topohvar.at\/wp-content\/uploads\/2020\/08\/za-tr-04-17-300x300.jpg\" alt=\"\" width=\"300\" height=\"300\" srcset=\"https:\/\/www.topohvar.at\/wp-content\/uploads\/2020\/08\/za-tr-04-17-300x300.jpg 300w, https:\/\/www.topohvar.at\/wp-content\/uploads\/2020\/08\/za-tr-04-17-150x150.jpg 150w, https:\/\/www.topohvar.at\/wp-content\/uploads\/2020\/08\/za-tr-04-17.jpg 450w\" sizes=\"auto, (max-width: 300px) 100vw, 300px\" \/><p id=\"caption-attachment-39621\" class=\"wp-caption-text\">Ulaz \/ Eingang<\/p><\/div><\/div><\/div><div class='content-column one_half last_column'><div style=\"padding-right:0px;padding-left:6px;\"><div id=\"attachment_39623\" style=\"width: 310px\" class=\"wp-caption aligncenter\"><img loading=\"lazy\" decoding=\"async\" aria-describedby=\"caption-attachment-39623\" class=\"wp-image-39623 size-medium\" src=\"https:\/\/www.topohvar.at\/wp-content\/uploads\/2020\/08\/za-tr-04-19-300x300.jpg\" alt=\"\" width=\"300\" height=\"300\" srcset=\"https:\/\/www.topohvar.at\/wp-content\/uploads\/2020\/08\/za-tr-04-19-300x300.jpg 300w, https:\/\/www.topohvar.at\/wp-content\/uploads\/2020\/08\/za-tr-04-19-150x150.jpg 150w, https:\/\/www.topohvar.at\/wp-content\/uploads\/2020\/08\/za-tr-04-19.jpg 450w\" sizes=\"auto, (max-width: 300px) 100vw, 300px\" \/><p id=\"caption-attachment-39623\" class=\"wp-caption-text\">Isto\u010dna strana \/ Ostseite<\/p><\/div><\/div><\/div><div class='clear_column'><\/div><div class='content-column one_half'><div style=\"padding-right:6px;\"><p>Dana 24.07.2020. trim je posje\u0107en i ustanovljeno je sljede\u0107e:<\/p>\n<p>Lokacija: maslinik<br \/>\nPodloga: ravan<br \/>\nPovezan s: kamenim zidom<br \/>\nUpotreba: koristi se<br \/>\nStanje: vrlo dobro sa\u010duvan<br \/>\nBroj stepenice trima: 1<br \/>\nDodatni kameni prsten: kameni prsten djelomi\u010dno<br \/>\nStepeni\u0161te: Stube i konzole stepenice<br \/>\nOblik kamena: uglast<br \/>\nPodru\u010dje ispred ulaza: lako dostupno<br \/>\nOrijentacija ulaza: SZ (320\u00b0)<br \/>\nPromjer trima (cm): 360<br \/>\nVisina trima (cm): 290<br \/>\nVisina stepenice (cm): 250<br \/>\nDebljina zida (cm): 80<br \/>\n\u0160irina vrata (cm): 60<br \/>\nVisina vrata (cm): 100<br \/>\n\u0160irina unutra (cm): 200<br \/>\nVisina unutra (cm): 250<br \/>\nVolumen iznutra (m3): 4,82<br \/>\nNi\u0161a 1 (P\/\u0160\/V\/D) (cm): 70 \/ 25 \/ 25 \/ 40<\/p><\/div><\/div><div class='content-column one_half last_column'><div style=\"padding-right:0px;padding-left:6px;\"><p>Am 24.07.2020 wurde der Trim besucht und n\u00e4her untersucht<\/p>\n<p>Standort: Olivenhain<br \/>\nUntergrund: eben<br \/>\nVerbunden mit: Steinmauer<br \/>\nNutzung: genutzt<br \/>\nZustand: sehr gut erhalten<br \/>\nAnzahl der Stufen des Trims: 1<br \/>\nZus\u00e4tzlicher Steinring: kein Steinring<br \/>\nStiege: Stufen und Kragsteine<br \/>\nSteinform: kantig<br \/>\nEingangsbereich: frei<br \/>\nEingangsseite: NW (320\u00b0)<br \/>\nTrimdurchmesser (cm): 360<br \/>\nTrimh\u00f6he (cm): 290<br \/>\nStufenh\u00f6he (cm): 250<br \/>\nWandst\u00e4rke (cm): 80<br \/>\nT\u00fcrbreite (cm): 60<br \/>\nT\u00fcrh\u00f6he (cm): 100<br \/>\nInnenraumbreite (cm): 200<br \/>\nInnenraumh\u00f6he (cm): 250<br \/>\nRaumvolumen (m3): 4,82<br \/>\nNische 1 (P\/B\/H\/T) (cm): 70 \/ 25 \/ 25 \/ 40<\/p><\/div><\/div><div class='clear_column'><\/div><\/p>\n<p><img loading=\"lazy\" decoding=\"async\" class=\"alignleft size-full wp-image-40109\" src=\"https:\/\/www.topohvar.at\/wp-content\/uploads\/2020\/08\/za-tr-04-sca.jpg\" alt=\"\" width=\"640\" height=\"970\" srcset=\"https:\/\/www.topohvar.at\/wp-content\/uploads\/2020\/08\/za-tr-04-sca.jpg 640w, https:\/\/www.topohvar.at\/wp-content\/uploads\/2020\/08\/za-tr-04-sca-198x300.jpg 198w\" sizes=\"auto, (max-width: 640px) 100vw, 640px\" \/><\/p>\n<p style=\"text-align: right;\"><a href=\"#seite_oben\">natrag na vrh \/ Seitenanfang<\/a><\/p>\n<hr \/>\n<p><strong>Linkovi \/ Links<\/strong><\/p>\n<p>&#8211;<\/p>\n","protected":false},"excerpt":{"rendered":"<p>Ime \/ Name Trim \u00bbZA-TR-04\u00ab Code: ZA-TR-04\u00a0 \u00a0 \u00a0 \u00a0 \u00a0 \u00a0 \u00a0 \u00a0 \u00a0 \u00a0 \u00a0 \u00a0 \u00a0 \u00a0 \u00a0 \u00a0 \u00a0 \u00a0 \u00a0 \u00a0\u00a0 Adresa \/ Adresse Zastra\u017ei\u0161\u0107e, put na uvala \/ am Weg zur Bucht Kjusna Lokacija &hellip; <a href=\"https:\/\/www.topohvar.at\/topo\/orte\/za\/za-tr-04-1\/\">Weiterlesen <span class=\"meta-nav\">&rarr;<\/span><\/a><\/p>\n","protected":false},"author":1,"featured_media":0,"parent":115,"menu_order":0,"comment_status":"closed","ping_status":"closed","template":"","meta":{"footnotes":""},"class_list":["post-10818","page","type-page","status-publish","hentry"],"_links":{"self":[{"href":"https:\/\/www.topohvar.at\/topo\/wp-json\/wp\/v2\/pages\/10818","targetHints":{"allow":["GET"]}}],"collection":[{"href":"https:\/\/www.topohvar.at\/topo\/wp-json\/wp\/v2\/pages"}],"about":[{"href":"https:\/\/www.topohvar.at\/topo\/wp-json\/wp\/v2\/types\/page"}],"author":[{"embeddable":true,"href":"https:\/\/www.topohvar.at\/topo\/wp-json\/wp\/v2\/users\/1"}],"replies":[{"embeddable":true,"href":"https:\/\/www.topohvar.at\/topo\/wp-json\/wp\/v2\/comments?post=10818"}],"version-history":[{"count":15,"href":"https:\/\/www.topohvar.at\/topo\/wp-json\/wp\/v2\/pages\/10818\/revisions"}],"predecessor-version":[{"id":54780,"href":"https:\/\/www.topohvar.at\/topo\/wp-json\/wp\/v2\/pages\/10818\/revisions\/54780"}],"up":[{"embeddable":true,"href":"https:\/\/www.topohvar.at\/topo\/wp-json\/wp\/v2\/pages\/115"}],"wp:attachment":[{"href":"https:\/\/www.topohvar.at\/topo\/wp-json\/wp\/v2\/media?parent=10818"}],"curies":[{"name":"wp","href":"https:\/\/api.w.org\/{rel}","templated":true}]}}

ZASTRAŽIŠĆE &#8211; Trim »ZA-TR-04«

<p><a name="seite_oben"></a><br />
<strong><img loading="lazy" decoding="async" class="aligncenter wp-image-39622 size-full" src="https://www.topohvar.at/wp-content/uploads/2020/08/za-tr-04-18.jpg" alt="" width="1080" height="530" srcset="https://www.topohvar.at/wp-content/uploads/2020/08/za-tr-04-18.jpg 1080w, https://www.topohvar.at/wp-content/uploads/2020/08/za-tr-04-18-300x147.jpg 300w, https://www.topohvar.at/wp-content/uploads/2020/08/za-tr-04-18-1024x503.jpg 1024w, https://www.topohvar.at/wp-content/uploads/2020/08/za-tr-04-18-768x377.jpg 768w" sizes="auto, (max-width: 1080px) 100vw, 1080px" /></strong></p>
<p><strong>Ime / Name<br />
</strong>Trim »ZA-TR-04«</p>
<p><strong>Code: </strong>ZA-TR-04                                        <strong><a href="https://www.topohvar.at/orte/za/za-tr-00-00/"><img loading="lazy" decoding="async" class="alignnone wp-image-12300 size-full" src="https://www.topohvar.at/wp-content/uploads/2018/09/push-vor-30.jpg" alt="" width="61" height="30" /></a> <a href="https://www.topohvar.at/orte/za/za-tr-27-1/"><img loading="lazy" decoding="async" class="alignnone wp-image-533 size-full" src="https://www.topohvar.at/wp-content/uploads/2018/07/push-l-30.jpg" alt="" width="61" height="30" /></a> <a href="https://www.topohvar.at/orte/za/"><img loading="lazy" decoding="async" class="alignnone wp-image-535 size-full" src="https://www.topohvar.at/wp-content/uploads/2018/07/push-o-30.jpg" alt="" width="61" height="30" /></a> <a href="https://www.topohvar.at/orte/za/za-tr-43-1/"><img loading="lazy" decoding="async" class="alignnone wp-image-536 size-full" src="https://www.topohvar.at/wp-content/uploads/2018/07/push-r-30.jpg" alt="" width="61" height="30" /></a></strong></p>
<hr />
<p><strong>Adresa / Adresse<br />
</strong>Zastražišće, put na uvala / am Weg zur Bucht Kjusna</p>
<p><strong>Lokacija / Position<a href="https://goo.gl/maps/7hQqzxL8JDFE7Ugq9"><img loading="lazy" decoding="async" class="alignright wp-image-11090" src="https://www.topohvar.at/wp-content/uploads/2018/09/0968.jpg" alt="" width="133" height="100" /></a><br />
</strong><span style="color: #3366ff;"><a style="color: #3366ff;" href="https://goo.gl/maps/7hQqzxL8JDFE7Ugq9">Latitude: N 43,15454°   Longitude: E 16,86699°</a> </span><strong><br />
</strong>Visina / Höhe: 75 m</p>
<p><strong>Katastarska čestica / Grundstücke<br />
</strong>2909/72 <div class='content-column one_half'><div style="padding-right:6px;"><p><strong>Datum snimanja / Erfassungsdatum<br />
</strong>16.05.2014 14:48:54</p>
<hr />
<p><strong>Informacije</strong></p>
<p>Trim se nalazi sjeverno od Zastražišće, na putu za zaljev Kjusna u masliniku. Trim s jednom stepenicom integriran je u kameni zid koji se može penjati stepenicama s lijeve strane ulaza. Odatle se na krov trima može doći i putem konzolnog kamenja. U kružnoj unutrašnjosti nalazi se zidna niša. Trim je dobro očuvan i još se uvijek koristi.</p></div></div><div class='content-column one_half last_column'><div style="padding-right:0px;padding-left:6px;"><p><strong>Stupanj zaštite / Schutzstellung<br />
</strong>&#8211;</p>
<hr />
<p><strong>Info</strong></p>
<p>Der Trim befindet sich nördlich von Zastražišće am Weg zur Bucht Kjusna in einem Olivengarten. Der einstufige Trim ist in eine Steinmauer integriert, die links vom Eingang über Stufen erstiegen werden kann. Von dort aus kann über Kragsteine auch das Dach des Trims erreicht werden. Im kreisrunden Inneren findet sich eine Wandnische. Der Trim ist gut erhalten und wird noch genutzt.</p></div></div><div class='clear_column'></div><div class='content-column one_half'><div style="padding-right:6px;"><div id="attachment_39621" style="width: 310px" class="wp-caption aligncenter"><img loading="lazy" decoding="async" aria-describedby="caption-attachment-39621" class="wp-image-39621 size-medium" src="https://www.topohvar.at/wp-content/uploads/2020/08/za-tr-04-17-300x300.jpg" alt="" width="300" height="300" srcset="https://www.topohvar.at/wp-content/uploads/2020/08/za-tr-04-17-300x300.jpg 300w, https://www.topohvar.at/wp-content/uploads/2020/08/za-tr-04-17-150x150.jpg 150w, https://www.topohvar.at/wp-content/uploads/2020/08/za-tr-04-17.jpg 450w" sizes="auto, (max-width: 300px) 100vw, 300px" /><p id="caption-attachment-39621" class="wp-caption-text">Ulaz / Eingang</p></div></div></div><div class='content-column one_half last_column'><div style="padding-right:0px;padding-left:6px;"><div id="attachment_39623" style="width: 310px" class="wp-caption aligncenter"><img loading="lazy" decoding="async" aria-describedby="caption-attachment-39623" class="wp-image-39623 size-medium" src="https://www.topohvar.at/wp-content/uploads/2020/08/za-tr-04-19-300x300.jpg" alt="" width="300" height="300" srcset="https://www.topohvar.at/wp-content/uploads/2020/08/za-tr-04-19-300x300.jpg 300w, https://www.topohvar.at/wp-content/uploads/2020/08/za-tr-04-19-150x150.jpg 150w, https://www.topohvar.at/wp-content/uploads/2020/08/za-tr-04-19.jpg 450w" sizes="auto, (max-width: 300px) 100vw, 300px" /><p id="caption-attachment-39623" class="wp-caption-text">Istočna strana / Ostseite</p></div></div></div><div class='clear_column'></div><div class='content-column one_half'><div style="padding-right:6px;"><p>Dana 24.07.2020. trim je posjećen i ustanovljeno je sljedeće:</p>
<p>Lokacija: maslinik<br />
Podloga: ravan<br />
Povezan s: kamenim zidom<br />
Upotreba: koristi se<br />
Stanje: vrlo dobro sačuvan<br />
Broj stepenice trima: 1<br />
Dodatni kameni prsten: kameni prsten djelomično<br />
Stepenište: Stube i konzole stepenice<br />
Oblik kamena: uglast<br />
Područje ispred ulaza: lako dostupno<br />
Orijentacija ulaza: SZ (320°)<br />
Promjer trima (cm): 360<br />
Visina trima (cm): 290<br />
Visina stepenice (cm): 250<br />
Debljina zida (cm): 80<br />
Širina vrata (cm): 60<br />
Visina vrata (cm): 100<br />
Širina unutra (cm): 200<br />
Visina unutra (cm): 250<br />
Volumen iznutra (m3): 4,82<br />
Niša 1 (P/Š/V/D) (cm): 70 / 25 / 25 / 40</p></div></div><div class='content-column one_half last_column'><div style="padding-right:0px;padding-left:6px;"><p>Am 24.07.2020 wurde der Trim besucht und näher untersucht</p>
<p>Standort: Olivenhain<br />
Untergrund: eben<br />
Verbunden mit: Steinmauer<br />
Nutzung: genutzt<br />
Zustand: sehr gut erhalten<br />
Anzahl der Stufen des Trims: 1<br />
Zusätzlicher Steinring: kein Steinring<br />
Stiege: Stufen und Kragsteine<br />
Steinform: kantig<br />
Eingangsbereich: frei<br />
Eingangsseite: NW (320°)<br />
Trimdurchmesser (cm): 360<br />
Trimhöhe (cm): 290<br />
Stufenhöhe (cm): 250<br />
Wandstärke (cm): 80<br />
Türbreite (cm): 60<br />
Türhöhe (cm): 100<br />
Innenraumbreite (cm): 200<br />
Innenraumhöhe (cm): 250<br />
Raumvolumen (m3): 4,82<br />
Nische 1 (P/B/H/T) (cm): 70 / 25 / 25 / 40</p></div></div><div class='clear_column'></div></p>
<p><img loading="lazy" decoding="async" class="alignleft size-full wp-image-40109" src="https://www.topohvar.at/wp-content/uploads/2020/08/za-tr-04-sca.jpg" alt="" width="640" height="970" srcset="https://www.topohvar.at/wp-content/uploads/2020/08/za-tr-04-sca.jpg 640w, https://www.topohvar.at/wp-content/uploads/2020/08/za-tr-04-sca-198x300.jpg 198w" sizes="auto, (max-width: 640px) 100vw, 640px" /></p>
<p style="text-align: right;"><a href="#seite_oben">natrag na vrh / Seitenanfang</a></p>
<hr />
<p><strong>Linkovi / Links</strong></p>
<p>&#8211;</p>

<p>Ime / Name Trim »ZA-TR-04« Code: ZA-TR-04                                         Adresa / Adresse Zastražišće, put na uvala / am Weg zur Bucht Kjusna Lokacija &hellip; <a href="https://www.topohvar.at/topo/orte/za/za-tr-04-1/">Weiterlesen <span class="meta-nav">&rarr;</span></a></p>
