{"id":10824,"date":"2018-09-10T12:41:23","date_gmt":"2018-09-10T10:41:23","guid":{"rendered":"https:\/\/www.topohvar.at\/?page_id=10824"},"modified":"2021-12-05T18:30:15","modified_gmt":"2021-12-05T17:30:15","slug":"za-tr-11-1","status":"publish","type":"page","link":"https:\/\/www.topohvar.at\/topo\/orte\/za\/za-tr-11-1\/","title":{"rendered":"ZASTRA\u017dI\u0160\u0106E &#8211; Trim \u00bbZA-TR-11\u00ab"},"content":{"rendered":"<p><a name=\"seite_oben\"><\/a><br \/>\n<strong><img loading=\"lazy\" decoding=\"async\" class=\"alignnone wp-image-10684 size-large\" src=\"https:\/\/www.topohvar.at\/wp-content\/uploads\/2018\/09\/za-tr-11-0-1024x503.jpg\" alt=\"\" width=\"640\" height=\"314\" srcset=\"https:\/\/www.topohvar.at\/wp-content\/uploads\/2018\/09\/za-tr-11-0-1024x503.jpg 1024w, https:\/\/www.topohvar.at\/wp-content\/uploads\/2018\/09\/za-tr-11-0-300x147.jpg 300w, https:\/\/www.topohvar.at\/wp-content\/uploads\/2018\/09\/za-tr-11-0-768x377.jpg 768w, https:\/\/www.topohvar.at\/wp-content\/uploads\/2018\/09\/za-tr-11-0.jpg 1080w\" sizes=\"auto, (max-width: 640px) 100vw, 640px\" \/><\/strong><\/p>\n<p><strong>Ime \/ Name<br \/>\n<\/strong>Trim \u00bbZA-TR-11\u00ab<\/p>\n<p><strong>Code: <\/strong>ZA-TR-11\u00a0 \u00a0 \u00a0 \u00a0 \u00a0 \u00a0 \u00a0 \u00a0 \u00a0 \u00a0 \u00a0 \u00a0 \u00a0 \u00a0 \u00a0 \u00a0 \u00a0 \u00a0 \u00a0 \u00a0 <a href=\"https:\/\/www.topohvar.at\/orte\/za\/za-tr-00-00\/\"><img loading=\"lazy\" decoding=\"async\" class=\"alignnone wp-image-12300 size-full\" src=\"https:\/\/www.topohvar.at\/wp-content\/uploads\/2018\/09\/push-vor-30.jpg\" alt=\"\" width=\"61\" height=\"30\" \/><\/a>\u00a0<strong><a href=\"https:\/\/www.topohvar.at\/orte\/za\/za-tr-12-1\/\"><img loading=\"lazy\" decoding=\"async\" class=\"alignnone wp-image-533 size-full\" src=\"https:\/\/www.topohvar.at\/wp-content\/uploads\/2018\/07\/push-l-30.jpg\" alt=\"\" width=\"61\" height=\"30\" \/><\/a> <a href=\"https:\/\/www.topohvar.at\/orte\/za\/\"><img loading=\"lazy\" decoding=\"async\" class=\"alignnone wp-image-535 size-full\" src=\"https:\/\/www.topohvar.at\/wp-content\/uploads\/2018\/07\/push-o-30.jpg\" alt=\"\" width=\"61\" height=\"30\" \/><\/a> <a href=\"https:\/\/www.topohvar.at\/orte\/za\/za-tr-93-1\/\"><img loading=\"lazy\" decoding=\"async\" class=\"alignnone wp-image-536 size-full\" src=\"https:\/\/www.topohvar.at\/wp-content\/uploads\/2018\/07\/push-r-30.jpg\" alt=\"\" width=\"61\" height=\"30\" \/><\/a><\/strong><\/p>\n<hr \/>\n<p><strong>Adresa \/ Adresse<br \/>\n<\/strong>Zastra\u017ei\u0161\u0107e, Vrh<\/p>\n<p><strong>Lokacija \/ Position<a href=\"https:\/\/goo.gl\/maps\/Z3CcFJFrRfbm9LN68\"><img loading=\"lazy\" decoding=\"async\" class=\"alignright wp-image-11098\" src=\"https:\/\/www.topohvar.at\/wp-content\/uploads\/2018\/09\/0975.jpg\" alt=\"\" width=\"133\" height=\"100\" \/><\/a><br \/>\n<\/strong><span style=\"color: #3366ff;\"><a style=\"color: #3366ff;\" href=\"https:\/\/goo.gl\/maps\/Z3CcFJFrRfbm9LN68\">Latitude: N 43,13449\u00b0\u00a0 \u00a0Longitude: E 16,83791\u00b0<\/a> <\/span><strong><br \/>\n<\/strong>Visina \/ H\u00f6he: 309 m<\/p>\n<p><strong>Katastarska \u010destica \/ Grundst\u00fccke<br \/>\n<\/strong>1957\/2 <div class='content-column one_half'><div style=\"padding-right:6px;\"><p><strong>Datum snimanja \/ Erfassungsdatum<br \/>\n<\/strong>19.09.2015 10:32:24<\/p>\n<hr \/>\n<p><strong>Informacije<\/strong><\/p>\n<p>Trim se nalazi na stazi koja se odvaja od glavne ceste DC-116 isto\u010dno od Grudca i vodi gore prema Humca. Trim s jednom stepenicom integriran je u kameni zid. Prednji mu je ravan, lijevi kut je klinast. U kru\u017enoj unutra\u0161njosti nalazi se zidna ni\u0161a. Trim je vrlo dobro o\u010duvan, ali se rijetko koristi. Nedostaje pokrovna plo\u010da na krovu.<\/p><\/div><\/div><div class='content-column one_half last_column'><div style=\"padding-right:0px;padding-left:6px;\"><p><strong>Stupanj za\u0161tite \/ Schutzstellung<br \/>\n<\/strong>&#8211;<\/p>\n<hr \/>\n<p><strong>Info<\/strong><\/p>\n<p>Der Trim befindet sich am Weg, der \u00f6stlich von Grudac von der Hauptstra\u00dfe DC-116 abzweigt und hinauf nach Humac f\u00fchrt.\u00a0 Der einstufige Trim ist in einer Steinmauer integriert. Seine Vorderseite ist gerade, die linke Ecke keilf\u00f6rmig ausgebildet. Im kreisf\u00f6rmigen Innenraum findet sich eine Wandnische. Der Trim ist sehr gut erhalten, wird aber kaum noch genutzt. Die Abdeckplatte am Dach fehlt.<\/p><\/div><\/div><div class='clear_column'><\/div><div class='content-column one_half'><div style=\"padding-right:6px;\"><div id=\"attachment_39519\" style=\"width: 310px\" class=\"wp-caption aligncenter\"><img loading=\"lazy\" decoding=\"async\" aria-describedby=\"caption-attachment-39519\" class=\"wp-image-39519 size-medium\" src=\"https:\/\/www.topohvar.at\/wp-content\/uploads\/2020\/08\/za-tr-11-10-300x300.jpg\" alt=\"\" width=\"300\" height=\"300\" srcset=\"https:\/\/www.topohvar.at\/wp-content\/uploads\/2020\/08\/za-tr-11-10-300x300.jpg 300w, https:\/\/www.topohvar.at\/wp-content\/uploads\/2020\/08\/za-tr-11-10-150x150.jpg 150w, https:\/\/www.topohvar.at\/wp-content\/uploads\/2020\/08\/za-tr-11-10.jpg 450w\" sizes=\"auto, (max-width: 300px) 100vw, 300px\" \/><p id=\"caption-attachment-39519\" class=\"wp-caption-text\">Ulaz \/ Eingang<\/p><\/div><\/div><\/div><div class='content-column one_half last_column'><div style=\"padding-right:0px;padding-left:6px;\"><div id=\"attachment_39520\" style=\"width: 310px\" class=\"wp-caption aligncenter\"><img loading=\"lazy\" decoding=\"async\" aria-describedby=\"caption-attachment-39520\" class=\"wp-image-39520 size-medium\" src=\"https:\/\/www.topohvar.at\/wp-content\/uploads\/2020\/08\/za-tr-11-19-300x300.jpg\" alt=\"\" width=\"300\" height=\"300\" srcset=\"https:\/\/www.topohvar.at\/wp-content\/uploads\/2020\/08\/za-tr-11-19-300x300.jpg 300w, https:\/\/www.topohvar.at\/wp-content\/uploads\/2020\/08\/za-tr-11-19-150x150.jpg 150w, https:\/\/www.topohvar.at\/wp-content\/uploads\/2020\/08\/za-tr-11-19.jpg 450w\" sizes=\"auto, (max-width: 300px) 100vw, 300px\" \/><p id=\"caption-attachment-39520\" class=\"wp-caption-text\">Krov kupole \/ Kuppeldach<\/p><\/div><\/div><\/div><div class='clear_column'><\/div><div class='content-column one_half'><div style=\"padding-right:6px;\"><p>Dana 22.07.2020. trim je posje\u0107en i ustanovljeno je sljede\u0107e:<\/p>\n<p>Lokacija: livada, pa\u0161njak<br \/>\nPodloga: nako\u0161ena<br \/>\nPovezan s: kamenim zidom<br \/>\nUpotreba: ne koristi se<br \/>\nStanje: vrlo dobro sa\u010duvan<br \/>\nBroj stepenice trima: 1<br \/>\nDodatni kameni prsten: nema kamenog prstena<br \/>\nStepeni\u0161te: nema<br \/>\nOblik kamena: uglast<br \/>\nPodru\u010dje ispred ulaza: lako dostupni<br \/>\nOrijentacija ulaza: S (20\u00b0)<br \/>\nPromjer trima (cm): 320<br \/>\nVisina trima (cm): 220<br \/>\nVisina stepenica (cm): 165<br \/>\nDebljina zida (cm): 70<br \/>\n\u0160irina vrata (cm): 55<br \/>\nVisina vrata (cm): 110<br \/>\n\u0160irina unutra (cm): 170 &#8211; 180<br \/>\nVisina unutra (cm): 200<br \/>\nVolumen iznutra (m3): 3,37<br \/>\nNi\u0161a 1 (P\/\u0160\/V\/D) (cm): 60 \/ 25 \/ 25 \/ 40<\/p><\/div><\/div><div class='content-column one_half last_column'><div style=\"padding-right:0px;padding-left:6px;\"><p>Am 22.07.2020 wurde der Trim besucht und n\u00e4her untersucht:<\/p>\n<p>Standort: Wiese, Weide<br \/>\nUntergrund: geneigt<br \/>\nVerbunden mit: Steinmauer<br \/>\nNutzung: ungenutzt<br \/>\nZustand: sehr gut erhalten<br \/>\nAnzahl der Stufen des Trims: 1<br \/>\nZus\u00e4tzlicher Steinring: kein Steinring<br \/>\nStiege: keine<br \/>\nSteinform: kantig<br \/>\nEingangsbereich: frei<br \/>\nEingangsseite: N (20\u00b0)<br \/>\nTrimdurchmesser (cm): 320<br \/>\nTrimh\u00f6he (cm): 220<br \/>\nStufenh\u00f6he (cm): 165<br \/>\nWandst\u00e4rke (cm): 70<br \/>\nT\u00fcrbreite (cm): 55<br \/>\nT\u00fcrh\u00f6he (cm): 110<br \/>\nInnenraumbreite (cm): 170 &#8211; 180<br \/>\nInnenraumh\u00f6he (cm): 200<br \/>\nRaumvolumen (m3): 3,37<br \/>\nNische 1 (P\/B\/H\/T) (cm): 60 \/ 25 \/ 25 \/ 40<\/p><\/div><\/div><div class='clear_column'><\/div><\/p>\n<p><img loading=\"lazy\" decoding=\"async\" class=\"aligncenter size-full wp-image-40137\" src=\"https:\/\/www.topohvar.at\/wp-content\/uploads\/2020\/08\/za-tr-11-sca.jpg\" alt=\"\" width=\"640\" height=\"973\" srcset=\"https:\/\/www.topohvar.at\/wp-content\/uploads\/2020\/08\/za-tr-11-sca.jpg 640w, https:\/\/www.topohvar.at\/wp-content\/uploads\/2020\/08\/za-tr-11-sca-197x300.jpg 197w\" sizes=\"auto, (max-width: 640px) 100vw, 640px\" \/><\/p>\n<p><img loading=\"lazy\" decoding=\"async\" class=\"aligncenter size-full wp-image-40406\" src=\"https:\/\/www.topohvar.at\/wp-content\/uploads\/2020\/08\/za-tr-11-12.jpg\" alt=\"\" width=\"1080\" height=\"530\" srcset=\"https:\/\/www.topohvar.at\/wp-content\/uploads\/2020\/08\/za-tr-11-12.jpg 1080w, https:\/\/www.topohvar.at\/wp-content\/uploads\/2020\/08\/za-tr-11-12-300x147.jpg 300w, https:\/\/www.topohvar.at\/wp-content\/uploads\/2020\/08\/za-tr-11-12-1024x503.jpg 1024w, https:\/\/www.topohvar.at\/wp-content\/uploads\/2020\/08\/za-tr-11-12-768x377.jpg 768w\" sizes=\"auto, (max-width: 1080px) 100vw, 1080px\" \/><\/p>\n<p style=\"text-align: right;\"><a href=\"#seite_oben\">natrag na vrh \/ Seitenanfang<\/a><\/p>\n<hr \/>\n<p><strong>Linkovi \/ Links<\/strong><\/p>\n<p>&#8211;<\/p>\n","protected":false},"excerpt":{"rendered":"<p>Ime \/ Name Trim \u00bbZA-TR-11\u00ab Code: ZA-TR-11\u00a0 \u00a0 \u00a0 \u00a0 \u00a0 \u00a0 \u00a0 \u00a0 \u00a0 \u00a0 \u00a0 \u00a0 \u00a0 \u00a0 \u00a0 \u00a0 \u00a0 \u00a0 \u00a0 \u00a0 \u00a0 Adresa \/ Adresse Zastra\u017ei\u0161\u0107e, Vrh Lokacija \/ Position Latitude: N 43,13449\u00b0\u00a0 \u00a0Longitude: E &hellip; <a href=\"https:\/\/www.topohvar.at\/topo\/orte\/za\/za-tr-11-1\/\">Weiterlesen <span class=\"meta-nav\">&rarr;<\/span><\/a><\/p>\n","protected":false},"author":1,"featured_media":0,"parent":115,"menu_order":0,"comment_status":"closed","ping_status":"closed","template":"","meta":{"footnotes":""},"class_list":["post-10824","page","type-page","status-publish","hentry"],"_links":{"self":[{"href":"https:\/\/www.topohvar.at\/topo\/wp-json\/wp\/v2\/pages\/10824","targetHints":{"allow":["GET"]}}],"collection":[{"href":"https:\/\/www.topohvar.at\/topo\/wp-json\/wp\/v2\/pages"}],"about":[{"href":"https:\/\/www.topohvar.at\/topo\/wp-json\/wp\/v2\/types\/page"}],"author":[{"embeddable":true,"href":"https:\/\/www.topohvar.at\/topo\/wp-json\/wp\/v2\/users\/1"}],"replies":[{"embeddable":true,"href":"https:\/\/www.topohvar.at\/topo\/wp-json\/wp\/v2\/comments?post=10824"}],"version-history":[{"count":15,"href":"https:\/\/www.topohvar.at\/topo\/wp-json\/wp\/v2\/pages\/10824\/revisions"}],"predecessor-version":[{"id":54811,"href":"https:\/\/www.topohvar.at\/topo\/wp-json\/wp\/v2\/pages\/10824\/revisions\/54811"}],"up":[{"embeddable":true,"href":"https:\/\/www.topohvar.at\/topo\/wp-json\/wp\/v2\/pages\/115"}],"wp:attachment":[{"href":"https:\/\/www.topohvar.at\/topo\/wp-json\/wp\/v2\/media?parent=10824"}],"curies":[{"name":"wp","href":"https:\/\/api.w.org\/{rel}","templated":true}]}}

ZASTRAŽIŠĆE &#8211; Trim »ZA-TR-11«

<p><a name="seite_oben"></a><br />
<strong><img loading="lazy" decoding="async" class="alignnone wp-image-10684 size-large" src="https://www.topohvar.at/wp-content/uploads/2018/09/za-tr-11-0-1024x503.jpg" alt="" width="640" height="314" srcset="https://www.topohvar.at/wp-content/uploads/2018/09/za-tr-11-0-1024x503.jpg 1024w, https://www.topohvar.at/wp-content/uploads/2018/09/za-tr-11-0-300x147.jpg 300w, https://www.topohvar.at/wp-content/uploads/2018/09/za-tr-11-0-768x377.jpg 768w, https://www.topohvar.at/wp-content/uploads/2018/09/za-tr-11-0.jpg 1080w" sizes="auto, (max-width: 640px) 100vw, 640px" /></strong></p>
<p><strong>Ime / Name<br />
</strong>Trim »ZA-TR-11«</p>
<p><strong>Code: </strong>ZA-TR-11                                        <a href="https://www.topohvar.at/orte/za/za-tr-00-00/"><img loading="lazy" decoding="async" class="alignnone wp-image-12300 size-full" src="https://www.topohvar.at/wp-content/uploads/2018/09/push-vor-30.jpg" alt="" width="61" height="30" /></a> <strong><a href="https://www.topohvar.at/orte/za/za-tr-12-1/"><img loading="lazy" decoding="async" class="alignnone wp-image-533 size-full" src="https://www.topohvar.at/wp-content/uploads/2018/07/push-l-30.jpg" alt="" width="61" height="30" /></a> <a href="https://www.topohvar.at/orte/za/"><img loading="lazy" decoding="async" class="alignnone wp-image-535 size-full" src="https://www.topohvar.at/wp-content/uploads/2018/07/push-o-30.jpg" alt="" width="61" height="30" /></a> <a href="https://www.topohvar.at/orte/za/za-tr-93-1/"><img loading="lazy" decoding="async" class="alignnone wp-image-536 size-full" src="https://www.topohvar.at/wp-content/uploads/2018/07/push-r-30.jpg" alt="" width="61" height="30" /></a></strong></p>
<hr />
<p><strong>Adresa / Adresse<br />
</strong>Zastražišće, Vrh</p>
<p><strong>Lokacija / Position<a href="https://goo.gl/maps/Z3CcFJFrRfbm9LN68"><img loading="lazy" decoding="async" class="alignright wp-image-11098" src="https://www.topohvar.at/wp-content/uploads/2018/09/0975.jpg" alt="" width="133" height="100" /></a><br />
</strong><span style="color: #3366ff;"><a style="color: #3366ff;" href="https://goo.gl/maps/Z3CcFJFrRfbm9LN68">Latitude: N 43,13449°   Longitude: E 16,83791°</a> </span><strong><br />
</strong>Visina / Höhe: 309 m</p>
<p><strong>Katastarska čestica / Grundstücke<br />
</strong>1957/2 <div class='content-column one_half'><div style="padding-right:6px;"><p><strong>Datum snimanja / Erfassungsdatum<br />
</strong>19.09.2015 10:32:24</p>
<hr />
<p><strong>Informacije</strong></p>
<p>Trim se nalazi na stazi koja se odvaja od glavne ceste DC-116 istočno od Grudca i vodi gore prema Humca. Trim s jednom stepenicom integriran je u kameni zid. Prednji mu je ravan, lijevi kut je klinast. U kružnoj unutrašnjosti nalazi se zidna niša. Trim je vrlo dobro očuvan, ali se rijetko koristi. Nedostaje pokrovna ploča na krovu.</p></div></div><div class='content-column one_half last_column'><div style="padding-right:0px;padding-left:6px;"><p><strong>Stupanj zaštite / Schutzstellung<br />
</strong>&#8211;</p>
<hr />
<p><strong>Info</strong></p>
<p>Der Trim befindet sich am Weg, der östlich von Grudac von der Hauptstraße DC-116 abzweigt und hinauf nach Humac führt.  Der einstufige Trim ist in einer Steinmauer integriert. Seine Vorderseite ist gerade, die linke Ecke keilförmig ausgebildet. Im kreisförmigen Innenraum findet sich eine Wandnische. Der Trim ist sehr gut erhalten, wird aber kaum noch genutzt. Die Abdeckplatte am Dach fehlt.</p></div></div><div class='clear_column'></div><div class='content-column one_half'><div style="padding-right:6px;"><div id="attachment_39519" style="width: 310px" class="wp-caption aligncenter"><img loading="lazy" decoding="async" aria-describedby="caption-attachment-39519" class="wp-image-39519 size-medium" src="https://www.topohvar.at/wp-content/uploads/2020/08/za-tr-11-10-300x300.jpg" alt="" width="300" height="300" srcset="https://www.topohvar.at/wp-content/uploads/2020/08/za-tr-11-10-300x300.jpg 300w, https://www.topohvar.at/wp-content/uploads/2020/08/za-tr-11-10-150x150.jpg 150w, https://www.topohvar.at/wp-content/uploads/2020/08/za-tr-11-10.jpg 450w" sizes="auto, (max-width: 300px) 100vw, 300px" /><p id="caption-attachment-39519" class="wp-caption-text">Ulaz / Eingang</p></div></div></div><div class='content-column one_half last_column'><div style="padding-right:0px;padding-left:6px;"><div id="attachment_39520" style="width: 310px" class="wp-caption aligncenter"><img loading="lazy" decoding="async" aria-describedby="caption-attachment-39520" class="wp-image-39520 size-medium" src="https://www.topohvar.at/wp-content/uploads/2020/08/za-tr-11-19-300x300.jpg" alt="" width="300" height="300" srcset="https://www.topohvar.at/wp-content/uploads/2020/08/za-tr-11-19-300x300.jpg 300w, https://www.topohvar.at/wp-content/uploads/2020/08/za-tr-11-19-150x150.jpg 150w, https://www.topohvar.at/wp-content/uploads/2020/08/za-tr-11-19.jpg 450w" sizes="auto, (max-width: 300px) 100vw, 300px" /><p id="caption-attachment-39520" class="wp-caption-text">Krov kupole / Kuppeldach</p></div></div></div><div class='clear_column'></div><div class='content-column one_half'><div style="padding-right:6px;"><p>Dana 22.07.2020. trim je posjećen i ustanovljeno je sljedeće:</p>
<p>Lokacija: livada, pašnjak<br />
Podloga: nakošena<br />
Povezan s: kamenim zidom<br />
Upotreba: ne koristi se<br />
Stanje: vrlo dobro sačuvan<br />
Broj stepenice trima: 1<br />
Dodatni kameni prsten: nema kamenog prstena<br />
Stepenište: nema<br />
Oblik kamena: uglast<br />
Područje ispred ulaza: lako dostupni<br />
Orijentacija ulaza: S (20°)<br />
Promjer trima (cm): 320<br />
Visina trima (cm): 220<br />
Visina stepenica (cm): 165<br />
Debljina zida (cm): 70<br />
Širina vrata (cm): 55<br />
Visina vrata (cm): 110<br />
Širina unutra (cm): 170 &#8211; 180<br />
Visina unutra (cm): 200<br />
Volumen iznutra (m3): 3,37<br />
Niša 1 (P/Š/V/D) (cm): 60 / 25 / 25 / 40</p></div></div><div class='content-column one_half last_column'><div style="padding-right:0px;padding-left:6px;"><p>Am 22.07.2020 wurde der Trim besucht und näher untersucht:</p>
<p>Standort: Wiese, Weide<br />
Untergrund: geneigt<br />
Verbunden mit: Steinmauer<br />
Nutzung: ungenutzt<br />
Zustand: sehr gut erhalten<br />
Anzahl der Stufen des Trims: 1<br />
Zusätzlicher Steinring: kein Steinring<br />
Stiege: keine<br />
Steinform: kantig<br />
Eingangsbereich: frei<br />
Eingangsseite: N (20°)<br />
Trimdurchmesser (cm): 320<br />
Trimhöhe (cm): 220<br />
Stufenhöhe (cm): 165<br />
Wandstärke (cm): 70<br />
Türbreite (cm): 55<br />
Türhöhe (cm): 110<br />
Innenraumbreite (cm): 170 &#8211; 180<br />
Innenraumhöhe (cm): 200<br />
Raumvolumen (m3): 3,37<br />
Nische 1 (P/B/H/T) (cm): 60 / 25 / 25 / 40</p></div></div><div class='clear_column'></div></p>
<p><img loading="lazy" decoding="async" class="aligncenter size-full wp-image-40137" src="https://www.topohvar.at/wp-content/uploads/2020/08/za-tr-11-sca.jpg" alt="" width="640" height="973" srcset="https://www.topohvar.at/wp-content/uploads/2020/08/za-tr-11-sca.jpg 640w, https://www.topohvar.at/wp-content/uploads/2020/08/za-tr-11-sca-197x300.jpg 197w" sizes="auto, (max-width: 640px) 100vw, 640px" /></p>
<p><img loading="lazy" decoding="async" class="aligncenter size-full wp-image-40406" src="https://www.topohvar.at/wp-content/uploads/2020/08/za-tr-11-12.jpg" alt="" width="1080" height="530" srcset="https://www.topohvar.at/wp-content/uploads/2020/08/za-tr-11-12.jpg 1080w, https://www.topohvar.at/wp-content/uploads/2020/08/za-tr-11-12-300x147.jpg 300w, https://www.topohvar.at/wp-content/uploads/2020/08/za-tr-11-12-1024x503.jpg 1024w, https://www.topohvar.at/wp-content/uploads/2020/08/za-tr-11-12-768x377.jpg 768w" sizes="auto, (max-width: 1080px) 100vw, 1080px" /></p>
<p style="text-align: right;"><a href="#seite_oben">natrag na vrh / Seitenanfang</a></p>
<hr />
<p><strong>Linkovi / Links</strong></p>
<p>&#8211;</p>

<p>Ime / Name Trim »ZA-TR-11« Code: ZA-TR-11                                          Adresa / Adresse Zastražišće, Vrh Lokacija / Position Latitude: N 43,13449°   Longitude: E &hellip; <a href="https://www.topohvar.at/topo/orte/za/za-tr-11-1/">Weiterlesen <span class="meta-nav">&rarr;</span></a></p>
