{"id":10830,"date":"2018-09-10T12:46:30","date_gmt":"2018-09-10T10:46:30","guid":{"rendered":"https:\/\/www.topohvar.at\/?page_id=10830"},"modified":"2023-05-29T11:04:42","modified_gmt":"2023-05-29T09:04:42","slug":"za-tr-14-1","status":"publish","type":"page","link":"https:\/\/www.topohvar.at\/topo\/orte\/za\/za-tr-14-1\/","title":{"rendered":"ZASTRA\u017dI\u0160\u0106E &#8211; 2 trimi \u00bbZA-TR-14\u00ab"},"content":{"rendered":"<p><a name=\"seite_oben\"><\/a><br \/>\n<strong><img loading=\"lazy\" decoding=\"async\" class=\"alignnone wp-image-10687 size-large\" src=\"https:\/\/www.topohvar.at\/wp-content\/uploads\/2018\/09\/ZA-TR-14-0-1024x503.jpg\" alt=\"\" width=\"640\" height=\"314\" srcset=\"https:\/\/www.topohvar.at\/wp-content\/uploads\/2018\/09\/ZA-TR-14-0-1024x503.jpg 1024w, https:\/\/www.topohvar.at\/wp-content\/uploads\/2018\/09\/ZA-TR-14-0-300x147.jpg 300w, https:\/\/www.topohvar.at\/wp-content\/uploads\/2018\/09\/ZA-TR-14-0-768x377.jpg 768w, https:\/\/www.topohvar.at\/wp-content\/uploads\/2018\/09\/ZA-TR-14-0.jpg 1080w\" sizes=\"auto, (max-width: 640px) 100vw, 640px\" \/><\/strong><\/p>\n<p><strong>Ime \/ Name<br \/>\n<\/strong>2 trimi \u00bbZA-TR-14\u00ab<\/p>\n<p><strong>Code: <\/strong>ZA-TR-14\u00a0 \u00a0 \u00a0 \u00a0 \u00a0 \u00a0 \u00a0 \u00a0 \u00a0 \u00a0 \u00a0 \u00a0 \u00a0 \u00a0 \u00a0 \u00a0 \u00a0 \u00a0 \u00a0 \u00a0 <a href=\"https:\/\/www.topohvar.at\/orte\/za\/za-tr-00-00\/\"><img loading=\"lazy\" decoding=\"async\" class=\"alignnone wp-image-12300 size-full\" src=\"https:\/\/www.topohvar.at\/wp-content\/uploads\/2018\/09\/push-vor-30.jpg\" alt=\"\" width=\"61\" height=\"30\" \/><\/a><strong>\u00a0<a href=\"https:\/\/www.topohvar.at\/orte\/za\/za-tr-15-1\/\"><img loading=\"lazy\" decoding=\"async\" class=\"alignnone wp-image-533 size-full\" src=\"https:\/\/www.topohvar.at\/wp-content\/uploads\/2018\/07\/push-l-30.jpg\" alt=\"\" width=\"61\" height=\"30\" \/><\/a> <a href=\"https:\/\/www.topohvar.at\/orte\/za\/\"><img loading=\"lazy\" decoding=\"async\" class=\"alignnone wp-image-535 size-full\" src=\"https:\/\/www.topohvar.at\/wp-content\/uploads\/2018\/07\/push-o-30.jpg\" alt=\"\" width=\"61\" height=\"30\" \/><\/a> <a href=\"https:\/\/www.topohvar.at\/orte\/za\/za-tr-79-1\/\"><img loading=\"lazy\" decoding=\"async\" class=\"alignnone wp-image-536 size-full\" src=\"https:\/\/www.topohvar.at\/wp-content\/uploads\/2018\/07\/push-r-30.jpg\" alt=\"\" width=\"61\" height=\"30\" \/><\/a><\/strong><\/p>\n<hr \/>\n<p><strong>Adresa \/ Adresse<br \/>\n<\/strong>Zastra\u017ei\u0161\u0107e, Vrh<\/p>\n<p><strong>Lokacija \/ Position<a href=\"https:\/\/goo.gl\/maps\/SrcUHqJtg2prjVsW6\"><img loading=\"lazy\" decoding=\"async\" class=\"alignright wp-image-11108\" src=\"https:\/\/www.topohvar.at\/wp-content\/uploads\/2018\/09\/0978.jpg\" alt=\"\" width=\"133\" height=\"100\" \/><\/a><br \/>\n<\/strong><span style=\"color: #3366ff;\"><a style=\"color: #3366ff;\" href=\"https:\/\/goo.gl\/maps\/SrcUHqJtg2prjVsW6\">Latitude: N 43,13385\u00b0\u00a0 \u00a0Longitude: E 16,84214\u00b0<\/a> <\/span><strong><br \/>\n<\/strong>Visina \/ H\u00f6he: 317 m<\/p>\n<p><strong>Katastarska \u010destica \/ Grundst\u00fccke<br \/>\n<\/strong>1975\u00a0<div class='content-column one_half'><div style=\"padding-right:6px;\"><p><strong>Datum snimanja \/ Erfassungsdatum<br \/>\n<\/strong>19.09.2015 10:45:03<\/p>\n<hr \/>\n<p><strong>Informacije<\/strong><\/p>\n<p>Skupina od dva o\u0161te\u0107ena trima se nalazi na stazi koja se odvaja od glavne ceste DC-116 isto\u010dno od Grudca i vodi gore prema Humca. Kameni zid na sjevernoj strani trima povezuje ih. Zapadni od ove dvije trime ima dvije stepenice. Njegov prednji zid i kupola gotovo u potpunosti nedostaju. Unutra\u0161njost je prepuna kamenja. Ovdje mo\u017eete prona\u0107i zidnu ni\u0161u.<\/p><\/div><\/div><div class='content-column one_half last_column'><div style=\"padding-right:0px;padding-left:6px;\"><p><strong>Stupanj za\u0161tite \/ Schutzstellung<br \/>\n<\/strong>&#8211;<\/p>\n<hr \/>\n<p><strong>Info<\/strong><\/p>\n<p>Eine Gruppe von zwei besch\u00e4digten Trims befindet sich am Weg, der \u00f6stlich von Grudac von der Hauptstra\u00dfe DC-116 abzweigt und hinauf nach Humac f\u00fchrt. Eine Steinmauer an der Nordseite der Trims verbindet sie. Der westliche dieser zwei Trims ist zweistufig. Seine Vorderwand und die Kuppel fehlen fast zur G\u00e4nze. Der Innenraum ist von Steinen \u00fcbers\u00e4t. Hier findet man eine Wandnische.<\/p><\/div><\/div><div class='clear_column'><\/div><div class='content-column one_half'><div style=\"padding-right:6px;\"><p>Dana 22.07.2020 trim ZA-TR-14 je posje\u0107en i ustanovljeno je sljede\u0107e:<\/p>\n<p>Lokacija: grmlje<br \/>\nPodloga: ravna<br \/>\nPovezan s: kamenim zidom<br \/>\nUpotreba: ne koristi se<br \/>\nStanje: kupola se sru\u0161ila<br \/>\nBroj stepenica trima: ?<br \/>\nDodatni kameni prsten: kameni prsten djelomi\u010dno<br \/>\nStepeni\u0161te: nema<br \/>\nOblik kamena: uglast<br \/>\nPodru\u010dje ispred ulaza: kamenito<br \/>\nOrijentacija ulaza: I (80\u00b0)<br \/>\nPromjer trima (cm): 410<br \/>\nVisina trima (cm): ?<br \/>\nVisina stepenica (cm): stepenica 1: 100 , stepenica 2: 150<br \/>\nDebljina zida (cm): 80<br \/>\n\u0160irina vrata (cm): 70<br \/>\nVisina vrata (cm): ?<br \/>\n\u0160irina unutra (cm): 250<br \/>\nVisina unutra (cm): ?<br \/>\nVolumen iznutra (m3): ?<br \/>\nNi\u0161a 1 (P\/\u0160\/V\/D) (cm): 60 \/ 25 \/ 25 \/ 40<\/p><\/div><\/div><div class='content-column one_half last_column'><div style=\"padding-right:0px;padding-left:6px;\"><p>Am 22.07.2020 wurde der Trim ZA-TR-14 besucht und n\u00e4her untersucht:<\/p>\n<p>Standort: Buschwerk<br \/>\nUntergrund: eben<br \/>\nVerbunden mit: Steinmauer<br \/>\nNutzung: ungenutzt<br \/>\nZustand: Kuppel fehlt<br \/>\nAnzahl der Trimstufen: ?<br \/>\nZus\u00e4tzlicher Steinring: Steinring teilweise<br \/>\nStiege: keine<br \/>\nSteinform: kantig<br \/>\nEingangsbereich: Steine<br \/>\nEingangsseite: O (80\u00b0)<br \/>\nTrimdurchmesser (cm): 410<br \/>\nTrimh\u00f6he (cm): ?<br \/>\nH\u00f6he der Trimstufen (cm): Stufe 1: 100 , Stufe 2: 150<br \/>\nWandst\u00e4rke (cm): 80<br \/>\nT\u00fcrbreite (cm): 70<br \/>\nT\u00fcrh\u00f6he (cm): ?<br \/>\nInnenraumbreite (cm): 250<br \/>\nInnenraumh\u00f6he (cm): ?<br \/>\nRaumvolumen (m3): ?<br \/>\nNische 1 (P\/B\/H\/T) (cm): 60 \/ 25 \/ 25 \/ 40<\/p><\/div><\/div><div class='clear_column'><\/div><\/p>\n<p><img loading=\"lazy\" decoding=\"async\" class=\"aligncenter size-full wp-image-40143\" src=\"https:\/\/www.topohvar.at\/wp-content\/uploads\/2020\/08\/za-tr-14-sca.jpg\" alt=\"\" width=\"640\" height=\"980\" srcset=\"https:\/\/www.topohvar.at\/wp-content\/uploads\/2020\/08\/za-tr-14-sca.jpg 640w, https:\/\/www.topohvar.at\/wp-content\/uploads\/2020\/08\/za-tr-14-sca-196x300.jpg 196w\" sizes=\"auto, (max-width: 640px) 100vw, 640px\" \/><\/p>\n<div id=\"attachment_39509\" style=\"width: 1090px\" class=\"wp-caption aligncenter\"><img loading=\"lazy\" decoding=\"async\" aria-describedby=\"caption-attachment-39509\" class=\"wp-image-39509 size-full\" src=\"https:\/\/www.topohvar.at\/wp-content\/uploads\/2020\/08\/za-tr-14-14.jpg\" alt=\"\" width=\"1080\" height=\"530\" srcset=\"https:\/\/www.topohvar.at\/wp-content\/uploads\/2020\/08\/za-tr-14-14.jpg 1080w, https:\/\/www.topohvar.at\/wp-content\/uploads\/2020\/08\/za-tr-14-14-300x147.jpg 300w, https:\/\/www.topohvar.at\/wp-content\/uploads\/2020\/08\/za-tr-14-14-1024x503.jpg 1024w, https:\/\/www.topohvar.at\/wp-content\/uploads\/2020\/08\/za-tr-14-14-768x377.jpg 768w\" sizes=\"auto, (max-width: 1080px) 100vw, 1080px\" \/><p id=\"caption-attachment-39509\" class=\"wp-caption-text\">Trim 2020. godinu \/ Trim im Jahr 2020<\/p><\/div>\n<p style=\"text-align: right;\"><a href=\"#seite_oben\">natrag na vrh \/ Seitenanfang<\/a><\/p>\n<hr \/>\n<p><strong>Linkovi \/ Links<\/strong><\/p>\n<p><span style=\"color: #3366ff;\"><a style=\"color: #3366ff;\" href=\"https:\/\/www.topohvar.at\/topo\/orte\/za\/za-tr-15-1\/\">2 trimi \u00bbZA-TR-15\u00ab<\/a><\/span><\/p>\n","protected":false},"excerpt":{"rendered":"<p>Ime \/ Name 2 trimi \u00bbZA-TR-14\u00ab Code: ZA-TR-14\u00a0 \u00a0 \u00a0 \u00a0 \u00a0 \u00a0 \u00a0 \u00a0 \u00a0 \u00a0 \u00a0 \u00a0 \u00a0 \u00a0 \u00a0 \u00a0 \u00a0 \u00a0 \u00a0 \u00a0 \u00a0 Adresa \/ Adresse Zastra\u017ei\u0161\u0107e, Vrh Lokacija \/ Position Latitude: N 43,13385\u00b0\u00a0 \u00a0Longitude: &hellip; <a href=\"https:\/\/www.topohvar.at\/topo\/orte\/za\/za-tr-14-1\/\">Weiterlesen <span class=\"meta-nav\">&rarr;<\/span><\/a><\/p>\n","protected":false},"author":1,"featured_media":0,"parent":115,"menu_order":0,"comment_status":"closed","ping_status":"closed","template":"","meta":{"footnotes":""},"class_list":["post-10830","page","type-page","status-publish","hentry"],"_links":{"self":[{"href":"https:\/\/www.topohvar.at\/topo\/wp-json\/wp\/v2\/pages\/10830","targetHints":{"allow":["GET"]}}],"collection":[{"href":"https:\/\/www.topohvar.at\/topo\/wp-json\/wp\/v2\/pages"}],"about":[{"href":"https:\/\/www.topohvar.at\/topo\/wp-json\/wp\/v2\/types\/page"}],"author":[{"embeddable":true,"href":"https:\/\/www.topohvar.at\/topo\/wp-json\/wp\/v2\/users\/1"}],"replies":[{"embeddable":true,"href":"https:\/\/www.topohvar.at\/topo\/wp-json\/wp\/v2\/comments?post=10830"}],"version-history":[{"count":20,"href":"https:\/\/www.topohvar.at\/topo\/wp-json\/wp\/v2\/pages\/10830\/revisions"}],"predecessor-version":[{"id":62646,"href":"https:\/\/www.topohvar.at\/topo\/wp-json\/wp\/v2\/pages\/10830\/revisions\/62646"}],"up":[{"embeddable":true,"href":"https:\/\/www.topohvar.at\/topo\/wp-json\/wp\/v2\/pages\/115"}],"wp:attachment":[{"href":"https:\/\/www.topohvar.at\/topo\/wp-json\/wp\/v2\/media?parent=10830"}],"curies":[{"name":"wp","href":"https:\/\/api.w.org\/{rel}","templated":true}]}}

ZASTRAŽIŠĆE &#8211; 2 trimi »ZA-TR-14«

<p><a name="seite_oben"></a><br />
<strong><img loading="lazy" decoding="async" class="alignnone wp-image-10687 size-large" src="https://www.topohvar.at/wp-content/uploads/2018/09/ZA-TR-14-0-1024x503.jpg" alt="" width="640" height="314" srcset="https://www.topohvar.at/wp-content/uploads/2018/09/ZA-TR-14-0-1024x503.jpg 1024w, https://www.topohvar.at/wp-content/uploads/2018/09/ZA-TR-14-0-300x147.jpg 300w, https://www.topohvar.at/wp-content/uploads/2018/09/ZA-TR-14-0-768x377.jpg 768w, https://www.topohvar.at/wp-content/uploads/2018/09/ZA-TR-14-0.jpg 1080w" sizes="auto, (max-width: 640px) 100vw, 640px" /></strong></p>
<p><strong>Ime / Name<br />
</strong>2 trimi »ZA-TR-14«</p>
<p><strong>Code: </strong>ZA-TR-14                                        <a href="https://www.topohvar.at/orte/za/za-tr-00-00/"><img loading="lazy" decoding="async" class="alignnone wp-image-12300 size-full" src="https://www.topohvar.at/wp-content/uploads/2018/09/push-vor-30.jpg" alt="" width="61" height="30" /></a><strong> <a href="https://www.topohvar.at/orte/za/za-tr-15-1/"><img loading="lazy" decoding="async" class="alignnone wp-image-533 size-full" src="https://www.topohvar.at/wp-content/uploads/2018/07/push-l-30.jpg" alt="" width="61" height="30" /></a> <a href="https://www.topohvar.at/orte/za/"><img loading="lazy" decoding="async" class="alignnone wp-image-535 size-full" src="https://www.topohvar.at/wp-content/uploads/2018/07/push-o-30.jpg" alt="" width="61" height="30" /></a> <a href="https://www.topohvar.at/orte/za/za-tr-79-1/"><img loading="lazy" decoding="async" class="alignnone wp-image-536 size-full" src="https://www.topohvar.at/wp-content/uploads/2018/07/push-r-30.jpg" alt="" width="61" height="30" /></a></strong></p>
<hr />
<p><strong>Adresa / Adresse<br />
</strong>Zastražišće, Vrh</p>
<p><strong>Lokacija / Position<a href="https://goo.gl/maps/SrcUHqJtg2prjVsW6"><img loading="lazy" decoding="async" class="alignright wp-image-11108" src="https://www.topohvar.at/wp-content/uploads/2018/09/0978.jpg" alt="" width="133" height="100" /></a><br />
</strong><span style="color: #3366ff;"><a style="color: #3366ff;" href="https://goo.gl/maps/SrcUHqJtg2prjVsW6">Latitude: N 43,13385°   Longitude: E 16,84214°</a> </span><strong><br />
</strong>Visina / Höhe: 317 m</p>
<p><strong>Katastarska čestica / Grundstücke<br />
</strong>1975 <div class='content-column one_half'><div style="padding-right:6px;"><p><strong>Datum snimanja / Erfassungsdatum<br />
</strong>19.09.2015 10:45:03</p>
<hr />
<p><strong>Informacije</strong></p>
<p>Skupina od dva oštećena trima se nalazi na stazi koja se odvaja od glavne ceste DC-116 istočno od Grudca i vodi gore prema Humca. Kameni zid na sjevernoj strani trima povezuje ih. Zapadni od ove dvije trime ima dvije stepenice. Njegov prednji zid i kupola gotovo u potpunosti nedostaju. Unutrašnjost je prepuna kamenja. Ovdje možete pronaći zidnu nišu.</p></div></div><div class='content-column one_half last_column'><div style="padding-right:0px;padding-left:6px;"><p><strong>Stupanj zaštite / Schutzstellung<br />
</strong>&#8211;</p>
<hr />
<p><strong>Info</strong></p>
<p>Eine Gruppe von zwei beschädigten Trims befindet sich am Weg, der östlich von Grudac von der Hauptstraße DC-116 abzweigt und hinauf nach Humac führt. Eine Steinmauer an der Nordseite der Trims verbindet sie. Der westliche dieser zwei Trims ist zweistufig. Seine Vorderwand und die Kuppel fehlen fast zur Gänze. Der Innenraum ist von Steinen übersät. Hier findet man eine Wandnische.</p></div></div><div class='clear_column'></div><div class='content-column one_half'><div style="padding-right:6px;"><p>Dana 22.07.2020 trim ZA-TR-14 je posjećen i ustanovljeno je sljedeće:</p>
<p>Lokacija: grmlje<br />
Podloga: ravna<br />
Povezan s: kamenim zidom<br />
Upotreba: ne koristi se<br />
Stanje: kupola se srušila<br />
Broj stepenica trima: ?<br />
Dodatni kameni prsten: kameni prsten djelomično<br />
Stepenište: nema<br />
Oblik kamena: uglast<br />
Područje ispred ulaza: kamenito<br />
Orijentacija ulaza: I (80°)<br />
Promjer trima (cm): 410<br />
Visina trima (cm): ?<br />
Visina stepenica (cm): stepenica 1: 100 , stepenica 2: 150<br />
Debljina zida (cm): 80<br />
Širina vrata (cm): 70<br />
Visina vrata (cm): ?<br />
Širina unutra (cm): 250<br />
Visina unutra (cm): ?<br />
Volumen iznutra (m3): ?<br />
Niša 1 (P/Š/V/D) (cm): 60 / 25 / 25 / 40</p></div></div><div class='content-column one_half last_column'><div style="padding-right:0px;padding-left:6px;"><p>Am 22.07.2020 wurde der Trim ZA-TR-14 besucht und näher untersucht:</p>
<p>Standort: Buschwerk<br />
Untergrund: eben<br />
Verbunden mit: Steinmauer<br />
Nutzung: ungenutzt<br />
Zustand: Kuppel fehlt<br />
Anzahl der Trimstufen: ?<br />
Zusätzlicher Steinring: Steinring teilweise<br />
Stiege: keine<br />
Steinform: kantig<br />
Eingangsbereich: Steine<br />
Eingangsseite: O (80°)<br />
Trimdurchmesser (cm): 410<br />
Trimhöhe (cm): ?<br />
Höhe der Trimstufen (cm): Stufe 1: 100 , Stufe 2: 150<br />
Wandstärke (cm): 80<br />
Türbreite (cm): 70<br />
Türhöhe (cm): ?<br />
Innenraumbreite (cm): 250<br />
Innenraumhöhe (cm): ?<br />
Raumvolumen (m3): ?<br />
Nische 1 (P/B/H/T) (cm): 60 / 25 / 25 / 40</p></div></div><div class='clear_column'></div></p>
<p><img loading="lazy" decoding="async" class="aligncenter size-full wp-image-40143" src="https://www.topohvar.at/wp-content/uploads/2020/08/za-tr-14-sca.jpg" alt="" width="640" height="980" srcset="https://www.topohvar.at/wp-content/uploads/2020/08/za-tr-14-sca.jpg 640w, https://www.topohvar.at/wp-content/uploads/2020/08/za-tr-14-sca-196x300.jpg 196w" sizes="auto, (max-width: 640px) 100vw, 640px" /></p>
<div id="attachment_39509" style="width: 1090px" class="wp-caption aligncenter"><img loading="lazy" decoding="async" aria-describedby="caption-attachment-39509" class="wp-image-39509 size-full" src="https://www.topohvar.at/wp-content/uploads/2020/08/za-tr-14-14.jpg" alt="" width="1080" height="530" srcset="https://www.topohvar.at/wp-content/uploads/2020/08/za-tr-14-14.jpg 1080w, https://www.topohvar.at/wp-content/uploads/2020/08/za-tr-14-14-300x147.jpg 300w, https://www.topohvar.at/wp-content/uploads/2020/08/za-tr-14-14-1024x503.jpg 1024w, https://www.topohvar.at/wp-content/uploads/2020/08/za-tr-14-14-768x377.jpg 768w" sizes="auto, (max-width: 1080px) 100vw, 1080px" /><p id="caption-attachment-39509" class="wp-caption-text">Trim 2020. godinu / Trim im Jahr 2020</p></div>
<p style="text-align: right;"><a href="#seite_oben">natrag na vrh / Seitenanfang</a></p>
<hr />
<p><strong>Linkovi / Links</strong></p>
<p><span style="color: #3366ff;"><a style="color: #3366ff;" href="https://www.topohvar.at/topo/orte/za/za-tr-15-1/">2 trimi »ZA-TR-15«</a></span></p>

<p>Ime / Name 2 trimi »ZA-TR-14« Code: ZA-TR-14                                          Adresa / Adresse Zastražišće, Vrh Lokacija / Position Latitude: N 43,13385°   Longitude: &hellip; <a href="https://www.topohvar.at/topo/orte/za/za-tr-14-1/">Weiterlesen <span class="meta-nav">&rarr;</span></a></p>
