{"id":10832,"date":"2018-09-10T12:48:08","date_gmt":"2018-09-10T10:48:08","guid":{"rendered":"https:\/\/www.topohvar.at\/?page_id=10832"},"modified":"2023-05-29T11:08:50","modified_gmt":"2023-05-29T09:08:50","slug":"za-tr-15-1","status":"publish","type":"page","link":"https:\/\/www.topohvar.at\/topo\/orte\/za\/za-tr-15-1\/","title":{"rendered":"ZASTRA\u017dI\u0160\u0106E &#8211; 2 trimi \u00bbZA-TR-15\u00ab"},"content":{"rendered":"<p><a name=\"seite_oben\"><\/a><br \/>\n<strong><img loading=\"lazy\" decoding=\"async\" class=\"aligncenter wp-image-40414 size-full\" src=\"https:\/\/www.topohvar.at\/wp-content\/uploads\/2020\/08\/za-tr-15-16.jpg\" alt=\"\" width=\"1080\" height=\"530\" srcset=\"https:\/\/www.topohvar.at\/wp-content\/uploads\/2020\/08\/za-tr-15-16.jpg 1080w, https:\/\/www.topohvar.at\/wp-content\/uploads\/2020\/08\/za-tr-15-16-300x147.jpg 300w, https:\/\/www.topohvar.at\/wp-content\/uploads\/2020\/08\/za-tr-15-16-1024x503.jpg 1024w, https:\/\/www.topohvar.at\/wp-content\/uploads\/2020\/08\/za-tr-15-16-768x377.jpg 768w\" sizes=\"auto, (max-width: 1080px) 100vw, 1080px\" \/><\/strong><\/p>\n<p><strong>Ime \/ Name<br \/>\n<\/strong>2 trimi \u00bbZA-TR-15\u00ab<\/p>\n<p><strong>Code: <\/strong>ZA-TR-15\u00a0 \u00a0 \u00a0 \u00a0 \u00a0 \u00a0 \u00a0 \u00a0 \u00a0 \u00a0 \u00a0 \u00a0 \u00a0 \u00a0 \u00a0 \u00a0 \u00a0 \u00a0 \u00a0 \u00a0 <a href=\"https:\/\/www.topohvar.at\/orte\/za\/za-tr-00-00\/\"><img loading=\"lazy\" decoding=\"async\" class=\"alignnone wp-image-12300 size-full\" src=\"https:\/\/www.topohvar.at\/wp-content\/uploads\/2018\/09\/push-vor-30.jpg\" alt=\"\" width=\"61\" height=\"30\" \/><\/a><strong>\u00a0<a href=\"https:\/\/www.topohvar.at\/orte\/za\/za-tr-c0-1\/\"><img loading=\"lazy\" decoding=\"async\" class=\"alignnone wp-image-533 size-full\" src=\"https:\/\/www.topohvar.at\/wp-content\/uploads\/2018\/07\/push-l-30.jpg\" alt=\"\" width=\"61\" height=\"30\" \/><\/a> <a href=\"https:\/\/www.topohvar.at\/orte\/za\/\"><img loading=\"lazy\" decoding=\"async\" class=\"alignnone wp-image-535 size-full\" src=\"https:\/\/www.topohvar.at\/wp-content\/uploads\/2018\/07\/push-o-30.jpg\" alt=\"\" width=\"61\" height=\"30\" \/><\/a> <a href=\"https:\/\/www.topohvar.at\/orte\/za\/za-tr-14-1\/\"><img loading=\"lazy\" decoding=\"async\" class=\"alignnone wp-image-536 size-full\" src=\"https:\/\/www.topohvar.at\/wp-content\/uploads\/2018\/07\/push-r-30.jpg\" alt=\"\" width=\"61\" height=\"30\" \/><\/a><\/strong><\/p>\n<hr \/>\n<p><strong>Adresa \/ Adresse<br \/>\n<\/strong>Zastra\u017ei\u0161\u0107e, Vrh<\/p>\n<p><strong>Lokacija \/ Position<a href=\"https:\/\/goo.gl\/maps\/BpVbBs8JU7pen7168\"><img loading=\"lazy\" decoding=\"async\" class=\"alignright wp-image-11111\" src=\"https:\/\/www.topohvar.at\/wp-content\/uploads\/2018\/09\/0979.jpg\" alt=\"\" width=\"133\" height=\"100\" \/><\/a><br \/>\n<\/strong><span style=\"color: #3366ff;\"><a style=\"color: #3366ff;\" href=\"https:\/\/goo.gl\/maps\/BpVbBs8JU7pen7168\">Latitude: N 43,13383\u00b0\u00a0 \u00a0Longitude: E 16,84220\u00b0<\/a><\/span> <strong><br \/>\n<\/strong>Visina \/ H\u00f6he: 318 m<\/p>\n<p><strong>Katastarska \u010destica \/ Grundst\u00fccke<br \/>\n<\/strong>1975\u00a0<div class='content-column one_half'><div style=\"padding-right:6px;\"><p><strong>Datum snimanja \/ Erfassungsdatum<br \/>\n<\/strong>19.09.2015 10:46:51<\/p>\n<hr \/>\n<p><strong>Informacije<\/strong><\/p>\n<p>Skupina od dva o\u0161te\u0107ena trima se nalazi na stazi koja se odvaja od glavne ceste DC-116 isto\u010dno od Grudca i vodi gore do Humca. Kameni zid na sjevernoj strani trima povezuje ih. Isto\u010dni od ove dvije trime ima dvije stepenice. Dio njene kupole se sru\u0161io. Ju\u017ena strana trima oja\u010dana je kamenim prstenom. Pristup unutra\u0161njosti sada je blokiran grmljem. Unutar se nalazi zidna ni\u0161a.<\/p><\/div><\/div><div class='content-column one_half last_column'><div style=\"padding-right:0px;padding-left:6px;\"><p><strong>Stupanj za\u0161tite \/ Schutzstellung<br \/>\n<\/strong>&#8211;<\/p>\n<hr \/>\n<p><strong>Info<\/strong><\/p>\n<p>Eine Gruppe von zwei besch\u00e4digten Trims befindet sich am Weg, der \u00f6stlich von Grudac von der Hauptstra\u00dfe DC-116 abzweigt und hinauf nach Humac f\u00fchrt. Eine Steinmauer an der Nordseite der Trims verbindet sie. Der \u00f6stliche dieser zwei Trims ist zweistufig. Seine Kuppel ist zum Teil eingest\u00fcrzt. Die S\u00fcdseite des Trim wird durch einen Steinring verst\u00e4rkt. Der Zugang zum Innenraum ist heute durch Buschwerk versperrt. Innen findet man eine Wandnische.<\/p><\/div><\/div><div class='clear_column'><\/div><div class='content-column one_half'><div style=\"padding-right:6px;\"><div id=\"attachment_40415\" style=\"width: 310px\" class=\"wp-caption aligncenter\"><img loading=\"lazy\" decoding=\"async\" aria-describedby=\"caption-attachment-40415\" class=\"wp-image-40415 size-medium\" src=\"https:\/\/www.topohvar.at\/wp-content\/uploads\/2020\/08\/za-tr-15-17-300x300.jpg\" alt=\"\" width=\"300\" height=\"300\" srcset=\"https:\/\/www.topohvar.at\/wp-content\/uploads\/2020\/08\/za-tr-15-17-300x300.jpg 300w, https:\/\/www.topohvar.at\/wp-content\/uploads\/2020\/08\/za-tr-15-17-150x150.jpg 150w, https:\/\/www.topohvar.at\/wp-content\/uploads\/2020\/08\/za-tr-15-17.jpg 450w\" sizes=\"auto, (max-width: 300px) 100vw, 300px\" \/><p id=\"caption-attachment-40415\" class=\"wp-caption-text\">Ulaz u 2015. godinu \/ Eingangsseite 2015<\/p><\/div>\n<p>Dana 22.07.2020 trim ZA-TR-15 je posje\u0107en i ustanovljeno je sljede\u0107e:<\/p>\n<p>Lokacija: grmlje<br \/>\nPodloga: ravna<br \/>\nPovezan s: nesre\u0111nom kamenom gomilom , kamenim zidom<br \/>\nUpotreba: ne koristi se<br \/>\nStanje: kupola se djelomi\u010dno sru\u0161ila<br \/>\nBroj stepenica trima: ?<br \/>\nDodatni kameni prsten: kameni prsten djelomi\u010dno<br \/>\nStepeni\u0161te: nema<br \/>\nOblik kamena: uglast<br \/>\nPodru\u010dje ispred ulaza: zaraslo<br \/>\nOrijentacija ulaza: Z (270\u00b0)<br \/>\nPromjer trima (cm): 400<br \/>\nVisina trima (cm): ?<br \/>\nVisina stepenica (cm): stepenica 1: ?<br \/>\nDebljina zida (cm): 75<br \/>\n\u0160irina vrata (cm): 70<br \/>\nVisina vrata (cm): 100<br \/>\n\u0160irina unutra (cm): 250<br \/>\nVisina unutra (cm): ?<br \/>\nVolumen iznutra (m3): ?<br \/>\nNema ni\u0161e<\/p><\/div><\/div><div class='content-column one_half last_column'><div style=\"padding-right:0px;padding-left:6px;\"><div id=\"attachment_40412\" style=\"width: 310px\" class=\"wp-caption aligncenter\"><img loading=\"lazy\" decoding=\"async\" aria-describedby=\"caption-attachment-40412\" class=\"wp-image-40412 size-medium\" src=\"https:\/\/www.topohvar.at\/wp-content\/uploads\/2020\/08\/za-tr-15-09-300x300.jpg\" alt=\"\" width=\"300\" height=\"300\" srcset=\"https:\/\/www.topohvar.at\/wp-content\/uploads\/2020\/08\/za-tr-15-09-300x300.jpg 300w, https:\/\/www.topohvar.at\/wp-content\/uploads\/2020\/08\/za-tr-15-09-150x150.jpg 150w, https:\/\/www.topohvar.at\/wp-content\/uploads\/2020\/08\/za-tr-15-09.jpg 450w\" sizes=\"auto, (max-width: 300px) 100vw, 300px\" \/><p id=\"caption-attachment-40412\" class=\"wp-caption-text\">O\u0161te\u0107ena kupola \/ besh\u00e4digte Kuppel<\/p><\/div>\n<p>Am 22.07.2020 wurde der Trim ZA-TR-15 besucht und n\u00e4her untersucht:<\/p>\n<p>Standort: Buschwerk<br \/>\nUntergrund: eben<br \/>\nVerbunden mit: Steinhaufen ungeordnet , Steinmauer<br \/>\nNutzung: ungenutzt<br \/>\nZustand: Kuppel teilweise eingest\u00fcrzt<br \/>\nAnzahl der Trimstufen: ?<br \/>\nZus\u00e4tzlicher Steinring: Steinring teilweise<br \/>\nStiege: keine<br \/>\nSteinform: kantig<br \/>\nEingangsbereich: verwachsen<br \/>\nEingangsseite: W (270\u00b0)<br \/>\nTrimdurchmesser (cm): 400<br \/>\nTrimh\u00f6he (cm): ?<br \/>\nH\u00f6he der Trimstufen (cm): Stufe 1: ?<br \/>\nWandst\u00e4rke (cm): 75<br \/>\nT\u00fcrbreite (cm): 70<br \/>\nT\u00fcrh\u00f6he (cm): 100<br \/>\nInnenraumbreite (cm): 250<br \/>\nInnenraumh\u00f6he (cm): ?<br \/>\nRaumvolumen (m3): ?<br \/>\nKeine Nische<\/p><\/div><\/div><div class='clear_column'><\/div><\/p>\n<p><img loading=\"lazy\" decoding=\"async\" class=\"aligncenter wp-image-40423 size-full\" src=\"https:\/\/www.topohvar.at\/wp-content\/uploads\/2020\/08\/za-tr-15-sca-1.jpg\" alt=\"\" width=\"640\" height=\"975\" srcset=\"https:\/\/www.topohvar.at\/wp-content\/uploads\/2020\/08\/za-tr-15-sca-1.jpg 640w, https:\/\/www.topohvar.at\/wp-content\/uploads\/2020\/08\/za-tr-15-sca-1-197x300.jpg 197w\" sizes=\"auto, (max-width: 640px) 100vw, 640px\" \/><\/p>\n<div id=\"attachment_39507\" style=\"width: 1090px\" class=\"wp-caption aligncenter\"><img loading=\"lazy\" decoding=\"async\" aria-describedby=\"caption-attachment-39507\" class=\"wp-image-39507 size-full\" src=\"https:\/\/www.topohvar.at\/wp-content\/uploads\/2020\/08\/za-tr-15-12.jpg\" alt=\"\" width=\"1080\" height=\"530\" srcset=\"https:\/\/www.topohvar.at\/wp-content\/uploads\/2020\/08\/za-tr-15-12.jpg 1080w, https:\/\/www.topohvar.at\/wp-content\/uploads\/2020\/08\/za-tr-15-12-300x147.jpg 300w, https:\/\/www.topohvar.at\/wp-content\/uploads\/2020\/08\/za-tr-15-12-1024x503.jpg 1024w, https:\/\/www.topohvar.at\/wp-content\/uploads\/2020\/08\/za-tr-15-12-768x377.jpg 768w\" sizes=\"auto, (max-width: 1080px) 100vw, 1080px\" \/><p id=\"caption-attachment-39507\" class=\"wp-caption-text\">Trim 2020. godinu \/ Trim im Jahr 2020<\/p><\/div>\n<p style=\"text-align: right;\"><a href=\"#seite_oben\">natrag na vrh \/ Seitenanfang<\/a><\/p>\n<hr \/>\n<p><strong>Linkovi \/ Links<\/strong><\/p>\n<p><span style=\"color: #3366ff;\"><a style=\"color: #3366ff;\" href=\"https:\/\/www.topohvar.at\/topo\/orte\/za\/za-tr-14-1\/\">2 trimi \u00bbZA-TR-14\u00ab<\/a><\/span><\/p>\n","protected":false},"excerpt":{"rendered":"<p>Ime \/ Name 2 trimi \u00bbZA-TR-15\u00ab Code: ZA-TR-15\u00a0 \u00a0 \u00a0 \u00a0 \u00a0 \u00a0 \u00a0 \u00a0 \u00a0 \u00a0 \u00a0 \u00a0 \u00a0 \u00a0 \u00a0 \u00a0 \u00a0 \u00a0 \u00a0 \u00a0 \u00a0 Adresa \/ Adresse Zastra\u017ei\u0161\u0107e, Vrh Lokacija \/ Position Latitude: N 43,13383\u00b0\u00a0 \u00a0Longitude: &hellip; <a href=\"https:\/\/www.topohvar.at\/topo\/orte\/za\/za-tr-15-1\/\">Weiterlesen <span class=\"meta-nav\">&rarr;<\/span><\/a><\/p>\n","protected":false},"author":1,"featured_media":0,"parent":115,"menu_order":0,"comment_status":"closed","ping_status":"closed","template":"","meta":{"footnotes":""},"class_list":["post-10832","page","type-page","status-publish","hentry"],"_links":{"self":[{"href":"https:\/\/www.topohvar.at\/topo\/wp-json\/wp\/v2\/pages\/10832","targetHints":{"allow":["GET"]}}],"collection":[{"href":"https:\/\/www.topohvar.at\/topo\/wp-json\/wp\/v2\/pages"}],"about":[{"href":"https:\/\/www.topohvar.at\/topo\/wp-json\/wp\/v2\/types\/page"}],"author":[{"embeddable":true,"href":"https:\/\/www.topohvar.at\/topo\/wp-json\/wp\/v2\/users\/1"}],"replies":[{"embeddable":true,"href":"https:\/\/www.topohvar.at\/topo\/wp-json\/wp\/v2\/comments?post=10832"}],"version-history":[{"count":26,"href":"https:\/\/www.topohvar.at\/topo\/wp-json\/wp\/v2\/pages\/10832\/revisions"}],"predecessor-version":[{"id":62650,"href":"https:\/\/www.topohvar.at\/topo\/wp-json\/wp\/v2\/pages\/10832\/revisions\/62650"}],"up":[{"embeddable":true,"href":"https:\/\/www.topohvar.at\/topo\/wp-json\/wp\/v2\/pages\/115"}],"wp:attachment":[{"href":"https:\/\/www.topohvar.at\/topo\/wp-json\/wp\/v2\/media?parent=10832"}],"curies":[{"name":"wp","href":"https:\/\/api.w.org\/{rel}","templated":true}]}}

ZASTRAŽIŠĆE &#8211; 2 trimi »ZA-TR-15«

<p><a name="seite_oben"></a><br />
<strong><img loading="lazy" decoding="async" class="aligncenter wp-image-40414 size-full" src="https://www.topohvar.at/wp-content/uploads/2020/08/za-tr-15-16.jpg" alt="" width="1080" height="530" srcset="https://www.topohvar.at/wp-content/uploads/2020/08/za-tr-15-16.jpg 1080w, https://www.topohvar.at/wp-content/uploads/2020/08/za-tr-15-16-300x147.jpg 300w, https://www.topohvar.at/wp-content/uploads/2020/08/za-tr-15-16-1024x503.jpg 1024w, https://www.topohvar.at/wp-content/uploads/2020/08/za-tr-15-16-768x377.jpg 768w" sizes="auto, (max-width: 1080px) 100vw, 1080px" /></strong></p>
<p><strong>Ime / Name<br />
</strong>2 trimi »ZA-TR-15«</p>
<p><strong>Code: </strong>ZA-TR-15                                        <a href="https://www.topohvar.at/orte/za/za-tr-00-00/"><img loading="lazy" decoding="async" class="alignnone wp-image-12300 size-full" src="https://www.topohvar.at/wp-content/uploads/2018/09/push-vor-30.jpg" alt="" width="61" height="30" /></a><strong> <a href="https://www.topohvar.at/orte/za/za-tr-c0-1/"><img loading="lazy" decoding="async" class="alignnone wp-image-533 size-full" src="https://www.topohvar.at/wp-content/uploads/2018/07/push-l-30.jpg" alt="" width="61" height="30" /></a> <a href="https://www.topohvar.at/orte/za/"><img loading="lazy" decoding="async" class="alignnone wp-image-535 size-full" src="https://www.topohvar.at/wp-content/uploads/2018/07/push-o-30.jpg" alt="" width="61" height="30" /></a> <a href="https://www.topohvar.at/orte/za/za-tr-14-1/"><img loading="lazy" decoding="async" class="alignnone wp-image-536 size-full" src="https://www.topohvar.at/wp-content/uploads/2018/07/push-r-30.jpg" alt="" width="61" height="30" /></a></strong></p>
<hr />
<p><strong>Adresa / Adresse<br />
</strong>Zastražišće, Vrh</p>
<p><strong>Lokacija / Position<a href="https://goo.gl/maps/BpVbBs8JU7pen7168"><img loading="lazy" decoding="async" class="alignright wp-image-11111" src="https://www.topohvar.at/wp-content/uploads/2018/09/0979.jpg" alt="" width="133" height="100" /></a><br />
</strong><span style="color: #3366ff;"><a style="color: #3366ff;" href="https://goo.gl/maps/BpVbBs8JU7pen7168">Latitude: N 43,13383°   Longitude: E 16,84220°</a></span> <strong><br />
</strong>Visina / Höhe: 318 m</p>
<p><strong>Katastarska čestica / Grundstücke<br />
</strong>1975 <div class='content-column one_half'><div style="padding-right:6px;"><p><strong>Datum snimanja / Erfassungsdatum<br />
</strong>19.09.2015 10:46:51</p>
<hr />
<p><strong>Informacije</strong></p>
<p>Skupina od dva oštećena trima se nalazi na stazi koja se odvaja od glavne ceste DC-116 istočno od Grudca i vodi gore do Humca. Kameni zid na sjevernoj strani trima povezuje ih. Istočni od ove dvije trime ima dvije stepenice. Dio njene kupole se srušio. Južna strana trima ojačana je kamenim prstenom. Pristup unutrašnjosti sada je blokiran grmljem. Unutar se nalazi zidna niša.</p></div></div><div class='content-column one_half last_column'><div style="padding-right:0px;padding-left:6px;"><p><strong>Stupanj zaštite / Schutzstellung<br />
</strong>&#8211;</p>
<hr />
<p><strong>Info</strong></p>
<p>Eine Gruppe von zwei beschädigten Trims befindet sich am Weg, der östlich von Grudac von der Hauptstraße DC-116 abzweigt und hinauf nach Humac führt. Eine Steinmauer an der Nordseite der Trims verbindet sie. Der östliche dieser zwei Trims ist zweistufig. Seine Kuppel ist zum Teil eingestürzt. Die Südseite des Trim wird durch einen Steinring verstärkt. Der Zugang zum Innenraum ist heute durch Buschwerk versperrt. Innen findet man eine Wandnische.</p></div></div><div class='clear_column'></div><div class='content-column one_half'><div style="padding-right:6px;"><div id="attachment_40415" style="width: 310px" class="wp-caption aligncenter"><img loading="lazy" decoding="async" aria-describedby="caption-attachment-40415" class="wp-image-40415 size-medium" src="https://www.topohvar.at/wp-content/uploads/2020/08/za-tr-15-17-300x300.jpg" alt="" width="300" height="300" srcset="https://www.topohvar.at/wp-content/uploads/2020/08/za-tr-15-17-300x300.jpg 300w, https://www.topohvar.at/wp-content/uploads/2020/08/za-tr-15-17-150x150.jpg 150w, https://www.topohvar.at/wp-content/uploads/2020/08/za-tr-15-17.jpg 450w" sizes="auto, (max-width: 300px) 100vw, 300px" /><p id="caption-attachment-40415" class="wp-caption-text">Ulaz u 2015. godinu / Eingangsseite 2015</p></div>
<p>Dana 22.07.2020 trim ZA-TR-15 je posjećen i ustanovljeno je sljedeće:</p>
<p>Lokacija: grmlje<br />
Podloga: ravna<br />
Povezan s: nesređnom kamenom gomilom , kamenim zidom<br />
Upotreba: ne koristi se<br />
Stanje: kupola se djelomično srušila<br />
Broj stepenica trima: ?<br />
Dodatni kameni prsten: kameni prsten djelomično<br />
Stepenište: nema<br />
Oblik kamena: uglast<br />
Područje ispred ulaza: zaraslo<br />
Orijentacija ulaza: Z (270°)<br />
Promjer trima (cm): 400<br />
Visina trima (cm): ?<br />
Visina stepenica (cm): stepenica 1: ?<br />
Debljina zida (cm): 75<br />
Širina vrata (cm): 70<br />
Visina vrata (cm): 100<br />
Širina unutra (cm): 250<br />
Visina unutra (cm): ?<br />
Volumen iznutra (m3): ?<br />
Nema niše</p></div></div><div class='content-column one_half last_column'><div style="padding-right:0px;padding-left:6px;"><div id="attachment_40412" style="width: 310px" class="wp-caption aligncenter"><img loading="lazy" decoding="async" aria-describedby="caption-attachment-40412" class="wp-image-40412 size-medium" src="https://www.topohvar.at/wp-content/uploads/2020/08/za-tr-15-09-300x300.jpg" alt="" width="300" height="300" srcset="https://www.topohvar.at/wp-content/uploads/2020/08/za-tr-15-09-300x300.jpg 300w, https://www.topohvar.at/wp-content/uploads/2020/08/za-tr-15-09-150x150.jpg 150w, https://www.topohvar.at/wp-content/uploads/2020/08/za-tr-15-09.jpg 450w" sizes="auto, (max-width: 300px) 100vw, 300px" /><p id="caption-attachment-40412" class="wp-caption-text">Oštećena kupola / beshädigte Kuppel</p></div>
<p>Am 22.07.2020 wurde der Trim ZA-TR-15 besucht und näher untersucht:</p>
<p>Standort: Buschwerk<br />
Untergrund: eben<br />
Verbunden mit: Steinhaufen ungeordnet , Steinmauer<br />
Nutzung: ungenutzt<br />
Zustand: Kuppel teilweise eingestürzt<br />
Anzahl der Trimstufen: ?<br />
Zusätzlicher Steinring: Steinring teilweise<br />
Stiege: keine<br />
Steinform: kantig<br />
Eingangsbereich: verwachsen<br />
Eingangsseite: W (270°)<br />
Trimdurchmesser (cm): 400<br />
Trimhöhe (cm): ?<br />
Höhe der Trimstufen (cm): Stufe 1: ?<br />
Wandstärke (cm): 75<br />
Türbreite (cm): 70<br />
Türhöhe (cm): 100<br />
Innenraumbreite (cm): 250<br />
Innenraumhöhe (cm): ?<br />
Raumvolumen (m3): ?<br />
Keine Nische</p></div></div><div class='clear_column'></div></p>
<p><img loading="lazy" decoding="async" class="aligncenter wp-image-40423 size-full" src="https://www.topohvar.at/wp-content/uploads/2020/08/za-tr-15-sca-1.jpg" alt="" width="640" height="975" srcset="https://www.topohvar.at/wp-content/uploads/2020/08/za-tr-15-sca-1.jpg 640w, https://www.topohvar.at/wp-content/uploads/2020/08/za-tr-15-sca-1-197x300.jpg 197w" sizes="auto, (max-width: 640px) 100vw, 640px" /></p>
<div id="attachment_39507" style="width: 1090px" class="wp-caption aligncenter"><img loading="lazy" decoding="async" aria-describedby="caption-attachment-39507" class="wp-image-39507 size-full" src="https://www.topohvar.at/wp-content/uploads/2020/08/za-tr-15-12.jpg" alt="" width="1080" height="530" srcset="https://www.topohvar.at/wp-content/uploads/2020/08/za-tr-15-12.jpg 1080w, https://www.topohvar.at/wp-content/uploads/2020/08/za-tr-15-12-300x147.jpg 300w, https://www.topohvar.at/wp-content/uploads/2020/08/za-tr-15-12-1024x503.jpg 1024w, https://www.topohvar.at/wp-content/uploads/2020/08/za-tr-15-12-768x377.jpg 768w" sizes="auto, (max-width: 1080px) 100vw, 1080px" /><p id="caption-attachment-39507" class="wp-caption-text">Trim 2020. godinu / Trim im Jahr 2020</p></div>
<p style="text-align: right;"><a href="#seite_oben">natrag na vrh / Seitenanfang</a></p>
<hr />
<p><strong>Linkovi / Links</strong></p>
<p><span style="color: #3366ff;"><a style="color: #3366ff;" href="https://www.topohvar.at/topo/orte/za/za-tr-14-1/">2 trimi »ZA-TR-14«</a></span></p>

<p>Ime / Name 2 trimi »ZA-TR-15« Code: ZA-TR-15                                          Adresa / Adresse Zastražišće, Vrh Lokacija / Position Latitude: N 43,13383°   Longitude: &hellip; <a href="https://www.topohvar.at/topo/orte/za/za-tr-15-1/">Weiterlesen <span class="meta-nav">&rarr;</span></a></p>
