{"id":1084,"date":"2018-07-28T17:02:24","date_gmt":"2018-07-28T15:02:24","guid":{"rendered":"https:\/\/www.topohvar.at\/?page_id=1084"},"modified":"2021-08-24T17:02:32","modified_gmt":"2021-08-24T15:02:32","slug":"br-mo-02-2","status":"publish","type":"page","link":"https:\/\/www.topohvar.at\/topo\/orte\/br\/br-mo-02-2\/","title":{"rendered":"BRUSJE &#8211; Spomenik \u00bbIvo Dul\u010di\u0107\u00ab"},"content":{"rendered":"<p><a name=\"seite_oben\"><\/a><br \/>\n<img loading=\"lazy\" decoding=\"async\" class=\"alignnone wp-image-1102 size-large\" src=\"https:\/\/www.topohvar.at\/wp-content\/uploads\/2018\/07\/BR-MO-02-1-1024x503.jpg\" alt=\"\" width=\"640\" height=\"314\" srcset=\"https:\/\/www.topohvar.at\/wp-content\/uploads\/2018\/07\/BR-MO-02-1-1024x503.jpg 1024w, https:\/\/www.topohvar.at\/wp-content\/uploads\/2018\/07\/BR-MO-02-1-300x147.jpg 300w, https:\/\/www.topohvar.at\/wp-content\/uploads\/2018\/07\/BR-MO-02-1-768x377.jpg 768w\" sizes=\"auto, (max-width: 640px) 100vw, 640px\" \/><\/p>\n<p><strong>Ime \/ Name<br \/>\n<\/strong>Spomenik \u00bbIvo Dul\u010di\u0107\u00ab \/ Denkmal \u00bbIvo Dul\u010di\u0107\u00ab<\/p>\n<p><strong>Code: <\/strong>BR-MO-02\u00a0 \u00a0 \u00a0 \u00a0 \u00a0 \u00a0 \u00a0 \u00a0 \u00a0 \u00a0 \u00a0 \u00a0\u00a0<strong>\u00a0 \u00a0 \u00a0 \u00a0 \u00a0<a href=\"https:\/\/www.topohvar.at\/orte\/br\/br-mo-01-2\/\"><img loading=\"lazy\" decoding=\"async\" class=\"alignnone wp-image-533 size-full\" src=\"https:\/\/www.topohvar.at\/wp-content\/uploads\/2018\/07\/push-l-30.jpg\" alt=\"\" width=\"61\" height=\"30\" \/><\/a>\u00a0<a href=\"https:\/\/www.topohvar.at\/orte\/br\/\"><img loading=\"lazy\" decoding=\"async\" class=\"alignnone wp-image-535 size-full\" src=\"https:\/\/www.topohvar.at\/wp-content\/uploads\/2018\/07\/push-o-30.jpg\" alt=\"\" width=\"61\" height=\"30\" \/><\/a>\u00a0<a href=\"https:\/\/www.topohvar.at\/orte\/br\/br-mo-03-2\/\"><img loading=\"lazy\" decoding=\"async\" class=\"alignnone wp-image-536 size-full\" src=\"https:\/\/www.topohvar.at\/wp-content\/uploads\/2018\/07\/push-r-30.jpg\" alt=\"\" width=\"61\" height=\"30\" \/><\/a><\/strong><\/p>\n<hr \/>\n<p><strong>Adresa \/ Adresse<br \/>\n<\/strong>Brusje, Trg Bl. Ivana Merza<\/p>\n<p><strong>Lokacija<\/strong><strong> \/ Position<a href=\"https:\/\/goo.gl\/maps\/WtNjD1pS5YzFxEnf6\"><img loading=\"lazy\" decoding=\"async\" class=\"alignright wp-image-811\" src=\"https:\/\/www.topohvar.at\/wp-content\/uploads\/2018\/07\/0044.jpg\" alt=\"\" width=\"134\" height=\"100\" \/><\/a><br \/>\n<\/strong><span style=\"color: #3366ff;\"><a style=\"color: #3366ff;\" href=\"https:\/\/goo.gl\/maps\/WtNjD1pS5YzFxEnf6\">Latitude: N 43,18999\u00b0\u00a0 \u00a0 Longitude: E 16,48845\u00b0\u00a0<\/a><\/span><strong><br \/>\n<\/strong>Visina \/ H\u00f6he: 331 m<\/p>\n<p><strong>Katastarska \u010destica<\/strong><strong> \/ Grundst\u00fccke<br \/>\n<\/strong>8510<div class='content-column one_half'><div style=\"padding-right:6px;\"><p><strong>Datum snimanja \/ Erfassungsdatum<br \/>\n<\/strong>18.10.2014 15:49:44<\/p>\n<hr \/>\n<p><strong>Informacije<\/strong><\/p>\n<p>Spomenik Ivu Dul\u010di\u0107u stoji ispred crkve na trgu bla\u017eenog Ivana Merza. Na bazi se mo\u017ee pro\u010ditati sljede\u0107i natpis:<\/p><\/div><\/div><div class='content-column one_half last_column'><div style=\"padding-right:0px;padding-left:6px;\"><p><strong>Stupanj za\u0161tite<\/strong><strong> \/ Schutzstellung<br \/>\n<\/strong>&#8211;<\/p>\n<hr \/>\n<p><strong>Info<\/strong><\/p>\n<p>Am Platz des seligen Ivan Merz steht vor der Kirche das Denkmal des Ivo Dul\u010di\u0107. Am Sockel ist folgende Inschrift zu lesen:<\/p><\/div><\/div><div class='clear_column'><\/div><div class='content-column one_half'><div style=\"padding-right:6px;\"><p style=\"text-align: center;\">IVO DUL\u010cI\u0106 AKADEMSKI SLIKAR 1916 \u2013 1975<\/p><\/div><\/div><div class='content-column one_half last_column'><div style=\"padding-right:0px;padding-left:6px;\"><p style=\"text-align: center;\">Ivo Dul\u010di\u0107, akademischer Maler 1916 \u2013 1975<\/p>\n<p style=\"text-align: left;\"><\/div><\/div><div class='clear_column'><\/div><\/p>\n<hr \/>\n<p style=\"text-align: left;\"><div class='content-column one_half'><div style=\"padding-right:6px;\"><p><strong>Ivo Dul\u010di\u0107<\/strong><\/p>\n<p>Rodio se 1916. u Dubrovniku, studirao je pravo u Zagrebu i Beogradu, a nakon poodmaklog studija prava upisao se u Zagrebu na Akademiju likovnih umjetnosti 1941. godine.Zidnih i oltarnih slika, Kri\u017enih putova, mozaika, a napose je impozantan njegov opus crkvenih vitraja, kroz koje se u posve\u0107ene prostore \u0161iri \u010dudesna svjelost.<\/p><\/div><\/div><div class='content-column one_half last_column'><div style=\"padding-right:0px;padding-left:6px;\"><p><strong>Ivo Dul\u010di\u0107<\/strong><\/p>\n<p>Wurde 1916 in Dubrovnik geboren, studierte Rechtswissenschaften in Zagreb und Belgrad, Nach fortgeschrittenem Studium der Rechtswissenschaften schrieb er sich 1941 in der Zagreber Akademie der Sch\u00f6nen K\u00fcnste ein. Er schuf Wand- und Altarbilder, Kreuzwege, Mosaiken, und vor allem imposante Glasfenster f\u00fcr Kirchen, deren R\u00e4ume in wunderbarem Licht erstrahlten.<\/p>\n<p style=\"text-align: left;\"><\/div><\/div><div class='clear_column'><\/div><div class='content-column one_half'><div style=\"padding-right:6px;\"><p>Ivo Dul\u010di\u0107 je veliki \u010dovjek, ne samo \u0161to je bio veliki slikar, nego je bio \u010dovjek koji se nije predao, nikad, nikome, ni\u010demu. On je \u010dovjek koji nam je govorio da na\u0111emo mjeru svoje mo\u0107i, koji je govorio:\u00a0 radite, vjerujte, imate tlo, imate domovinu i svijet u kojem \u017eivite. Taj primjer nam je dragocjen. On je veliki hrvatski slikar, i u europskom kontekstu jednako tako, ali je i veliki primjer kako izdr\u017eati, kako se boriti, kako se ne predati, u te\u0161kim okolnostima.<\/p><\/div><\/div><div class='content-column one_half last_column'><div style=\"padding-right:0px;padding-left:6px;\"><p>Ivo Dul\u010di\u0107 ist ein gro\u00dfer Mann, nicht nur ein gro\u00dfer Maler. Er war ein Mann, der nie aufgab, niemals. Er war ein Mann der uns sagte, wir sollten das Ma\u00df unserer Kraft finden: Arbeitet, Glaube, ihr habt den Boden, eure Heimat und die Welt, in der ihr lebt. Dieses Beispiel ist uns kostbar. Er ist ein gro\u00dfer kroatischer Maler gleicherma\u00dfen im europ\u00e4ischen Kontext, aber er ist auch ein gro\u00dfartiges Beispiel daf\u00fcr, wie man unter schwierigen Umst\u00e4nden ertragen, k\u00e4mpfen und sich nicht ergeben kann.<\/p><\/div><\/div><div class='clear_column'><\/div><div class='content-column one_half'><div style=\"padding-right:6px;\"><p>Velikom freskom Krist Kralj u crkvi Gospe od zdravlja u Splitu iz 1959., prvim svojim sakralnim djelom, Ivo Dul\u010di\u0107 unio je likovni modernitet u sakralne prostore u nas. U radovima sakralnih motiva u raznim tehnikama (ulje na platnu, mozaik, vitraj) u crkvama u Zagrebu, Dubrovniku, Sarajevu, Essenu, Ko\u0161ljunu, Gu\u010doj Gori, Kre\u0161evu, Podmila\u010dju i Brusju,\u00a0 Ivo Dul\u010di\u0107\u00a0 potvr\u0111uje se kao najve\u0107i moderni hrvatski slikar sakralnih tema.<\/p><\/div><\/div><div class='content-column one_half last_column'><div style=\"padding-right:0px;padding-left:6px;\"><p>Mit seiner ersten sakralen Arbeit, dem gro\u00dfen Fresko von Christus dem K\u00f6nig in der Kirche Unserer Lieben Frau vom Heil in Split im Jahr 1959, f\u00fchrte Ivo Dul\u010di\u0107 die k\u00fcnstlerische Moderne in den heiligen St\u00e4tten ein. In seinen Werken religi\u00f6ser Motive in verschiedenen Techniken (\u00d6lgem\u00e4lde, Mosaiken, Glasmalerei) in Kirchen in Zagreb, Dubrovnik, Sarajevo, Essen, Ko\u0161ljun, Guca Gora, Kresevo, Podmila\u010dje und Brusje, manifestiert sich Ivo Dul\u010di\u0107 als der gr\u00f6\u00dfte moderne kroatische Maler religi\u00f6ser Themen.<\/p><\/div><\/div><div class='clear_column'><\/div><\/p>\n<p style=\"text-align: right;\"><a href=\"#seite_oben\">natrag na vrh \/ Seitenanfang<\/a><\/p>\n<hr \/>\n<p><strong>Linkovi \/ Links<\/strong><\/p>\n<p><span style=\"color: #3366ff;\"><a style=\"color: #3366ff;\" href=\"https:\/\/www.topohvar.at\/topo\/orte\/br\/br-ci-01-2\">Slika u \u017eupnoj crkvi Sv. Jurja \/ Bild in der Pfarrkirche zum hl. Georg<\/a><\/span><\/p>\n","protected":false},"excerpt":{"rendered":"<p>Ime \/ Name Spomenik \u00bbIvo Dul\u010di\u0107\u00ab \/ Denkmal \u00bbIvo Dul\u010di\u0107\u00ab Code: BR-MO-02\u00a0 \u00a0 \u00a0 \u00a0 \u00a0 \u00a0 \u00a0 \u00a0 \u00a0 \u00a0 \u00a0 \u00a0\u00a0\u00a0 \u00a0 \u00a0 \u00a0 \u00a0\u00a0\u00a0 Adresa \/ Adresse Brusje, Trg Bl. Ivana Merza Lokacija \/ Position Latitude: N &hellip; <a href=\"https:\/\/www.topohvar.at\/topo\/orte\/br\/br-mo-02-2\/\">Weiterlesen <span class=\"meta-nav\">&rarr;<\/span><\/a><\/p>\n","protected":false},"author":1,"featured_media":0,"parent":65,"menu_order":0,"comment_status":"closed","ping_status":"closed","template":"","meta":{"footnotes":""},"class_list":["post-1084","page","type-page","status-publish","hentry"],"_links":{"self":[{"href":"https:\/\/www.topohvar.at\/topo\/wp-json\/wp\/v2\/pages\/1084","targetHints":{"allow":["GET"]}}],"collection":[{"href":"https:\/\/www.topohvar.at\/topo\/wp-json\/wp\/v2\/pages"}],"about":[{"href":"https:\/\/www.topohvar.at\/topo\/wp-json\/wp\/v2\/types\/page"}],"author":[{"embeddable":true,"href":"https:\/\/www.topohvar.at\/topo\/wp-json\/wp\/v2\/users\/1"}],"replies":[{"embeddable":true,"href":"https:\/\/www.topohvar.at\/topo\/wp-json\/wp\/v2\/comments?post=1084"}],"version-history":[{"count":9,"href":"https:\/\/www.topohvar.at\/topo\/wp-json\/wp\/v2\/pages\/1084\/revisions"}],"predecessor-version":[{"id":51450,"href":"https:\/\/www.topohvar.at\/topo\/wp-json\/wp\/v2\/pages\/1084\/revisions\/51450"}],"up":[{"embeddable":true,"href":"https:\/\/www.topohvar.at\/topo\/wp-json\/wp\/v2\/pages\/65"}],"wp:attachment":[{"href":"https:\/\/www.topohvar.at\/topo\/wp-json\/wp\/v2\/media?parent=1084"}],"curies":[{"name":"wp","href":"https:\/\/api.w.org\/{rel}","templated":true}]}}