{"id":11182,"date":"2018-09-12T15:00:41","date_gmt":"2018-09-12T13:00:41","guid":{"rendered":"https:\/\/www.topohvar.at\/?page_id=11182"},"modified":"2021-11-09T15:45:12","modified_gmt":"2021-11-09T14:45:12","slug":"gj-ci-01-1","status":"publish","type":"page","link":"https:\/\/www.topohvar.at\/topo\/orte\/gj\/gj-ci-01-1\/","title":{"rendered":"GDINJ &#8211; \u017dupna crkva \u00bbSv. Juraj mu\u010denik\u00ab"},"content":{"rendered":"<p><a name=\"seite_oben\"><\/a><br \/>\n<strong><img loading=\"lazy\" decoding=\"async\" class=\"alignnone wp-image-39971 size-full\" src=\"https:\/\/www.topohvar.at\/wp-content\/uploads\/2020\/08\/GJ-CI-01-8.jpg\" alt=\"\" width=\"768\" height=\"377\" srcset=\"https:\/\/www.topohvar.at\/wp-content\/uploads\/2020\/08\/GJ-CI-01-8.jpg 768w, https:\/\/www.topohvar.at\/wp-content\/uploads\/2020\/08\/GJ-CI-01-8-300x147.jpg 300w\" sizes=\"auto, (max-width: 768px) 100vw, 768px\" \/><\/strong><\/p>\n<p><strong>Ime \/ Name<br \/>\n<\/strong>\u017dupna crkva \u00bbSv. Juraj mu\u010denik\u00ab \/ Pfarrkirche des hl. M\u00e4rtyrers Georg<\/p>\n<p><strong>Code: <\/strong>GJ-CI-01\u00a0 \u00a0 \u00a0 \u00a0 \u00a0 \u00a0 \u00a0 \u00a0 \u00a0 \u00a0 \u00a0 \u00a0 \u00a0 \u00a0 \u00a0 \u00a0<strong><a href=\"https:\/\/www.topohvar.at\/orte\/gj\/gj-ck-02-1\/\"><img loading=\"lazy\" decoding=\"async\" class=\"alignnone wp-image-533 size-full\" src=\"https:\/\/www.topohvar.at\/wp-content\/uploads\/2018\/07\/push-l-30.jpg\" alt=\"\" width=\"61\" height=\"30\" \/><\/a> <a href=\"https:\/\/www.topohvar.at\/orte\/gj\/\"><img loading=\"lazy\" decoding=\"async\" class=\"alignnone wp-image-535 size-full\" src=\"https:\/\/www.topohvar.at\/wp-content\/uploads\/2018\/07\/push-o-30.jpg\" alt=\"\" width=\"61\" height=\"30\" \/><\/a> <a href=\"https:\/\/www.topohvar.at\/orte\/gj\/gj-ci-03-1\/\"><img loading=\"lazy\" decoding=\"async\" class=\"alignnone wp-image-536 size-full\" src=\"https:\/\/www.topohvar.at\/wp-content\/uploads\/2018\/07\/push-r-30.jpg\" alt=\"\" width=\"61\" height=\"30\" \/><\/a><\/strong><\/p>\n<hr \/>\n<p><strong>Adresa \/ Adresse<br \/>\n<\/strong>Gdinj,\u00a0Nova Crkva<\/p>\n<p><strong>Lokacija \/ Position<a href=\"https:\/\/goo.gl\/maps\/ZozW6ZQFsM4ft2LbA\"><img loading=\"lazy\" decoding=\"async\" class=\"alignright wp-image-11289\" src=\"https:\/\/www.topohvar.at\/wp-content\/uploads\/2018\/09\/0110.jpg\" alt=\"\" width=\"134\" height=\"100\" \/><\/a><br \/>\n<\/strong><span style=\"color: #3366ff;\"><a style=\"color: #3366ff;\" href=\"https:\/\/goo.gl\/maps\/ZozW6ZQFsM4ft2LbA\">Latitude: N 43,13158\u00b0\u00a0 \u00a0Longitude: E 16,94245\u00b0<\/a> <\/span><strong><br \/>\n<\/strong>Visina \/ H\u00f6he: 337 m<\/p>\n<p><strong>Katastarska \u010destica\/ Grundst\u00fccke<br \/>\n<\/strong>*350\u00a0<div class='content-column one_half'><div style=\"padding-right:6px;\"><p><strong>Datum snimanja \/ Erfassungsdatum<br \/>\n<\/strong>26.05.2013 15:09:47<\/p>\n<hr \/>\n<p><strong>Informacije<\/strong><\/p>\n<p>\u017dupska crkva Sv. Jurja sagra\u00f1ena je 1901. godine na mjestu stare crkve Gospe od zdravlja (ranje Sv. Jurja) je sagra\u00f1ena u 16. st. Crkva je jednobrodna gra\u0111evina s kvadrati\u010dnom apsidom i u produ\u017eetku poligonalnom sakristijom, dimenzije cca 9 x 26 metara. Crkva je neostilska gra\u0111evina gra\u0111ena klesancima u horizontalnim redovima, a uglovi gra\u0111evine istaknuti su plitkim lezenama.<\/p><\/div><\/div><div class='content-column one_half last_column'><div style=\"padding-right:0px;padding-left:6px;\"><p><strong>Stupanj za\u0161tite \/ Schutzstellung<br \/>\n<\/strong>Z-7219<\/p>\n<hr \/>\n<p><strong>Info<\/strong><\/p>\n<p>Die Pfarrkirche zum hl. Georg in Gdinj &#8211; Nova Crkva wurde im Jahr 1901 an Stelle der alten Kirche der Maria vom Heil (fr\u00fcher zum hl. Georg) in Gdinj &#8211; Stara Crkva aus dem 16. Jh. errichtet. Die Kirche im Neo-Stil ist ein einschiffiges Bauwerk im Ausma\u00df von ca. 9 x 26 Meter, mit einer quadratischen Apsis und einer polygonalen Sakristei. Das Mauerwerk ist in horizontalen Reihen gegliedert, die Ecken des Geb\u00e4udes sind durch flache Lisenen hervorgehoben.<\/p><\/div><\/div><div class='clear_column'><\/div><div class='content-column one_third'><div style=\"padding-right:6px;\"><p>Na zapadnom pro\u010delju je portal neobaroknog oblikovanja sa zabatnim zavr\u0161etkom iznad nadvoja, jednostavnom kru\u017enom rozetom i zidanim trodijelnim zvonikom na preslicu.\u00a0 Godina izgradnje 1901 bilje\u017ei se iznad ulaza. Zvonik je opremljen sa tri zvona proizvedena u Ljubljani, veliko zvono datira iz 1900. godine, a ostala dva iz 1925.<\/p><\/div><\/div><div class='content-column one_third'><div style=\"padding-right:6px;\"><p><img loading=\"lazy\" decoding=\"async\" class=\"aligncenter size-full wp-image-39972\" src=\"https:\/\/www.topohvar.at\/wp-content\/uploads\/2020\/08\/gj-ci-01-7.jpg\" alt=\"\" width=\"205\" height=\"252\" \/><\/p><\/div><\/div><div class='content-column one_third last_column'><div style=\"padding-right:0px;padding-left:6px;\"><p>An der Westfassade befindet sich ein neobarockes Portal mit Giebel, einer einfachen runden Rosette und einem gemauerten dreiteiligen Glockenturm an der Giebelspitze. Das Gr\u00fcndungsjahr 1901 ist \u00fcber dem Eingang vermerkt. Der Glockenturm ist mit drei in Ljubljana hergestellten Glocken ausgestattet. Die gro\u00dfe Glocke stammt aus dem Jahr 1900 und die beiden anderen aus dem Jahr 1925.<\/p><\/div><\/div><div class='clear_column'><\/div><div class='content-column one_half'><div style=\"padding-right:6px;\"><p>Na sjevernom i ju\u017enom pro\u010delju crkve su po tri izdu\u017eena prozora polukru\u017enog zavr\u0161etka, ukra\u0161eni klesanim nadvojima. Crkva ima kamenu profiliranu strehu i dvostre\u0161ni krov sa pokrovom od utorenog crijepa, gra\u0111ena je kamenom lokalnog podrijetla, dok su klesani elementi izvedeni od kor\u010dulanskog kamena.<\/p><\/div><\/div><div class='content-column one_half last_column'><div style=\"padding-right:0px;padding-left:6px;\"><p>An der Nord- und S\u00fcdfassade der Kirche befinden sich drei l\u00e4ngliche Rundbogenfenster, die mit behauenen St\u00fcrzen verziert sind. Die Kirche hat eine Traufe aus Steinprofilen und ein Satteldach mit gerillten Ziegeln. der verwendete Stein ist aus lokaler Herkunft, w\u00e4hrend die gemei\u00dfelten Elemente aus Korcula-Stein bestehen.<\/p><\/div><\/div><div class='clear_column'><\/div><div class='content-column one_half'><div style=\"padding-right:6px;\"><p>U unutra\u0161njosti je crkva o\u017ebukana, sa horizontalnim plafonom ukra\u0161enim profilacijama i kamenim podom. Na istoku je sveti\u0161te u kojem je Pavao Bilini\u0107 1907. godine izradio glavni oltar u mramoru, sa kipovima sv. Jurja i suza\u0161titnika crkve sv. Kvirina i sv. Bonifacija. Na zapadu je drveni kor postavljen na dva kamena stupa<\/p><\/div><\/div><div class='content-column one_half last_column'><div style=\"padding-right:0px;padding-left:6px;\"><p>Das Innere der Kirche ist verputzt. Sie hat eine horizontale profilierte Decke und einen Steinboden. Im Osten befindet sich das Allerheiligste, in dem sich der von Paul Bilini\u0107 1907 errichtete den Hauptaltar aus Marmor befindet mit Statuen des heiligen Georg und Mitpatron der Kirche des hl. Quirin und des hl. Bonifatius. Im Westen ruht der h\u00f6lzerne Chor auf zwei Steins\u00e4ulen.<\/p><\/div><\/div><div class='clear_column'><\/div><div class='content-column one_half'><div style=\"padding-right:6px;\"><p>U brodu crkve su dva oltara, uz sjeverni zid crkve je oltar posve\u0107en Gospi Ru\u017earici, pretpostavlja se Bilini\u0107ev rad, dok je uz ju\u017eni zid postavljen oltar Srca Isusova, kojeg je 1908. godine izradio kipar i altarist Josef Obletter iz Tirola, izra\u0111en u polikromiranom drvu. Na tom su oltaru postavljeni kipovi Isusa, sv. Antuna Padovanskog i sv. Spiridona, na antependiju je prikaz Posljednje ve\u010dere, a isti je autor izradio i Gospin kip na sjevernom oltaru, ophodno raspelo i dva para an\u0111ela klanjatelja.<\/p><\/div><\/div><div class='content-column one_half last_column'><div style=\"padding-right:0px;padding-left:6px;\"><p>Im Kirchenschiff stehen zwei Alt\u00e4re. An der Nordwand der Altar der Muttergottes vom Rosenkranz, vermutlich ein Werk des Bilini\u0107, sowie der Herz-Jesu-Altar an der S\u00fcdwand. Auf diesem Altar befinden sich die eine Jesusstatue, und Statuen des hl. Antoniuis von Padua und des hl. Spiridon. Das Antependium (Unterbau des Altares) zeigt eine Darstellung des Letzten Abendmahls. Der selbe K\u00fcnstler schuf auch eine Statue Unserer Lieben Frau auf dem Nordaltar, eine Kreuzigung und zwei Paare betender Engel.<\/p><\/div><\/div><div class='clear_column'><\/div><div class='content-column one_half'><div style=\"padding-right:6px;\"><p>Od ostalih umjetnina u crkvi se nalaze kip Djeti\u0107a u jaslicama iz 1907. godine, rad zavoda Artigianalli iz Trenta, uljena slika Bo\u017ejeg groba autora Krafta iz 1889. godine i kri\u017eni put nabavljen 1908. godine u Splitu.<\/p><\/div><\/div><div class='content-column one_half last_column'><div style=\"padding-right:0px;padding-left:6px;\"><p>Weitere Kunstwerke in der Kirche sind Jesus in der Krippe, aus der Werkstatt Artiginalli in Trient, aus dem Jahr 1907, ein \u00d6lgem\u00e4lde des Grabes Christi des K\u00fcnstlers Kraft aus dem Jahr 1889 und der Kreuzweg aus dem Jahr 1908 aus Split.<\/p><\/div><\/div><div class='clear_column'><\/div><div class='content-column one_half'><div style=\"padding-right:6px;\"><p>U crkvi se \u010duva i preostali inventar stare crkve sv. Jurja, me\u0111u kojima se isti\u010du oltarna pala autora Vicka Pellegrinija iz 1778. godine, drveni kipovi Gospe i sv. Antuna (oko 1700. godine), krstionica iz 1767. godine, te srebrnina (kale\u017e, mo\u0107nik, ophodno raspelo, pokaznica) iz 16.-18. stolje\u0107a.<\/p><\/div><\/div><div class='content-column one_half last_column'><div style=\"padding-right:0px;padding-left:6px;\"><p>Die Kirche verwahrt auch das verbleibende Inventar der alten Georgskirche. Darunter befinden sich die Altarbilder des Vicko Pellegrini aus dem Jahr 1778, die Holzstatuen Unserer Lieben Frau und des hl. Antonius (um 1700), das Baptisterium aus dem Jahr 1767 sowie Silbergegenst\u00e4nde (Kelch, Reliquiar, Kruzifix, Monstranz) aus dem 16. &#8211; 18. Jahrhundert.<\/p><\/div><\/div><div class='clear_column'><\/div><div class='content-column one_half'><div style=\"padding-right:6px;\"><p>Prof. Ivko Radovanovi\u0107 je pak 1930.\/31. izradio svojevrsnu repliku glavne oltarne slike s likom sv. Jurja, a bila je ukradena u doba I. svjetskog rata. Ona se privremeno, zajedno s jo\u0161 dvije pale, \u010duva u novoj \u017eupnoj crkvi da ih ne bi uni\u0161tila vlaga i druge vremenske nepogode.<\/p><\/div><\/div><div class='content-column one_half last_column'><div style=\"padding-right:0px;padding-left:6px;\"><p>Prof. Ivko Radovanovi\u0107 machte 1930\/31 eine Replik des Hauptaltarbildes der alten Pfarrkirche des hl. Georg mit dem Bildnis des hl. Georg das in der Zeit des Ersten Weltkriegs gestohlen wurde. Es wird vor\u00fcbergehend zusammen mit zwei weiteren F\u00e4llen in der neuen Pfarrkirche aufbewahrt, um sie durch Feuchtigkeit und andere Wetterkatastrophen nicht zu ruinieren.<\/p><\/div><\/div><div class='clear_column'><\/div><div class='content-column one_half'><div style=\"padding-right:6px;\"><p>Prostor oko crkve ogra\u0111en je kamenim zidom, a na uglu je postavljen kameni kri\u017e donesen sa prostora \u201e\u0161imatorija\u201c (groblja) uz staru crkvu sv. Jurja.<\/p><\/div><\/div><div class='content-column one_half last_column'><div style=\"padding-right:0px;padding-left:6px;\"><p>Der Bereich um die Kirche ist von einer Steinmauer umgeben an der Ecke ein Steinkreuz errichtet wurde. Es stammt vom &#8222;Shimatorium&#8220; (Friedhof) neben der alten St. Georgskirche.<\/p><\/div><\/div><div class='clear_column'><\/div><\/p>\n<p style=\"text-align: right;\"><span style=\"color: #3366ff;\"><a style=\"color: #3366ff;\" href=\"#seite_oben\">natrag na vrh \/ Seitenanfang<\/a><\/span><\/p>\n<hr \/>\n<p><strong>Linkovi \/ Links<\/strong><\/p>\n<p><span style=\"color: #3366ff;\"><a style=\"color: #3366ff;\" href=\"https:\/\/www.topohvar.at\/orte\/gj\/gj-ci-02-1\/\">Crkva \u00bbGospe od zdravlja (ranje Sv. Jurja)\u00ab \/ Kirche Maria vom Heil (fr\u00fcher zum hl. Georg)<\/a><br \/>\n<a style=\"color: #3366ff;\" href=\"https:\/\/www.topohvar.at\/topo\/orte\/gj\/gj-cz-01-1\/\">Kri\u017e \u00bbIspred crkve Sv. Juraj mu\u010denik\u00ab \/ Kreuz vor der Kirche zum hl. Georg<\/a><\/span><\/p>\n","protected":false},"excerpt":{"rendered":"<p>Ime \/ Name \u017dupna crkva \u00bbSv. Juraj mu\u010denik\u00ab \/ Pfarrkirche des hl. M\u00e4rtyrers Georg Code: GJ-CI-01\u00a0 \u00a0 \u00a0 \u00a0 \u00a0 \u00a0 \u00a0 \u00a0 \u00a0 \u00a0 \u00a0 \u00a0 \u00a0 \u00a0 \u00a0 \u00a0 Adresa \/ Adresse Gdinj,\u00a0Nova Crkva Lokacija \/ Position Latitude: &hellip; <a href=\"https:\/\/www.topohvar.at\/topo\/orte\/gj\/gj-ci-01-1\/\">Weiterlesen <span class=\"meta-nav\">&rarr;<\/span><\/a><\/p>\n","protected":false},"author":1,"featured_media":0,"parent":72,"menu_order":0,"comment_status":"closed","ping_status":"closed","template":"","meta":{"footnotes":""},"class_list":["post-11182","page","type-page","status-publish","hentry"],"_links":{"self":[{"href":"https:\/\/www.topohvar.at\/topo\/wp-json\/wp\/v2\/pages\/11182","targetHints":{"allow":["GET"]}}],"collection":[{"href":"https:\/\/www.topohvar.at\/topo\/wp-json\/wp\/v2\/pages"}],"about":[{"href":"https:\/\/www.topohvar.at\/topo\/wp-json\/wp\/v2\/types\/page"}],"author":[{"embeddable":true,"href":"https:\/\/www.topohvar.at\/topo\/wp-json\/wp\/v2\/users\/1"}],"replies":[{"embeddable":true,"href":"https:\/\/www.topohvar.at\/topo\/wp-json\/wp\/v2\/comments?post=11182"}],"version-history":[{"count":17,"href":"https:\/\/www.topohvar.at\/topo\/wp-json\/wp\/v2\/pages\/11182\/revisions"}],"predecessor-version":[{"id":53292,"href":"https:\/\/www.topohvar.at\/topo\/wp-json\/wp\/v2\/pages\/11182\/revisions\/53292"}],"up":[{"embeddable":true,"href":"https:\/\/www.topohvar.at\/topo\/wp-json\/wp\/v2\/pages\/72"}],"wp:attachment":[{"href":"https:\/\/www.topohvar.at\/topo\/wp-json\/wp\/v2\/media?parent=11182"}],"curies":[{"name":"wp","href":"https:\/\/api.w.org\/{rel}","templated":true}]}}