{"id":11186,"date":"2018-09-12T15:03:58","date_gmt":"2018-09-12T13:03:58","guid":{"rendered":"https:\/\/www.topohvar.at\/?page_id=11186"},"modified":"2024-11-23T17:34:25","modified_gmt":"2024-11-23T16:34:25","slug":"gj-ci-02-1","status":"publish","type":"page","link":"https:\/\/www.topohvar.at\/topo\/orte\/gj\/gj-ci-02-1\/","title":{"rendered":"GDINJ &#8211; Crkva \u00bbGospe od zdravlja (ranje Sv. Jurja)\u00ab"},"content":{"rendered":"<p><a name=\"seite_oben\"><\/a><br \/>\n<strong><img loading=\"lazy\" decoding=\"async\" class=\"alignnone wp-image-11124 size-large\" src=\"https:\/\/www.topohvar.at\/wp-content\/uploads\/2018\/09\/GJ-CI-02-0-1024x503.jpg\" alt=\"\" width=\"640\" height=\"314\" srcset=\"https:\/\/www.topohvar.at\/wp-content\/uploads\/2018\/09\/GJ-CI-02-0-1024x503.jpg 1024w, https:\/\/www.topohvar.at\/wp-content\/uploads\/2018\/09\/GJ-CI-02-0-300x147.jpg 300w, https:\/\/www.topohvar.at\/wp-content\/uploads\/2018\/09\/GJ-CI-02-0-768x377.jpg 768w, https:\/\/www.topohvar.at\/wp-content\/uploads\/2018\/09\/GJ-CI-02-0.jpg 1080w\" sizes=\"auto, (max-width: 640px) 100vw, 640px\" \/><\/strong><\/p>\n<p><strong>Ime \/ Name<br \/>\n<\/strong>Crkva \u00bbGospe od zdravlja (ranje Sv. Jurja)\u00ab \/ Kirche Maria vom Heil (fr\u00fcher zum hl. Georg)<\/p>\n<p><strong>Code: <\/strong>GJ-CI-02\u00a0 \u00a0 \u00a0 \u00a0 \u00a0 \u00a0 \u00a0 \u00a0 \u00a0 \u00a0 \u00a0 \u00a0 \u00a0 \u00a0 \u00a0 \u00a0<strong><a href=\"https:\/\/www.topohvar.at\/orte\/gj\/gj-ci-03-1\/\"><img loading=\"lazy\" decoding=\"async\" class=\"alignnone wp-image-533 size-full\" src=\"https:\/\/www.topohvar.at\/wp-content\/uploads\/2018\/07\/push-l-30.jpg\" alt=\"\" width=\"61\" height=\"30\" \/><\/a> <a href=\"https:\/\/www.topohvar.at\/orte\/gj\/\"><img loading=\"lazy\" decoding=\"async\" class=\"alignnone wp-image-535 size-full\" src=\"https:\/\/www.topohvar.at\/wp-content\/uploads\/2018\/07\/push-o-30.jpg\" alt=\"\" width=\"61\" height=\"30\" \/><\/a> <a href=\"https:\/\/www.topohvar.at\/orte\/gj\/gj-ck-01-1\/\"><img loading=\"lazy\" decoding=\"async\" class=\"alignnone wp-image-536 size-full\" src=\"https:\/\/www.topohvar.at\/wp-content\/uploads\/2018\/07\/push-r-30.jpg\" alt=\"\" width=\"61\" height=\"30\" \/><\/a><\/strong><\/p>\n<hr \/>\n<p><strong>Adresa \/ Adresse<br \/>\n<\/strong>Gdinj,\u00a0Stara Crkva<\/p>\n<p><strong>Lokacija \/ Position<a href=\"https:\/\/goo.gl\/maps\/kbKNZcjpKtgvYAJk9\"><img loading=\"lazy\" decoding=\"async\" class=\"alignright wp-image-11295\" src=\"https:\/\/www.topohvar.at\/wp-content\/uploads\/2018\/09\/0111.jpg\" alt=\"\" width=\"134\" height=\"100\" \/><\/a><br \/>\n<\/strong><span style=\"color: #3366ff;\"><a style=\"color: #3366ff;\" href=\"https:\/\/goo.gl\/maps\/kbKNZcjpKtgvYAJk9\">Latitude: N 43,13317\u00b0\u00a0 \u00a0Longitude: E 16,95271\u00b0<\/a> <\/span><strong><br \/>\n<\/strong>Visina \/ H\u00f6he: 364 m<\/p>\n<p><strong>Katastarska \u010destica \/ Grundst\u00fccke<br \/>\n<\/strong>*42\u00a0<div class='content-column one_half'><div style=\"padding-right:6px;\"><p><strong>Datum snimanja \/ Erfassungsdatum<br \/>\n<\/strong>27.05.2014 11:35:11<\/p>\n<hr \/>\n<p><strong>Informacije<\/strong><\/p>\n<p>Rije\u010d je o skromnoj, ali izuzetno dobro ambijentiranoj renesansno-baroknoj gra\u0111evini (800 metara sjeveroisto\u010dno od centra Gdinja), \u0161to je gra\u0111ena sredinom XVI. Stolje\u0107a. Stara \u017eupna crkva Sv. Jurja prvi put se u pisanim dokumentima spominje 1558. godine. Slu\u017eila je za \u017eupe Bogomolje i Gdinj.<\/p><\/div><\/div><div class='content-column one_half last_column'><div style=\"padding-right:0px;padding-left:6px;\"><p><strong>Stupanj za\u0161tite \/ Schutzstellung<br \/>\n<\/strong>Z-4785<\/p>\n<hr \/>\n<p><strong>Info<\/strong><\/p>\n<p>Es ist ein bescheidener, aber sehr stimmungsvoller Renaissance-Barock-Bau (800 Meter nord\u00f6stlich des Zentrums von Gdinj), der in der Mitte des 16. Jahrhunderts gebaut wurde. Die alte Pfarrkirche des hl. Georg wurde in schriftlichen Quellen zum ersten Mal im Jahre 1558 erw\u00e4hnt. Sie diente den Pfarreien Bogomolje und Gdinj.<\/p><\/div><\/div><div class='clear_column'><\/div><div class='content-column one_half'><div style=\"padding-right:6px;\"><p>Godine 1691. uz ju\u017eni zid dogra\u0111uje se kapela, a godine 1750. dogra\u0111ena je i sjeverna kapela jednakog oblikovanja. O tome svjedo\u010di i natpis na natprozorniku prozor\u010di\u0107a na vanjskom zidu. Kapele su zidane kamenom, sa manjim bo\u010dnim prozorima, svo\u0111ene ba\u010dvastim svodom. Sredinom XVIII. stolje\u0107a produljen je glavni brod prema zapadu i oblikovano novo pro\u010delje sa baroknim portalom nad kojim je kamena rozeta. U zabatu glavnog pro\u010delja izgra\u0111ena je 1804. godine kamena trodijelna preslica. Na sjeveru apside dogra\u0111ena je sakristija u XVIII. stolje\u0107u. Svi su krovovi pokriveni kamenom plo\u010dom.<\/p><\/div><\/div><div class='content-column one_half last_column'><div style=\"padding-right:0px;padding-left:6px;\"><p>Im Jahr 1691 wurde an die S\u00fcdwand eine Kapelle und 1750 eine gleichgestaltete Kapelle an die Nordwand hinzugef\u00fcgt. Eine Inschrift am Sturz eines kleinen Fensters an der Au\u00dfenwand bezeugt dies. Die Kapellen wurden aus Stein errichtet, haben ein Tonnengew\u00f6lbe und kleinere Seitenfenster. Mitte des 19. Jahrhunderts wurde das Hauptschiff nach Westen erweitert und eine neue Fassade mit einem Barockportal geschaffen, \u00fcber dem sich eine Steinrosette befindet. Im Giebel der Hauptfassade wurde 1804 ein dreiteiliger Glockenturm gebaut. N\u00f6rdlich der Apsis wurde im 18. Jh. eine Sakristei hinzugef\u00fcgt. Jahrhundert. Alle D\u00e4cher sind mit Steinplatten gedeckt.<\/p><\/div><\/div><div class='clear_column'><\/div><div class='content-column one_half'><div style=\"padding-right:6px;\"><p>Krajem 1902. godine preimenovana je u crkvu prikazanja BDM (Gospa od milosti), a bogoslu\u017eje je, zbog njene tjesno\u0107e i ru\u0161evnosti, preneseno u novu \u017eupnu crkvu Sv. Jurja.<\/p><\/div><\/div><div class='content-column one_half last_column'><div style=\"padding-right:0px;padding-left:6px;\"><p>Ende 1902 wurde die Kirche in \u201eDarstellung der Jungfrau Maria\u201c umbenannt, und die kirchlichen Agenden aufgrund seiner Enge und des schlechten Bauzustandes an die neue Pfarrkirche des hl. Georg in Gdinj-Nova Crkva \u00fcbertragen.<\/p><\/div><\/div><div class='clear_column'><\/div><div class='content-column one_third'><div style=\"padding-right:6px;\"><p>Bilo je nekoliko neuspje\u0161nih poku\u0161aja obnove crkve. Mladen Vukovi\u0107 iz Zavoda za za\u0161titu spomenika kulture u Splitu i nedavno preminuli mje\u0161tanin Ivo Radovanovi\u0107 napravili su stati\u010dki uvi\u0111aj iz kojeg se jasno vidi da ju je potrebno temeljito obnoviti.<\/p><\/div><\/div><div class='content-column one_third'><div style=\"padding-right:6px;\"><p><img loading=\"lazy\" decoding=\"async\" class=\"aligncenter size-full wp-image-36408\" src=\"https:\/\/www.topohvar.at\/wp-content\/uploads\/2020\/04\/gj-ci-03-12.jpg\" alt=\"\" width=\"450\" height=\"600\" srcset=\"https:\/\/www.topohvar.at\/wp-content\/uploads\/2020\/04\/gj-ci-03-12.jpg 450w, https:\/\/www.topohvar.at\/wp-content\/uploads\/2020\/04\/gj-ci-03-12-225x300.jpg 225w\" sizes=\"auto, (max-width: 450px) 100vw, 450px\" \/><\/p><\/div><\/div><div class='content-column one_third last_column'><div style=\"padding-right:0px;padding-left:6px;\"><p>Es wurden mehrere erfolglose Versuche unternommen die Kirche zu restaurieren. Mladen Vukovi\u0107 vom Institut f\u00fcr Denkmalschutz in Split und dem k\u00fcrzlich verstorbene Bewohner Ivo Radovanovi\u0107 machten in einem Statik-Gutachten klar, dass sie umfassend restauriert werden muss.<\/p><\/div><\/div><div class='clear_column'><\/div><div class='content-column one_half'><div style=\"padding-right:6px;\"><p>Prof. Ivko Radovanovi\u0107 je pak 1930.\/31. izradio svojevrsnu repliku glavne oltarne slike s likom sv. Jurja, a bila je ukradena u doba I. svjetskog rata. Ona se privremeno, zajedno s jo\u0161 dvije pale, \u010duva u novoj \u017eupnoj crkvi da ih ne bi uni\u0161tila vlaga i druge vremenske nepogode.<\/p><\/div><\/div><div class='content-column one_half last_column'><div style=\"padding-right:0px;padding-left:6px;\"><p>Prof. Ivko Radovanovi\u0107 machte 1930\/31 eine Replik des Hauptaltarbildes der alten Pfarrkirche des hl. Georg mit dem Bildnis des hl. Georg das in der Zeit des Ersten Weltkriegs gestohlen wurde. Es wird vor\u00fcbergehend zusammen mit zwei weiteren in der neuen Pfarrkirche zum hl. Georg aufbewahrt, um sie durch Feuchtigkeit und andere Wetterkatastrophen nicht zu ruinieren<\/p><\/div><\/div><div class='clear_column'><\/div><div class='content-column one_half'><div style=\"padding-right:6px;\"><p>U 2019. godini dovr\u0161ene su obnove za obnovu Stare crikve. Rad je obavljen u okviru programa koji su podr\u017eali Ministarstvo kulture Republike Hrvatske, Splitsko-dalmatinska \u017eupanija, op\u0107ina Jelsa i HEP grupa.<\/p><\/div><\/div><div class='content-column one_half last_column'><div style=\"padding-right:0px;padding-left:6px;\"><p>Im Jahr 2019 wurden Renovierungsarbeiten zur Wiederherstellung von Stari crikva abgeschlossen. Die Arbeiten erfolgten im Rahmen der vom Kulturministerium der Republik Kroatien, des Landkreises Split-Dalmatien, der Gemeinde Jelsa und der HEP-Gruppe unterst\u00fctzten Programme.<\/p><\/div><\/div><div class='clear_column'><\/div><div class='content-column one_half'><div style=\"padding-right:6px;\"><p>Zavr\u0161ena je sanacija krova vra\u0107anjem kamenog pokrova i njegovim fugiranjem. Obavljeni su radovi saniranja temelja i injektiranja glavnih pukotina na jugoisto\u010dnoj strani crkve. Dobiven je priklju\u010dak crkve na distribucijsku mre\u017eu HEP, a u okviru tih radova u potpunosti je ra\u0161\u010di\u0161\u0107en glavni prilazni put koji vodi od ku\u0107a do crkve. Svemu navedenome prethodilo je uklanjanje borova koji su ugro\u017eavali crkvu.<\/p><\/div><\/div><div class='content-column one_half last_column'><div style=\"padding-right:0px;padding-left:6px;\"><p>Das Dach wurde repariert, indem die Steindeckung wiederhergestellt und verfugt wurde. Es wurden Arbeiten durchgef\u00fchrt, um die Fundamente zu reparieren und die Hauptrisse an der S\u00fcdostseite der Kirche zu injizieren. Die Verbindung der Kirche zum Stromnetz wurde hergestellt, und die Hauptzufahrtsstra\u00dfe, die von den H\u00e4usern zur Kirche f\u00fchrt, vollst\u00e4ndig ger\u00e4umt. Allem ging die Entfernung der Kiefer voraus, die die Kirche bedrohten.<\/p><\/div><\/div><div class='clear_column'><\/div><\/p>\n<p><img loading=\"lazy\" decoding=\"async\" class=\"aligncenter wp-image-34476 size-large\" src=\"https:\/\/www.topohvar.at\/wp-content\/uploads\/2020\/03\/gj-ci-02-7-1024x442.jpg\" alt=\"\" width=\"640\" height=\"276\" srcset=\"https:\/\/www.topohvar.at\/wp-content\/uploads\/2020\/03\/gj-ci-02-7-1024x442.jpg 1024w, https:\/\/www.topohvar.at\/wp-content\/uploads\/2020\/03\/gj-ci-02-7-300x129.jpg 300w, https:\/\/www.topohvar.at\/wp-content\/uploads\/2020\/03\/gj-ci-02-7-768x331.jpg 768w, https:\/\/www.topohvar.at\/wp-content\/uploads\/2020\/03\/gj-ci-02-7.jpg 1080w\" sizes=\"auto, (max-width: 640px) 100vw, 640px\" \/><\/p>\n<div class='content-column one_half'><div style=\"padding-right:6px;\"><p>Registar kulturnih dobara Republike Hrvatske br. 01\/2011.<br \/>\nDatum tiskanog izdanja: 04. 08. 2011.<br \/>\nBroj registra: Z-4785<\/p><\/div><\/div><div class='content-column one_half last_column'><div style=\"padding-right:0px;padding-left:6px;\"><p>Register der Kulturg\u00fcter der Republik Kroatien Nr. 01\/2011.<br \/>\nVer\u00f6ffentlichungsdatum: 04. 08. 2011.<br \/>\nRegistriernummer: Z-4785<\/p><\/div><\/div><div class='clear_column'><\/div><\/p>\n<div id=\"attachment_70524\" style=\"width: 650px\" class=\"wp-caption aligncenter\"><img loading=\"lazy\" decoding=\"async\" aria-describedby=\"caption-attachment-70524\" class=\"size-full wp-image-70524\" src=\"https:\/\/www.topohvar.at\/wp-content\/uploads\/2024\/11\/gj-ci-02-21.jpg\" alt=\"\" width=\"640\" height=\"363\" srcset=\"https:\/\/www.topohvar.at\/wp-content\/uploads\/2024\/11\/gj-ci-02-21.jpg 640w, https:\/\/www.topohvar.at\/wp-content\/uploads\/2024\/11\/gj-ci-02-21-300x170.jpg 300w\" sizes=\"auto, (max-width: 640px) 100vw, 640px\" \/><p id=\"caption-attachment-70524\" class=\"wp-caption-text\">obnovljena crkva 2024. g. \/ renovierte Kirche 2024<\/p><\/div>\n<p style=\"text-align: right;\"><span style=\"color: #3366ff;\"><a style=\"color: #3366ff;\" href=\"#seite_oben\">natrag na vrh \/ Seitenanfang<\/a><\/span><\/p>\n<hr \/>\n<p><strong>Linkovi \/ Links<\/strong><\/p>\n<p><span style=\"color: #3366ff;\"><a style=\"color: #3366ff;\" href=\"https:\/\/www.topohvar.at\/topo\/orte\/gj\/gj-in-01-1\/\">Natpis na natprozorniku \/ Inschrift am Fenstersturz<\/a><br \/>\n<a style=\"color: #3366ff;\" href=\"https:\/\/www.topohvar.at\/orte\/gj\/gj-ci-01-1\/\">Nova \u017eupnoj crkva \/ Neue Pfarrkirche<\/a><br \/>\n<a style=\"color: #3366ff;\" href=\"https:\/\/hrcak.srce.hr\/file\/316782\">Jo\u0161ko Kova\u010di\u0107, Zupa Gdinj na Hvar (PDF)<\/a><\/span><\/p>\n","protected":false},"excerpt":{"rendered":"<p>Ime \/ Name Crkva \u00bbGospe od zdravlja (ranje Sv. Jurja)\u00ab \/ Kirche Maria vom Heil (fr\u00fcher zum hl. Georg) Code: GJ-CI-02\u00a0 \u00a0 \u00a0 \u00a0 \u00a0 \u00a0 \u00a0 \u00a0 \u00a0 \u00a0 \u00a0 \u00a0 \u00a0 \u00a0 \u00a0 \u00a0 Adresa \/ Adresse Gdinj,\u00a0Stara &hellip; <a href=\"https:\/\/www.topohvar.at\/topo\/orte\/gj\/gj-ci-02-1\/\">Weiterlesen <span class=\"meta-nav\">&rarr;<\/span><\/a><\/p>\n","protected":false},"author":1,"featured_media":0,"parent":72,"menu_order":0,"comment_status":"closed","ping_status":"closed","template":"","meta":{"footnotes":""},"class_list":["post-11186","page","type-page","status-publish","hentry"],"_links":{"self":[{"href":"https:\/\/www.topohvar.at\/topo\/wp-json\/wp\/v2\/pages\/11186","targetHints":{"allow":["GET"]}}],"collection":[{"href":"https:\/\/www.topohvar.at\/topo\/wp-json\/wp\/v2\/pages"}],"about":[{"href":"https:\/\/www.topohvar.at\/topo\/wp-json\/wp\/v2\/types\/page"}],"author":[{"embeddable":true,"href":"https:\/\/www.topohvar.at\/topo\/wp-json\/wp\/v2\/users\/1"}],"replies":[{"embeddable":true,"href":"https:\/\/www.topohvar.at\/topo\/wp-json\/wp\/v2\/comments?post=11186"}],"version-history":[{"count":16,"href":"https:\/\/www.topohvar.at\/topo\/wp-json\/wp\/v2\/pages\/11186\/revisions"}],"predecessor-version":[{"id":70525,"href":"https:\/\/www.topohvar.at\/topo\/wp-json\/wp\/v2\/pages\/11186\/revisions\/70525"}],"up":[{"embeddable":true,"href":"https:\/\/www.topohvar.at\/topo\/wp-json\/wp\/v2\/pages\/72"}],"wp:attachment":[{"href":"https:\/\/www.topohvar.at\/topo\/wp-json\/wp\/v2\/media?parent=11186"}],"curies":[{"name":"wp","href":"https:\/\/api.w.org\/{rel}","templated":true}]}}