{"id":11232,"date":"2018-09-12T15:37:59","date_gmt":"2018-09-12T13:37:59","guid":{"rendered":"https:\/\/www.topohvar.at\/?page_id=11232"},"modified":"2021-04-14T08:55:19","modified_gmt":"2021-04-14T06:55:19","slug":"gj-tr-03-1","status":"publish","type":"page","link":"https:\/\/www.topohvar.at\/topo\/orte\/gj\/gj-tr-03-1\/","title":{"rendered":"GDINJ &#8211; Trim \u00bbGJ-TR-03\u00ab"},"content":{"rendered":"<p><a name=\"seite_oben\"><\/a><br \/>\n<strong><img loading=\"lazy\" decoding=\"async\" class=\"alignnone wp-image-11155 size-large\" src=\"https:\/\/www.topohvar.at\/wp-content\/uploads\/2018\/09\/gj-tr-03-0-1024x503.jpg\" alt=\"\" width=\"640\" height=\"314\" srcset=\"https:\/\/www.topohvar.at\/wp-content\/uploads\/2018\/09\/gj-tr-03-0-1024x503.jpg 1024w, https:\/\/www.topohvar.at\/wp-content\/uploads\/2018\/09\/gj-tr-03-0-300x147.jpg 300w, https:\/\/www.topohvar.at\/wp-content\/uploads\/2018\/09\/gj-tr-03-0-768x377.jpg 768w, https:\/\/www.topohvar.at\/wp-content\/uploads\/2018\/09\/gj-tr-03-0.jpg 1080w\" sizes=\"auto, (max-width: 640px) 100vw, 640px\" \/><\/strong><\/p>\n<p><strong>Ime \/ Name<br \/>\n<\/strong>Trim \u00bbGJ-TR-03\u00ab<\/p>\n<p><strong>Code: <\/strong>GJ-TR-03\u00a0 \u00a0 \u00a0 \u00a0 \u00a0 \u00a0 \u00a0 \u00a0 \u00a0 \u00a0 \u00a0 \u00a0 \u00a0 \u00a0 \u00a0 \u00a0<strong><a href=\"https:\/\/www.topohvar.at\/orte\/gj\/gj-tr-00-1\/\"><img loading=\"lazy\" decoding=\"async\" class=\"alignnone wp-image-12300 size-full\" src=\"https:\/\/www.topohvar.at\/wp-content\/uploads\/2018\/09\/push-vor-30.jpg\" alt=\"\" width=\"61\" height=\"30\" \/><\/a> <a href=\"https:\/\/www.topohvar.at\/orte\/gj\/gj-tr-02-1\/\"><img loading=\"lazy\" decoding=\"async\" class=\"alignnone wp-image-533 size-full\" src=\"https:\/\/www.topohvar.at\/wp-content\/uploads\/2018\/07\/push-l-30.jpg\" alt=\"\" width=\"61\" height=\"30\" \/><\/a> <a href=\"https:\/\/www.topohvar.at\/orte\/gj\/\"><img loading=\"lazy\" decoding=\"async\" class=\"alignnone wp-image-535 size-full\" src=\"https:\/\/www.topohvar.at\/wp-content\/uploads\/2018\/07\/push-o-30.jpg\" alt=\"\" width=\"61\" height=\"30\" \/><\/a> <a href=\"https:\/\/www.topohvar.at\/orte\/gj\/gj-tr-11-1\/\"><img loading=\"lazy\" decoding=\"async\" class=\"alignnone wp-image-536 size-full\" src=\"https:\/\/www.topohvar.at\/wp-content\/uploads\/2018\/07\/push-r-30.jpg\" alt=\"\" width=\"61\" height=\"30\" \/><\/a><\/strong><\/p>\n<hr \/>\n<p><strong>Adresa \/ Adresse<br \/>\n<\/strong>Gdinj,\u00a0Dugi Dolac<\/p>\n<p><strong>Lokacija \/ Position<a href=\"https:\/\/goo.gl\/maps\/VtjgFVdHwqWVNWoa6\"><img loading=\"lazy\" decoding=\"async\" class=\"alignright wp-image-11263\" src=\"https:\/\/www.topohvar.at\/wp-content\/uploads\/2018\/09\/0133.jpg\" alt=\"\" width=\"134\" height=\"100\" \/><\/a><br \/>\n<\/strong><span style=\"color: #3366ff;\"><a style=\"color: #3366ff;\" href=\"https:\/\/goo.gl\/maps\/VtjgFVdHwqWVNWoa6\">Latitude: N 43,13131\u00b0\u00a0 \u00a0Longitude: E 16,92955\u00b0<\/a> <\/span><strong><br \/>\n<\/strong>Visina \/ H\u00f6he: 320 m<\/p>\n<p><strong>Katastarska \u010destica \/ Grundst\u00fccke<br \/>\n<\/strong>3847\u00a0<div class='content-column one_half'><div style=\"padding-right:6px;\"><p><strong>Datum snimanja \/ Erfassungsdatum<br \/>\n<\/strong>27.05.2014 10:34:13<\/p>\n<hr \/>\n<p><strong>Informacije<\/strong><\/p>\n<p>Sasvim je neobi\u010dno da se trimi mogu sa\u010duvati u selu. U selu Dugi Dolcu ima ih \u0161est. Trim je u zapu\u0161tenom vrtu usred sela. Njegov desna strana ome\u0111ena je kamenim potpornim zidom. Straga je pri\u010dvr\u0161\u0107ena mala soba. Trim s jednom stepenicom oja\u010dan je betonskim elementima, krov je dobio betonsku oblogu. Relativno visok ulaz vodi u kru\u017eni interijer.<\/p><\/div><\/div><div class='content-column one_half last_column'><div style=\"padding-right:0px;padding-left:6px;\"><p><strong>Stupanj za\u0161tite \/ Schutzstellung<br \/>\n<\/strong>&#8211;<\/p>\n<hr \/>\n<p><strong>Info<\/strong><\/p>\n<p>Es ist ziemlich ungew\u00f6hnlich, dass sich innerhalb eines Dorfes Trims erhalten haben. In der Ortschaft Dugi Dolac finden sich gleich sechs. Der Trim befindet sich in einem vernachl\u00e4ssigten Garten mitten im Dorf. Seine rechte Seite grenzt an eine steinerne St\u00fctzmauer. An seine R\u00fcckseite ist ein kleiner Raum angebaut. Der einstufige Trim wurde durch Betonelemente verst\u00e4rkt, das Dach erhielt einen Betonabschluss. Durch den relativ hohen Eingang gelangt man in den kreisrunden Innenraum.<\/p><\/div><\/div><div class='clear_column'><\/div><div class='content-column one_half'><div style=\"padding-right:6px;\"><div id=\"attachment_39796\" style=\"width: 310px\" class=\"wp-caption aligncenter\"><img loading=\"lazy\" decoding=\"async\" aria-describedby=\"caption-attachment-39796\" class=\"wp-image-39796 size-medium\" src=\"https:\/\/www.topohvar.at\/wp-content\/uploads\/2020\/08\/gj-tr-03-17-300x300.jpg\" alt=\"\" width=\"300\" height=\"300\" srcset=\"https:\/\/www.topohvar.at\/wp-content\/uploads\/2020\/08\/gj-tr-03-17-300x300.jpg 300w, https:\/\/www.topohvar.at\/wp-content\/uploads\/2020\/08\/gj-tr-03-17-150x150.jpg 150w, https:\/\/www.topohvar.at\/wp-content\/uploads\/2020\/08\/gj-tr-03-17.jpg 450w\" sizes=\"auto, (max-width: 300px) 100vw, 300px\" \/><p id=\"caption-attachment-39796\" class=\"wp-caption-text\">Ulaz \/ Eingang<\/p><\/div><\/div><\/div><div class='content-column one_half last_column'><div style=\"padding-right:0px;padding-left:6px;\"><div id=\"attachment_39797\" style=\"width: 310px\" class=\"wp-caption aligncenter\"><img loading=\"lazy\" decoding=\"async\" aria-describedby=\"caption-attachment-39797\" class=\"wp-image-39797 size-medium\" src=\"https:\/\/www.topohvar.at\/wp-content\/uploads\/2020\/08\/gj-tr-03-18-300x300.jpg\" alt=\"\" width=\"300\" height=\"300\" srcset=\"https:\/\/www.topohvar.at\/wp-content\/uploads\/2020\/08\/gj-tr-03-18-300x300.jpg 300w, https:\/\/www.topohvar.at\/wp-content\/uploads\/2020\/08\/gj-tr-03-18-150x150.jpg 150w, https:\/\/www.topohvar.at\/wp-content\/uploads\/2020\/08\/gj-tr-03-18.jpg 450w\" sizes=\"auto, (max-width: 300px) 100vw, 300px\" \/><p id=\"caption-attachment-39797\" class=\"wp-caption-text\">Stra\u017enja strana \/ Trimr\u00fcckseite<\/p><\/div><\/div><\/div><div class='clear_column'><\/div><div class='content-column one_half'><div style=\"padding-right:6px;\"><p>Dana 26.07.2020 trim je posje\u0107en i ustanovljeno je sljede\u0107e:<\/p>\n<p>Lokacija: vrt<br \/>\nPodloga: ravna<br \/>\nPovezan s: zgradom, kamenim zidom<br \/>\nUpotreba: malo se koristi<br \/>\nStanje: dobro sa\u010duvan<br \/>\nBroj stepenica trima: 1<br \/>\nDodatni kameni prsten: nema kamenog prstena<br \/>\nStepeni\u0161te: nema<br \/>\nOblik kamena: mje\u0161ovit<br \/>\nPodru\u010dje ispred ulaza: lako dostupno<br \/>\nOrijentacija ulaza: Z (280\u00b0)<br \/>\nPromjer trima (cm): 400<br \/>\nVisina trima (cm): 240<br \/>\nVisina stepenica (cm): stepenica 1: 200<br \/>\nDebljina zida (cm): 75<br \/>\n\u0160irina vrata (cm): 65<br \/>\nVisina vrata (cm): 125<br \/>\n\u0160irina unutra (cm): 250<br \/>\nVisina unutra (cm): 210<br \/>\nVolumen iznutra (m3): 7,53<br \/>\nNema ni\u0161e<\/p><\/div><\/div><div class='content-column one_half last_column'><div style=\"padding-right:0px;padding-left:6px;\"><p>Am 26.07.2020 wurde der Trim besucht und n\u00e4her untersucht:<\/p>\n<p>Standort: Garten<br \/>\nUntergrund: eben<br \/>\nVerbunden mit: Geb\u00e4ude, Steinmauer<br \/>\nNutzung: kaum genutzt<br \/>\nZustand: gut erhalten<br \/>\nAnzahl der Trimstufen: 1<br \/>\nZus\u00e4tzlicher Steinring: kein Steinring<br \/>\nStiege: keine<br \/>\nSteinform: gemischt<br \/>\nEingangsbereich: frei<br \/>\nEingangsseite: W (280\u00b0)<br \/>\nTrimdurchmesser (cm): 400<br \/>\nTrimh\u00f6he (cm): 240<br \/>\nH\u00f6he der Trimstufen (cm): Stufe 1: 200<br \/>\nWandst\u00e4rke (cm): 75<br \/>\nT\u00fcrbreite (cm): 65<br \/>\nT\u00fcrh\u00f6he (cm): 125<br \/>\nInnenraumbreite (cm): 250<br \/>\nInnenraumh\u00f6he (cm): 210<br \/>\nRaumvolumen (m3): 7,53<br \/>\nKeine Nische<\/p><\/div><\/div><div class='clear_column'><\/div><\/p>\n<p><img loading=\"lazy\" decoding=\"async\" class=\"alignleft size-full wp-image-40086\" src=\"https:\/\/www.topohvar.at\/wp-content\/uploads\/2020\/08\/gj-tr-03-sca.jpg\" alt=\"\" width=\"640\" height=\"973\" srcset=\"https:\/\/www.topohvar.at\/wp-content\/uploads\/2020\/08\/gj-tr-03-sca.jpg 640w, https:\/\/www.topohvar.at\/wp-content\/uploads\/2020\/08\/gj-tr-03-sca-197x300.jpg 197w\" sizes=\"auto, (max-width: 640px) 100vw, 640px\" \/><\/p>\n<p style=\"text-align: right;\"><a href=\"#seite_oben\">natrag na vrh \/ Seitenanfang<\/a><\/p>\n<hr \/>\n<p><strong>Linkovi \/ Links<\/strong><\/p>\n<p>&#8211;<\/p>\n","protected":false},"excerpt":{"rendered":"<p>Ime \/ Name Trim \u00bbGJ-TR-03\u00ab Code: GJ-TR-03\u00a0 \u00a0 \u00a0 \u00a0 \u00a0 \u00a0 \u00a0 \u00a0 \u00a0 \u00a0 \u00a0 \u00a0 \u00a0 \u00a0 \u00a0 \u00a0 Adresa \/ Adresse Gdinj,\u00a0Dugi Dolac Lokacija \/ Position Latitude: N 43,13131\u00b0\u00a0 \u00a0Longitude: E 16,92955\u00b0 Visina \/ H\u00f6he: 320 &hellip; <a href=\"https:\/\/www.topohvar.at\/topo\/orte\/gj\/gj-tr-03-1\/\">Weiterlesen <span class=\"meta-nav\">&rarr;<\/span><\/a><\/p>\n","protected":false},"author":1,"featured_media":0,"parent":72,"menu_order":0,"comment_status":"closed","ping_status":"closed","template":"","meta":{"footnotes":""},"class_list":["post-11232","page","type-page","status-publish","hentry"],"_links":{"self":[{"href":"https:\/\/www.topohvar.at\/topo\/wp-json\/wp\/v2\/pages\/11232","targetHints":{"allow":["GET"]}}],"collection":[{"href":"https:\/\/www.topohvar.at\/topo\/wp-json\/wp\/v2\/pages"}],"about":[{"href":"https:\/\/www.topohvar.at\/topo\/wp-json\/wp\/v2\/types\/page"}],"author":[{"embeddable":true,"href":"https:\/\/www.topohvar.at\/topo\/wp-json\/wp\/v2\/users\/1"}],"replies":[{"embeddable":true,"href":"https:\/\/www.topohvar.at\/topo\/wp-json\/wp\/v2\/comments?post=11232"}],"version-history":[{"count":16,"href":"https:\/\/www.topohvar.at\/topo\/wp-json\/wp\/v2\/pages\/11232\/revisions"}],"predecessor-version":[{"id":47848,"href":"https:\/\/www.topohvar.at\/topo\/wp-json\/wp\/v2\/pages\/11232\/revisions\/47848"}],"up":[{"embeddable":true,"href":"https:\/\/www.topohvar.at\/topo\/wp-json\/wp\/v2\/pages\/72"}],"wp:attachment":[{"href":"https:\/\/www.topohvar.at\/topo\/wp-json\/wp\/v2\/media?parent=11232"}],"curies":[{"name":"wp","href":"https:\/\/api.w.org\/{rel}","templated":true}]}}

<p><a name="seite_oben"></a><br />
<strong><img loading="lazy" decoding="async" class="alignnone wp-image-11155 size-large" src="https://www.topohvar.at/wp-content/uploads/2018/09/gj-tr-03-0-1024x503.jpg" alt="" width="640" height="314" srcset="https://www.topohvar.at/wp-content/uploads/2018/09/gj-tr-03-0-1024x503.jpg 1024w, https://www.topohvar.at/wp-content/uploads/2018/09/gj-tr-03-0-300x147.jpg 300w, https://www.topohvar.at/wp-content/uploads/2018/09/gj-tr-03-0-768x377.jpg 768w, https://www.topohvar.at/wp-content/uploads/2018/09/gj-tr-03-0.jpg 1080w" sizes="auto, (max-width: 640px) 100vw, 640px" /></strong></p>
<p><strong>Ime / Name<br />
</strong>Trim »GJ-TR-03«</p>
<p><strong>Code: </strong>GJ-TR-03                               <strong><a href="https://www.topohvar.at/orte/gj/gj-tr-00-1/"><img loading="lazy" decoding="async" class="alignnone wp-image-12300 size-full" src="https://www.topohvar.at/wp-content/uploads/2018/09/push-vor-30.jpg" alt="" width="61" height="30" /></a> <a href="https://www.topohvar.at/orte/gj/gj-tr-02-1/"><img loading="lazy" decoding="async" class="alignnone wp-image-533 size-full" src="https://www.topohvar.at/wp-content/uploads/2018/07/push-l-30.jpg" alt="" width="61" height="30" /></a> <a href="https://www.topohvar.at/orte/gj/"><img loading="lazy" decoding="async" class="alignnone wp-image-535 size-full" src="https://www.topohvar.at/wp-content/uploads/2018/07/push-o-30.jpg" alt="" width="61" height="30" /></a> <a href="https://www.topohvar.at/orte/gj/gj-tr-11-1/"><img loading="lazy" decoding="async" class="alignnone wp-image-536 size-full" src="https://www.topohvar.at/wp-content/uploads/2018/07/push-r-30.jpg" alt="" width="61" height="30" /></a></strong></p>
<hr />
<p><strong>Adresa / Adresse<br />
</strong>Gdinj, Dugi Dolac</p>
<p><strong>Lokacija / Position<a href="https://goo.gl/maps/VtjgFVdHwqWVNWoa6"><img loading="lazy" decoding="async" class="alignright wp-image-11263" src="https://www.topohvar.at/wp-content/uploads/2018/09/0133.jpg" alt="" width="134" height="100" /></a><br />
</strong><span style="color: #3366ff;"><a style="color: #3366ff;" href="https://goo.gl/maps/VtjgFVdHwqWVNWoa6">Latitude: N 43,13131°   Longitude: E 16,92955°</a> </span><strong><br />
</strong>Visina / Höhe: 320 m</p>
<p><strong>Katastarska čestica / Grundstücke<br />
</strong>3847 <div class='content-column one_half'><div style="padding-right:6px;"><p><strong>Datum snimanja / Erfassungsdatum<br />
</strong>27.05.2014 10:34:13</p>
<hr />
<p><strong>Informacije</strong></p>
<p>Sasvim je neobično da se trimi mogu sačuvati u selu. U selu Dugi Dolcu ima ih šest. Trim je u zapuštenom vrtu usred sela. Njegov desna strana omeđena je kamenim potpornim zidom. Straga je pričvršćena mala soba. Trim s jednom stepenicom ojačan je betonskim elementima, krov je dobio betonsku oblogu. Relativno visok ulaz vodi u kružni interijer.</p></div></div><div class='content-column one_half last_column'><div style="padding-right:0px;padding-left:6px;"><p><strong>Stupanj zaštite / Schutzstellung<br />
</strong>&#8211;</p>
<hr />
<p><strong>Info</strong></p>
<p>Es ist ziemlich ungewöhnlich, dass sich innerhalb eines Dorfes Trims erhalten haben. In der Ortschaft Dugi Dolac finden sich gleich sechs. Der Trim befindet sich in einem vernachlässigten Garten mitten im Dorf. Seine rechte Seite grenzt an eine steinerne Stützmauer. An seine Rückseite ist ein kleiner Raum angebaut. Der einstufige Trim wurde durch Betonelemente verstärkt, das Dach erhielt einen Betonabschluss. Durch den relativ hohen Eingang gelangt man in den kreisrunden Innenraum.</p></div></div><div class='clear_column'></div><div class='content-column one_half'><div style="padding-right:6px;"><div id="attachment_39796" style="width: 310px" class="wp-caption aligncenter"><img loading="lazy" decoding="async" aria-describedby="caption-attachment-39796" class="wp-image-39796 size-medium" src="https://www.topohvar.at/wp-content/uploads/2020/08/gj-tr-03-17-300x300.jpg" alt="" width="300" height="300" srcset="https://www.topohvar.at/wp-content/uploads/2020/08/gj-tr-03-17-300x300.jpg 300w, https://www.topohvar.at/wp-content/uploads/2020/08/gj-tr-03-17-150x150.jpg 150w, https://www.topohvar.at/wp-content/uploads/2020/08/gj-tr-03-17.jpg 450w" sizes="auto, (max-width: 300px) 100vw, 300px" /><p id="caption-attachment-39796" class="wp-caption-text">Ulaz / Eingang</p></div></div></div><div class='content-column one_half last_column'><div style="padding-right:0px;padding-left:6px;"><div id="attachment_39797" style="width: 310px" class="wp-caption aligncenter"><img loading="lazy" decoding="async" aria-describedby="caption-attachment-39797" class="wp-image-39797 size-medium" src="https://www.topohvar.at/wp-content/uploads/2020/08/gj-tr-03-18-300x300.jpg" alt="" width="300" height="300" srcset="https://www.topohvar.at/wp-content/uploads/2020/08/gj-tr-03-18-300x300.jpg 300w, https://www.topohvar.at/wp-content/uploads/2020/08/gj-tr-03-18-150x150.jpg 150w, https://www.topohvar.at/wp-content/uploads/2020/08/gj-tr-03-18.jpg 450w" sizes="auto, (max-width: 300px) 100vw, 300px" /><p id="caption-attachment-39797" class="wp-caption-text">Stražnja strana / Trimrückseite</p></div></div></div><div class='clear_column'></div><div class='content-column one_half'><div style="padding-right:6px;"><p>Dana 26.07.2020 trim je posjećen i ustanovljeno je sljedeće:</p>
<p>Lokacija: vrt<br />
Podloga: ravna<br />
Povezan s: zgradom, kamenim zidom<br />
Upotreba: malo se koristi<br />
Stanje: dobro sačuvan<br />
Broj stepenica trima: 1<br />
Dodatni kameni prsten: nema kamenog prstena<br />
Stepenište: nema<br />
Oblik kamena: mješovit<br />
Područje ispred ulaza: lako dostupno<br />
Orijentacija ulaza: Z (280°)<br />
Promjer trima (cm): 400<br />
Visina trima (cm): 240<br />
Visina stepenica (cm): stepenica 1: 200<br />
Debljina zida (cm): 75<br />
Širina vrata (cm): 65<br />
Visina vrata (cm): 125<br />
Širina unutra (cm): 250<br />
Visina unutra (cm): 210<br />
Volumen iznutra (m3): 7,53<br />
Nema niše</p></div></div><div class='content-column one_half last_column'><div style="padding-right:0px;padding-left:6px;"><p>Am 26.07.2020 wurde der Trim besucht und näher untersucht:</p>
<p>Standort: Garten<br />
Untergrund: eben<br />
Verbunden mit: Gebäude, Steinmauer<br />
Nutzung: kaum genutzt<br />
Zustand: gut erhalten<br />
Anzahl der Trimstufen: 1<br />
Zusätzlicher Steinring: kein Steinring<br />
Stiege: keine<br />
Steinform: gemischt<br />
Eingangsbereich: frei<br />
Eingangsseite: W (280°)<br />
Trimdurchmesser (cm): 400<br />
Trimhöhe (cm): 240<br />
Höhe der Trimstufen (cm): Stufe 1: 200<br />
Wandstärke (cm): 75<br />
Türbreite (cm): 65<br />
Türhöhe (cm): 125<br />
Innenraumbreite (cm): 250<br />
Innenraumhöhe (cm): 210<br />
Raumvolumen (m3): 7,53<br />
Keine Nische</p></div></div><div class='clear_column'></div></p>
<p><img loading="lazy" decoding="async" class="alignleft size-full wp-image-40086" src="https://www.topohvar.at/wp-content/uploads/2020/08/gj-tr-03-sca.jpg" alt="" width="640" height="973" srcset="https://www.topohvar.at/wp-content/uploads/2020/08/gj-tr-03-sca.jpg 640w, https://www.topohvar.at/wp-content/uploads/2020/08/gj-tr-03-sca-197x300.jpg 197w" sizes="auto, (max-width: 640px) 100vw, 640px" /></p>
<p style="text-align: right;"><a href="#seite_oben">natrag na vrh / Seitenanfang</a></p>
<hr />
<p><strong>Linkovi / Links</strong></p>
<p>&#8211;</p>

<p>Ime / Name Trim »GJ-TR-03« Code: GJ-TR-03                                Adresa / Adresse Gdinj, Dugi Dolac Lokacija / Position Latitude: N 43,13131°   Longitude: E 16,92955° Visina / Höhe: 320 &hellip; <a href="https://www.topohvar.at/topo/orte/gj/gj-tr-03-1/">Weiterlesen <span class="meta-nav">&rarr;</span></a></p>
