{"id":11451,"date":"2018-09-13T18:48:36","date_gmt":"2018-09-13T16:48:36","guid":{"rendered":"https:\/\/www.topohvar.at\/?page_id=11451"},"modified":"2022-09-26T11:09:53","modified_gmt":"2022-09-26T09:09:53","slug":"sb-ck-01-1","status":"publish","type":"page","link":"https:\/\/www.topohvar.at\/topo\/orte\/sb\/sb-ck-01-1\/","title":{"rendered":"SELCA KOD BOGOMOLJA &#8211; Crkvica \u00bbSv. Antuna opata\u00ab"},"content":{"rendered":"<p><a name=\"seite_oben\"><\/a><br \/>\n<strong><img loading=\"lazy\" decoding=\"async\" class=\"alignnone wp-image-11435 size-large\" src=\"https:\/\/www.topohvar.at\/wp-content\/uploads\/2018\/09\/sb-ck-01-0-1024x503.jpg\" alt=\"\" width=\"640\" height=\"314\" srcset=\"https:\/\/www.topohvar.at\/wp-content\/uploads\/2018\/09\/sb-ck-01-0-1024x503.jpg 1024w, https:\/\/www.topohvar.at\/wp-content\/uploads\/2018\/09\/sb-ck-01-0-300x147.jpg 300w, https:\/\/www.topohvar.at\/wp-content\/uploads\/2018\/09\/sb-ck-01-0-768x377.jpg 768w, https:\/\/www.topohvar.at\/wp-content\/uploads\/2018\/09\/sb-ck-01-0.jpg 1080w\" sizes=\"auto, (max-width: 640px) 100vw, 640px\" \/><\/strong><\/p>\n<p><strong>Ime \/ Name<br \/>\n<\/strong>Crkvica \u00bbSv. Antuna opata\u00ab \/ kleine Kirche des hl. Abtes Antonius<\/p>\n<p><strong>Code: <\/strong>SB-CK-01\u00a0 \u00a0 \u00a0 \u00a0 \u00a0 \u00a0 \u00a0 \u00a0 \u00a0 \u00a0 \u00a0 \u00a0 \u00a0 \u00a0 \u00a0 \u00a0 \u00a0 \u00a0 \u00a0 \u00a0 \u00a0\u00a0<strong>\u00a0<a href=\"https:\/\/www.topohvar.at\/orte\/sb\/\"><img loading=\"lazy\" decoding=\"async\" class=\"alignnone wp-image-535 size-full\" src=\"https:\/\/www.topohvar.at\/wp-content\/uploads\/2018\/07\/push-o-30.jpg\" alt=\"\" width=\"61\" height=\"30\" \/><\/a>\u00a0<\/strong><\/p>\n<hr \/>\n<p><strong>Adresa \/ Adresse<br \/>\n<\/strong>Selca kod Bogomolje,\u00a0Marina Glavica<\/p>\n<p><strong>Lokacija \/ Position<a href=\"https:\/\/goo.gl\/maps\/UfVUS4gT41DWZTXa8\"><img loading=\"lazy\" decoding=\"async\" class=\"alignright wp-image-11497\" src=\"https:\/\/www.topohvar.at\/wp-content\/uploads\/2018\/09\/1238.jpg\" alt=\"\" width=\"132\" height=\"100\" \/><\/a><br \/>\n<\/strong><span style=\"color: #3366ff;\"><a style=\"color: #3366ff;\" href=\"https:\/\/goo.gl\/maps\/UfVUS4gT41DWZTXa8\">Latitude: N 43,12343\u00b0 Longitude: E 17,06259\u00b0<\/a> <\/span><strong><br \/>\n<\/strong>Visina \/ H\u00f6he: 150 m<\/p>\n<p><strong>Katastarska \u010destica <\/strong><strong>\/ Grundst\u00fccke<br \/>\n<\/strong>4159\/121 <div class='content-column one_half'><div style=\"padding-right:6px;\"><p><strong>Datum snimanja \/ Erfassungsdatum<br \/>\n<\/strong>19.09.2016 13:33:49<\/p>\n<hr \/>\n<p><strong>Informacije<\/strong><\/p>\n<p>Kamenoj crkvica Sv. Antuna opata u Selcima, iz 1886. godine, koja je na osami i koja je nekada pastirima slu\u017eila i kao skloni\u0161te od nevremena<\/p><\/div><\/div><div class='content-column one_half last_column'><div style=\"padding-right:0px;padding-left:6px;\"><p><strong>Stupanj za\u0161tite<\/strong><strong> \/ Schutzstellung<br \/>\n<\/strong>&#8211;<\/p>\n<hr \/>\n<p><strong>Info<\/strong><\/p>\n<p>Die Steinkirche des hl. Abtes Antonius in Selca aus dem Jahr 1886, verschaffte in der Vergangenheit den Hirten Schutz vor dem Sturm.<\/p><\/div><\/div><div class='clear_column'><\/div><div class='content-column one_half'><div style=\"padding-right:6px;\"><p><img loading=\"lazy\" decoding=\"async\" class=\"size-full wp-image-60555\" src=\"https:\/\/www.topohvar.at\/wp-content\/uploads\/2022\/09\/sb-ck-01-41.jpg\" alt=\"\" width=\"450\" height=\"492\" srcset=\"https:\/\/www.topohvar.at\/wp-content\/uploads\/2022\/09\/sb-ck-01-41.jpg 450w, https:\/\/www.topohvar.at\/wp-content\/uploads\/2022\/09\/sb-ck-01-41-274x300.jpg 274w\" sizes=\"auto, (max-width: 450px) 100vw, 450px\" \/><\/p><\/div><\/div><div class='content-column one_half last_column'><div style=\"padding-right:0px;padding-left:6px;\"><p>&nbsp;<\/p>\n<p>Iznad ulaznih vrata nalazi se kamena plo\u010da. Natpis je ne\u010ditljiv, samo je godina 1895. (?) jedva \u010ditljiva.<\/p>\n<p style=\"text-align: center;\">\/<\/p>\n<p>\u00dcber der Eingangst\u00fcre befindet sich eine Steintafel. Die Inschrift ist unleserlich lediglich die Jahreszahl 1895 (?) ist einigerma\u00dfen leserlich.<\/p><\/div><\/div><div class='clear_column'><\/div><\/p>\n<hr \/>\n<div class='content-column one_half'><div style=\"padding-right:6px;\"><p>U \u017eupi Su\u0107uraj i mjestu Selca u \u017eupi Bogomolje na otoku Hvaru u subotu 17. sije\u010dnja sve\u010dano je proslavljen blagdan sv. Antuna opata.<\/p><\/div><\/div><div class='content-column one_half last_column'><div style=\"padding-right:0px;padding-left:6px;\"><p>In den Pfarren Su\u0107uraj und Selca (bei Bogomolje) wird am 17. Januar das Fest des heiligen Abtes Antonius gefeiert.<\/p><\/div><\/div><div class='clear_column'><\/div><\/p>\n<hr \/>\n<div class='content-column one_half'><div style=\"padding-right:6px;\"><p><strong>Sv. Antun opat<\/strong> rodio u mjestu Komi u Egiptu oko 250 godine, kada je rimski car Decije \u017eestoko progonio kr\u0161\u0107ane.\u00a0 Ostao je rano bez roditelja. Slu\u0161aju\u0107i Isusove rije\u010di zapisane u evan\u0111elju bogato imanje svojih uglednih roditelja podijelio je svojim siroma\u0161nim sumje\u0161tanima, a sestricu je smjestio u djevoja\u010dki dom. Potom je \u017eivio u libijskoj pustinji. Zbog toga ga nazivaju i sv. Antom Pustinjakom. U vrijeme progona kr\u0161\u0107ana u Egiptu u vrijeme rimskog cara Maksimilijana u Aleksandriji je otvoreno i bez straha propovijedao Isusov nauk. Oko 311. godine vratio se u svoju pustinju gdje su mu se pridru\u017eili brojni mladi sljedbenici. Pri kraju \u017eivota sna\u017eno se borio protiv krive Arijeve nauke. Preminuo je 356. godine, u 106. godini \u017eivota. Diljem svijeta osobito se \u0161tuje kao za\u0161titnik \u017eivotinja.<\/p><\/div><\/div><div class='content-column one_half last_column'><div style=\"padding-right:0px;padding-left:6px;\"><p><strong>Der hl. Abt Antonius<\/strong> wurde etwa 250 n. Chr. in Komi, \u00c4gypten, geboren, als der r\u00f6mische Kaiser Decius die Christen intensiv verfolgte. Er blieb fr\u00fch ohne Eltern. Er h\u00f6rte auf die Worte Jesu aus dem Evangelium, verteilte den reichen Besitz seiner prominenten Eltern an die Armen und brachte seine Schwester in ein M\u00e4dchenheim. Dann lebte er in der libyschen W\u00fcste. Aus diesem Grund hei\u00dft er auch hl. Antonis aus der W\u00fcste. W\u00e4hrend der Zeit der Christenverfolgung in \u00c4gypten zur Zeit des r\u00f6mischen Kaisers Maximilian in Alexandria predigte er furchtlos die Lehre Jesu. Um 311 kehrte er in seine W\u00fcste zur\u00fcck, wo sich viele junge Anh\u00e4nger ihm anschlossen. Am Ende seines Lebens k\u00e4mpfte er gegen die arische Lehre. Er starb im Jahr 356 im Alter von 106 Jahren. \u00dcberall auf der Welt wird er als Tiersch\u00fctzer besonders geehrt.<\/p><\/div><\/div><div class='clear_column'><\/div><\/p>\n<p style=\"text-align: right;\"><span style=\"color: #3366ff;\"><a style=\"color: #3366ff;\" href=\"#seite_oben\">natrag na vrh \/ Seitenanfang<\/a><\/span><\/p>\n<hr \/>\n<p><strong>Linkovi \/ Links<\/strong><\/p>\n<p>&#8211;<\/p>\n","protected":false},"excerpt":{"rendered":"<p>Ime \/ Name Crkvica \u00bbSv. Antuna opata\u00ab \/ kleine Kirche des hl. Abtes Antonius Code: SB-CK-01\u00a0 \u00a0 \u00a0 \u00a0 \u00a0 \u00a0 \u00a0 \u00a0 \u00a0 \u00a0 \u00a0 \u00a0 \u00a0 \u00a0 \u00a0 \u00a0 \u00a0 \u00a0 \u00a0 \u00a0 \u00a0\u00a0\u00a0\u00a0 Adresa \/ Adresse Selca &hellip; <a href=\"https:\/\/www.topohvar.at\/topo\/orte\/sb\/sb-ck-01-1\/\">Weiterlesen <span class=\"meta-nav\">&rarr;<\/span><\/a><\/p>\n","protected":false},"author":1,"featured_media":0,"parent":97,"menu_order":0,"comment_status":"closed","ping_status":"closed","template":"","meta":{"footnotes":""},"class_list":["post-11451","page","type-page","status-publish","hentry"],"_links":{"self":[{"href":"https:\/\/www.topohvar.at\/topo\/wp-json\/wp\/v2\/pages\/11451","targetHints":{"allow":["GET"]}}],"collection":[{"href":"https:\/\/www.topohvar.at\/topo\/wp-json\/wp\/v2\/pages"}],"about":[{"href":"https:\/\/www.topohvar.at\/topo\/wp-json\/wp\/v2\/types\/page"}],"author":[{"embeddable":true,"href":"https:\/\/www.topohvar.at\/topo\/wp-json\/wp\/v2\/users\/1"}],"replies":[{"embeddable":true,"href":"https:\/\/www.topohvar.at\/topo\/wp-json\/wp\/v2\/comments?post=11451"}],"version-history":[{"count":12,"href":"https:\/\/www.topohvar.at\/topo\/wp-json\/wp\/v2\/pages\/11451\/revisions"}],"predecessor-version":[{"id":60559,"href":"https:\/\/www.topohvar.at\/topo\/wp-json\/wp\/v2\/pages\/11451\/revisions\/60559"}],"up":[{"embeddable":true,"href":"https:\/\/www.topohvar.at\/topo\/wp-json\/wp\/v2\/pages\/97"}],"wp:attachment":[{"href":"https:\/\/www.topohvar.at\/topo\/wp-json\/wp\/v2\/media?parent=11451"}],"curies":[{"name":"wp","href":"https:\/\/api.w.org\/{rel}","templated":true}]}}

<p><a name="seite_oben"></a><br />
<strong><img loading="lazy" decoding="async" class="alignnone wp-image-11435 size-large" src="https://www.topohvar.at/wp-content/uploads/2018/09/sb-ck-01-0-1024x503.jpg" alt="" width="640" height="314" srcset="https://www.topohvar.at/wp-content/uploads/2018/09/sb-ck-01-0-1024x503.jpg 1024w, https://www.topohvar.at/wp-content/uploads/2018/09/sb-ck-01-0-300x147.jpg 300w, https://www.topohvar.at/wp-content/uploads/2018/09/sb-ck-01-0-768x377.jpg 768w, https://www.topohvar.at/wp-content/uploads/2018/09/sb-ck-01-0.jpg 1080w" sizes="auto, (max-width: 640px) 100vw, 640px" /></strong></p>
<p><strong>Ime / Name<br />
</strong>Crkvica »Sv. Antuna opata« / kleine Kirche des hl. Abtes Antonius</p>
<p><strong>Code: </strong>SB-CK-01                                          <strong> <a href="https://www.topohvar.at/orte/sb/"><img loading="lazy" decoding="async" class="alignnone wp-image-535 size-full" src="https://www.topohvar.at/wp-content/uploads/2018/07/push-o-30.jpg" alt="" width="61" height="30" /></a> </strong></p>
<hr />
<p><strong>Adresa / Adresse<br />
</strong>Selca kod Bogomolje, Marina Glavica</p>
<p><strong>Lokacija / Position<a href="https://goo.gl/maps/UfVUS4gT41DWZTXa8"><img loading="lazy" decoding="async" class="alignright wp-image-11497" src="https://www.topohvar.at/wp-content/uploads/2018/09/1238.jpg" alt="" width="132" height="100" /></a><br />
</strong><span style="color: #3366ff;"><a style="color: #3366ff;" href="https://goo.gl/maps/UfVUS4gT41DWZTXa8">Latitude: N 43,12343° Longitude: E 17,06259°</a> </span><strong><br />
</strong>Visina / Höhe: 150 m</p>
<p><strong>Katastarska čestica </strong><strong>/ Grundstücke<br />
</strong>4159/121 <div class='content-column one_half'><div style="padding-right:6px;"><p><strong>Datum snimanja / Erfassungsdatum<br />
</strong>19.09.2016 13:33:49</p>
<hr />
<p><strong>Informacije</strong></p>
<p>Kamenoj crkvica Sv. Antuna opata u Selcima, iz 1886. godine, koja je na osami i koja je nekada pastirima služila i kao sklonište od nevremena</p></div></div><div class='content-column one_half last_column'><div style="padding-right:0px;padding-left:6px;"><p><strong>Stupanj zaštite</strong><strong> / Schutzstellung<br />
</strong>&#8211;</p>
<hr />
<p><strong>Info</strong></p>
<p>Die Steinkirche des hl. Abtes Antonius in Selca aus dem Jahr 1886, verschaffte in der Vergangenheit den Hirten Schutz vor dem Sturm.</p></div></div><div class='clear_column'></div><div class='content-column one_half'><div style="padding-right:6px;"><p><img loading="lazy" decoding="async" class="size-full wp-image-60555" src="https://www.topohvar.at/wp-content/uploads/2022/09/sb-ck-01-41.jpg" alt="" width="450" height="492" srcset="https://www.topohvar.at/wp-content/uploads/2022/09/sb-ck-01-41.jpg 450w, https://www.topohvar.at/wp-content/uploads/2022/09/sb-ck-01-41-274x300.jpg 274w" sizes="auto, (max-width: 450px) 100vw, 450px" /></p></div></div><div class='content-column one_half last_column'><div style="padding-right:0px;padding-left:6px;"><p>&nbsp;</p>
<p>Iznad ulaznih vrata nalazi se kamena ploča. Natpis je nečitljiv, samo je godina 1895. (?) jedva čitljiva.</p>
<p style="text-align: center;">/</p>
<p>Über der Eingangstüre befindet sich eine Steintafel. Die Inschrift ist unleserlich lediglich die Jahreszahl 1895 (?) ist einigermaßen leserlich.</p></div></div><div class='clear_column'></div></p>
<hr />
<div class='content-column one_half'><div style="padding-right:6px;"><p>U župi Sućuraj i mjestu Selca u župi Bogomolje na otoku Hvaru u subotu 17. siječnja svečano je proslavljen blagdan sv. Antuna opata.</p></div></div><div class='content-column one_half last_column'><div style="padding-right:0px;padding-left:6px;"><p>In den Pfarren Sućuraj und Selca (bei Bogomolje) wird am 17. Januar das Fest des heiligen Abtes Antonius gefeiert.</p></div></div><div class='clear_column'></div></p>
<hr />
<div class='content-column one_half'><div style="padding-right:6px;"><p><strong>Sv. Antun opat</strong> rodio u mjestu Komi u Egiptu oko 250 godine, kada je rimski car Decije žestoko progonio kršćane.  Ostao je rano bez roditelja. Slušajući Isusove riječi zapisane u evanđelju bogato imanje svojih uglednih roditelja podijelio je svojim siromašnim sumještanima, a sestricu je smjestio u djevojački dom. Potom je živio u libijskoj pustinji. Zbog toga ga nazivaju i sv. Antom Pustinjakom. U vrijeme progona kršćana u Egiptu u vrijeme rimskog cara Maksimilijana u Aleksandriji je otvoreno i bez straha propovijedao Isusov nauk. Oko 311. godine vratio se u svoju pustinju gdje su mu se pridružili brojni mladi sljedbenici. Pri kraju života snažno se borio protiv krive Arijeve nauke. Preminuo je 356. godine, u 106. godini života. Diljem svijeta osobito se štuje kao zaštitnik životinja.</p></div></div><div class='content-column one_half last_column'><div style="padding-right:0px;padding-left:6px;"><p><strong>Der hl. Abt Antonius</strong> wurde etwa 250 n. Chr. in Komi, Ägypten, geboren, als der römische Kaiser Decius die Christen intensiv verfolgte. Er blieb früh ohne Eltern. Er hörte auf die Worte Jesu aus dem Evangelium, verteilte den reichen Besitz seiner prominenten Eltern an die Armen und brachte seine Schwester in ein Mädchenheim. Dann lebte er in der libyschen Wüste. Aus diesem Grund heißt er auch hl. Antonis aus der Wüste. Während der Zeit der Christenverfolgung in Ägypten zur Zeit des römischen Kaisers Maximilian in Alexandria predigte er furchtlos die Lehre Jesu. Um 311 kehrte er in seine Wüste zurück, wo sich viele junge Anhänger ihm anschlossen. Am Ende seines Lebens kämpfte er gegen die arische Lehre. Er starb im Jahr 356 im Alter von 106 Jahren. Überall auf der Welt wird er als Tierschützer besonders geehrt.</p></div></div><div class='clear_column'></div></p>
<p style="text-align: right;"><span style="color: #3366ff;"><a style="color: #3366ff;" href="#seite_oben">natrag na vrh / Seitenanfang</a></span></p>
<hr />
<p><strong>Linkovi / Links</strong></p>
<p>&#8211;</p>
