{"id":11585,"date":"2018-09-15T06:43:59","date_gmt":"2018-09-15T04:43:59","guid":{"rendered":"https:\/\/www.topohvar.at\/?page_id=11585"},"modified":"2025-02-07T17:31:06","modified_gmt":"2025-02-07T16:31:06","slug":"su-ck-01-1","status":"publish","type":"page","link":"https:\/\/www.topohvar.at\/topo\/orte\/su\/su-ck-01-1\/","title":{"rendered":"SU\u0106URAJ &#8211; Crkvica \u00bbNa starom groblju\u00ab"},"content":{"rendered":"<p><a name=\"seite_oben\"><\/a><br \/>\n<strong><img loading=\"lazy\" decoding=\"async\" class=\"alignnone wp-image-11524 size-large\" src=\"https:\/\/www.topohvar.at\/wp-content\/uploads\/2018\/09\/SU-CK-01-0-1024x503.jpg\" alt=\"\" width=\"640\" height=\"314\" srcset=\"https:\/\/www.topohvar.at\/wp-content\/uploads\/2018\/09\/SU-CK-01-0-1024x503.jpg 1024w, https:\/\/www.topohvar.at\/wp-content\/uploads\/2018\/09\/SU-CK-01-0-300x147.jpg 300w, https:\/\/www.topohvar.at\/wp-content\/uploads\/2018\/09\/SU-CK-01-0-768x377.jpg 768w, https:\/\/www.topohvar.at\/wp-content\/uploads\/2018\/09\/SU-CK-01-0.jpg 1080w\" sizes=\"auto, (max-width: 640px) 100vw, 640px\" \/><\/strong><\/p>\n<p><strong>Ime \/ Name<br \/>\n<\/strong>Crkvica \u00bbNa starom groblju\u00ab \/ Friedhofskapelle<\/p>\n<p><strong>Code: <\/strong>SU-CK-01\u00a0 \u00a0 \u00a0 \u00a0 \u00a0 \u00a0 \u00a0 \u00a0 \u00a0 \u00a0 \u00a0 \u00a0 \u00a0 \u00a0 \u00a0 <strong><a href=\"https:\/\/www.topohvar.at\/orte\/su\/su-ca-01-1\/\"><img loading=\"lazy\" decoding=\"async\" class=\"alignnone wp-image-12300 size-full\" src=\"https:\/\/www.topohvar.at\/wp-content\/uploads\/2018\/09\/push-vor-30.jpg\" alt=\"\" width=\"61\" height=\"30\" \/><\/a><\/strong> <strong><a href=\"https:\/\/www.topohvar.at\/orte\/su\/su-ci-02-1\/\"><img loading=\"lazy\" decoding=\"async\" class=\"alignnone wp-image-533 size-full\" src=\"https:\/\/www.topohvar.at\/wp-content\/uploads\/2018\/07\/push-l-30.jpg\" alt=\"\" width=\"61\" height=\"30\" \/><\/a> <a href=\"https:\/\/www.topohvar.at\/orte\/su\/\"><img loading=\"lazy\" decoding=\"async\" class=\"alignnone wp-image-535 size-full\" src=\"https:\/\/www.topohvar.at\/wp-content\/uploads\/2018\/07\/push-o-30.jpg\" alt=\"\" width=\"61\" height=\"30\" \/><\/a> <a href=\"https:\/\/www.topohvar.at\/orte\/su\/su-ck-02-1\/\"><img loading=\"lazy\" decoding=\"async\" class=\"alignnone wp-image-536 size-full\" src=\"https:\/\/www.topohvar.at\/wp-content\/uploads\/2018\/07\/push-r-30.jpg\" alt=\"\" width=\"61\" height=\"30\" \/><\/a><\/strong><\/p>\n<hr \/>\n<p><strong>Adresa \/ Adresse<br \/>\n<\/strong>Su\u0107uraj, Crenica, staro groblje<\/p>\n<p><strong>Lokacija<\/strong><strong> \/ Position<a href=\"https:\/\/goo.gl\/maps\/tCo3Dhh1884VPL4u8\"><img loading=\"lazy\" decoding=\"async\" class=\"alignright wp-image-11700\" src=\"https:\/\/www.topohvar.at\/wp-content\/uploads\/2018\/09\/0783.jpg\" alt=\"\" width=\"134\" height=\"100\" \/><\/a><br \/>\n<\/strong><span style=\"color: #3366ff;\"><a style=\"color: #3366ff;\" href=\"https:\/\/goo.gl\/maps\/tCo3Dhh1884VPL4u8\">Latitude: N 43,12731\u00b0\u00a0 \u00a0Longitude: E 17,18461\u00b0<\/a> <\/span><strong><br \/>\n<\/strong>Visina \/ H\u00f6he: 6 m<\/p>\n<p><strong>Katastarska \u010destica <\/strong><strong>\/ Grundst\u00fccke<br \/>\n<\/strong>*303\u00a0<div class='content-column one_half'><div style=\"padding-right:6px;\"><p><strong>Datum snimanja \/ Erfassungsdatum<br \/>\n<\/strong>26.05.2013 17:15:41<\/p>\n<hr \/>\n<p><strong>Informacije<\/strong><\/p><\/div><\/div><div class='content-column one_half last_column'><div style=\"padding-right:0px;padding-left:6px;\"><p><strong>Stupanj za\u0161tite<\/strong><strong> \/ Schutzstellung<br \/>\n<\/strong>Spomenik kulture<\/p>\n<hr \/>\n<p style=\"text-align: left; padding-left: 120px;\"><strong>Info<\/strong><\/p><\/div><\/div><div class='clear_column'><\/div><div class='content-column one_half'><div style=\"padding-right:6px;\"><p>Grobna kapela na starom groblju na polo\u017eaju Crenica. Podigao je kao poklon rodnom mjestu pop Marko Margeti\u0107. Slu\u017eio je u \u017eupi u Selcima na Bra\u010du. Ostao je natpis iznad portala:<\/p><\/div><\/div><div class='content-column one_half last_column'><div style=\"padding-right:0px;padding-left:6px;\"><p>Die Grabkapelle auf dem alten Friedhof am Standort Crenica wurde vom Priester Marko Margeti\u0107 als Geschenk an seinen Geburtsort errichtet. Er diente in der Gemeinde Selca auf Bra\u010d. \u00dcber dem Portal ist die Inschrift erhalten:<\/p><\/div><\/div><div class='clear_column'><\/div><div class='content-column one_half'><div style=\"padding-right:6px;\"><p style=\"text-align: center;\">ZA LJUBAV OTA\u010cBINI POP M. MARGETI\u0106 G. G. 1878.<\/p><\/div><\/div><div class='content-column one_half last_column'><div style=\"padding-right:0px;padding-left:6px;\"><p style=\"text-align: center;\">Aus Liebe zum Vaterland, Priester M. Margeti\u0106, 1878<\/p><\/div><\/div><div class='clear_column'><\/div><div class='content-column one_half'><div style=\"padding-right:6px;\"><p>Na ovom mjestu zabilje\u017eeni su prvi ukopi \u017eitelja Su\u0107urja 1818 koji su umrli od kuge. Taj polo\u017eaj je tako\u0111er bio odabran za groblje nakon dono\u0161enja zakona kojim se zabranjivalo ukopavanje u crkvama i okolo njih iz preventivnih sanitarnih razloga. Groblje je za\u0161ti\u0107eno kao spomenik kulture.<\/p>\n<p style=\"text-align: left;\"><\/div><\/div><div class='content-column one_half last_column'><div style=\"padding-right:0px;padding-left:6px;\"><p>An dieser Stelle wurden 1818 die ersten Beerdigungen von Einwohnern von Su\u0107uraj verzeichnet, die an der Pest gestorben waren. Dieser Ort wurde auch f\u00fcr den Friedhof gew\u00e4hlt, nachdem ein Gesetz erlassen worden war, das aus vorbeugenden hygienischen Gr\u00fcnden Bestattungen in und um Kirchen verbot. Der Friedhof steht unter Schutz und ist ein Kulturdenkmal.<\/p><\/div><\/div><div class='clear_column'><\/div><\/p>\n<p style=\"text-align: center;\"><em>Izvor\/Quelle: Nik\u0161a Vujnovi\u0107, Facebook<\/em><\/p>\n<div class='content-column one_third'><div style=\"padding-right:6px;\"><p>Crkvica je sagra\u0111ena prema natpisu iznad ulaznog luka 1878. godine.<\/p><\/div><\/div><div class='content-column one_third'><div style=\"padding-right:6px;\"><p><img loading=\"lazy\" decoding=\"async\" class=\"alignnone size-full wp-image-20832\" src=\"https:\/\/www.topohvar.at\/wp-content\/uploads\/2019\/04\/su-ck-01-71.jpg\" alt=\"\" width=\"200\" height=\"200\" srcset=\"https:\/\/www.topohvar.at\/wp-content\/uploads\/2019\/04\/su-ck-01-71.jpg 200w, https:\/\/www.topohvar.at\/wp-content\/uploads\/2019\/04\/su-ck-01-71-150x150.jpg 150w\" sizes=\"auto, (max-width: 200px) 100vw, 200px\" \/><\/p><\/div><\/div><div class='content-column one_third last_column'><div style=\"padding-right:0px;padding-left:6px;\"><p>Die kleine Kirche wurde laut Inschrift \u00fcber dem Eingangsbogen im Jahr 1878 errichtet.<\/p><\/div><\/div><div class='clear_column'><\/div><\/p>\n<p style=\"text-align: right;\"><span style=\"color: #3366ff;\"><a style=\"color: #3366ff;\" href=\"#seite_oben\">natrag na vrh \/ Seitenanfang<\/a><\/span><\/p>\n<hr \/>\n<p><strong>Linkovi \/ Links<\/strong><\/p>\n<p><span style=\"color: #3366ff;\"><a style=\"color: #3366ff;\" href=\"https:\/\/www.topohvar.at\/orte\/su\/su-og-01-1\/\">Staro groblje \/ Alter Friedhof<\/a><br \/>\n<a style=\"color: #3366ff;\" href=\"https:\/\/www.topohvar.at\/orte\/su\/su-is-11-1\/\">Spomen plo\u010da iznad ulaznih vrata \/ Gedenktafel \u00fcber der Eingangst\u00fcre<\/a><br \/>\n<\/span><\/p>\n","protected":false},"excerpt":{"rendered":"<p>Ime \/ Name Crkvica \u00bbNa starom groblju\u00ab \/ Friedhofskapelle Code: SU-CK-01\u00a0 \u00a0 \u00a0 \u00a0 \u00a0 \u00a0 \u00a0 \u00a0 \u00a0 \u00a0 \u00a0 \u00a0 \u00a0 \u00a0 \u00a0 Adresa \/ Adresse Su\u0107uraj, Crenica, staro groblje Lokacija \/ Position Latitude: N 43,12731\u00b0\u00a0 \u00a0Longitude: E &hellip; <a href=\"https:\/\/www.topohvar.at\/topo\/orte\/su\/su-ck-01-1\/\">Weiterlesen <span class=\"meta-nav\">&rarr;<\/span><\/a><\/p>\n","protected":false},"author":1,"featured_media":0,"parent":103,"menu_order":0,"comment_status":"closed","ping_status":"closed","template":"","meta":{"footnotes":""},"class_list":["post-11585","page","type-page","status-publish","hentry"],"_links":{"self":[{"href":"https:\/\/www.topohvar.at\/topo\/wp-json\/wp\/v2\/pages\/11585","targetHints":{"allow":["GET"]}}],"collection":[{"href":"https:\/\/www.topohvar.at\/topo\/wp-json\/wp\/v2\/pages"}],"about":[{"href":"https:\/\/www.topohvar.at\/topo\/wp-json\/wp\/v2\/types\/page"}],"author":[{"embeddable":true,"href":"https:\/\/www.topohvar.at\/topo\/wp-json\/wp\/v2\/users\/1"}],"replies":[{"embeddable":true,"href":"https:\/\/www.topohvar.at\/topo\/wp-json\/wp\/v2\/comments?post=11585"}],"version-history":[{"count":17,"href":"https:\/\/www.topohvar.at\/topo\/wp-json\/wp\/v2\/pages\/11585\/revisions"}],"predecessor-version":[{"id":71073,"href":"https:\/\/www.topohvar.at\/topo\/wp-json\/wp\/v2\/pages\/11585\/revisions\/71073"}],"up":[{"embeddable":true,"href":"https:\/\/www.topohvar.at\/topo\/wp-json\/wp\/v2\/pages\/103"}],"wp:attachment":[{"href":"https:\/\/www.topohvar.at\/topo\/wp-json\/wp\/v2\/media?parent=11585"}],"curies":[{"name":"wp","href":"https:\/\/api.w.org\/{rel}","templated":true}]}}

SUĆURAJ &#8211; Crkvica »Na starom groblju«

<p><a name="seite_oben"></a><br />
<strong><img loading="lazy" decoding="async" class="alignnone wp-image-11524 size-large" src="https://www.topohvar.at/wp-content/uploads/2018/09/SU-CK-01-0-1024x503.jpg" alt="" width="640" height="314" srcset="https://www.topohvar.at/wp-content/uploads/2018/09/SU-CK-01-0-1024x503.jpg 1024w, https://www.topohvar.at/wp-content/uploads/2018/09/SU-CK-01-0-300x147.jpg 300w, https://www.topohvar.at/wp-content/uploads/2018/09/SU-CK-01-0-768x377.jpg 768w, https://www.topohvar.at/wp-content/uploads/2018/09/SU-CK-01-0.jpg 1080w" sizes="auto, (max-width: 640px) 100vw, 640px" /></strong></p>
<p><strong>Ime / Name<br />
</strong>Crkvica »Na starom groblju« / Friedhofskapelle</p>
<p><strong>Code: </strong>SU-CK-01                              <strong><a href="https://www.topohvar.at/orte/su/su-ca-01-1/"><img loading="lazy" decoding="async" class="alignnone wp-image-12300 size-full" src="https://www.topohvar.at/wp-content/uploads/2018/09/push-vor-30.jpg" alt="" width="61" height="30" /></a></strong> <strong><a href="https://www.topohvar.at/orte/su/su-ci-02-1/"><img loading="lazy" decoding="async" class="alignnone wp-image-533 size-full" src="https://www.topohvar.at/wp-content/uploads/2018/07/push-l-30.jpg" alt="" width="61" height="30" /></a> <a href="https://www.topohvar.at/orte/su/"><img loading="lazy" decoding="async" class="alignnone wp-image-535 size-full" src="https://www.topohvar.at/wp-content/uploads/2018/07/push-o-30.jpg" alt="" width="61" height="30" /></a> <a href="https://www.topohvar.at/orte/su/su-ck-02-1/"><img loading="lazy" decoding="async" class="alignnone wp-image-536 size-full" src="https://www.topohvar.at/wp-content/uploads/2018/07/push-r-30.jpg" alt="" width="61" height="30" /></a></strong></p>
<hr />
<p><strong>Adresa / Adresse<br />
</strong>Sućuraj, Crenica, staro groblje</p>
<p><strong>Lokacija</strong><strong> / Position<a href="https://goo.gl/maps/tCo3Dhh1884VPL4u8"><img loading="lazy" decoding="async" class="alignright wp-image-11700" src="https://www.topohvar.at/wp-content/uploads/2018/09/0783.jpg" alt="" width="134" height="100" /></a><br />
</strong><span style="color: #3366ff;"><a style="color: #3366ff;" href="https://goo.gl/maps/tCo3Dhh1884VPL4u8">Latitude: N 43,12731°   Longitude: E 17,18461°</a> </span><strong><br />
</strong>Visina / Höhe: 6 m</p>
<p><strong>Katastarska čestica </strong><strong>/ Grundstücke<br />
</strong>*303 <div class='content-column one_half'><div style="padding-right:6px;"><p><strong>Datum snimanja / Erfassungsdatum<br />
</strong>26.05.2013 17:15:41</p>
<hr />
<p><strong>Informacije</strong></p></div></div><div class='content-column one_half last_column'><div style="padding-right:0px;padding-left:6px;"><p><strong>Stupanj zaštite</strong><strong> / Schutzstellung<br />
</strong>Spomenik kulture</p>
<hr />
<p style="text-align: left; padding-left: 120px;"><strong>Info</strong></p></div></div><div class='clear_column'></div><div class='content-column one_half'><div style="padding-right:6px;"><p>Grobna kapela na starom groblju na položaju Crenica. Podigao je kao poklon rodnom mjestu pop Marko Margetić. Služio je u župi u Selcima na Braču. Ostao je natpis iznad portala:</p></div></div><div class='content-column one_half last_column'><div style="padding-right:0px;padding-left:6px;"><p>Die Grabkapelle auf dem alten Friedhof am Standort Crenica wurde vom Priester Marko Margetić als Geschenk an seinen Geburtsort errichtet. Er diente in der Gemeinde Selca auf Brač. Über dem Portal ist die Inschrift erhalten:</p></div></div><div class='clear_column'></div><div class='content-column one_half'><div style="padding-right:6px;"><p style="text-align: center;">ZA LJUBAV OTAČBINI POP M. MARGETIĆ G. G. 1878.</p></div></div><div class='content-column one_half last_column'><div style="padding-right:0px;padding-left:6px;"><p style="text-align: center;">Aus Liebe zum Vaterland, Priester M. MargetiĆ, 1878</p></div></div><div class='clear_column'></div><div class='content-column one_half'><div style="padding-right:6px;"><p>Na ovom mjestu zabilježeni su prvi ukopi žitelja Sućurja 1818 koji su umrli od kuge. Taj položaj je također bio odabran za groblje nakon donošenja zakona kojim se zabranjivalo ukopavanje u crkvama i okolo njih iz preventivnih sanitarnih razloga. Groblje je zaštićeno kao spomenik kulture.</p>
<p style="text-align: left;"></div></div><div class='content-column one_half last_column'><div style="padding-right:0px;padding-left:6px;"><p>An dieser Stelle wurden 1818 die ersten Beerdigungen von Einwohnern von Sućuraj verzeichnet, die an der Pest gestorben waren. Dieser Ort wurde auch für den Friedhof gewählt, nachdem ein Gesetz erlassen worden war, das aus vorbeugenden hygienischen Gründen Bestattungen in und um Kirchen verbot. Der Friedhof steht unter Schutz und ist ein Kulturdenkmal.</p></div></div><div class='clear_column'></div></p>
<p style="text-align: center;"><em>Izvor/Quelle: Nikša Vujnović, Facebook</em></p>
<div class='content-column one_third'><div style="padding-right:6px;"><p>Crkvica je sagrađena prema natpisu iznad ulaznog luka 1878. godine.</p></div></div><div class='content-column one_third'><div style="padding-right:6px;"><p><img loading="lazy" decoding="async" class="alignnone size-full wp-image-20832" src="https://www.topohvar.at/wp-content/uploads/2019/04/su-ck-01-71.jpg" alt="" width="200" height="200" srcset="https://www.topohvar.at/wp-content/uploads/2019/04/su-ck-01-71.jpg 200w, https://www.topohvar.at/wp-content/uploads/2019/04/su-ck-01-71-150x150.jpg 150w" sizes="auto, (max-width: 200px) 100vw, 200px" /></p></div></div><div class='content-column one_third last_column'><div style="padding-right:0px;padding-left:6px;"><p>Die kleine Kirche wurde laut Inschrift über dem Eingangsbogen im Jahr 1878 errichtet.</p></div></div><div class='clear_column'></div></p>
<p style="text-align: right;"><span style="color: #3366ff;"><a style="color: #3366ff;" href="#seite_oben">natrag na vrh / Seitenanfang</a></span></p>
<hr />
<p><strong>Linkovi / Links</strong></p>
<p><span style="color: #3366ff;"><a style="color: #3366ff;" href="https://www.topohvar.at/orte/su/su-og-01-1/">Staro groblje / Alter Friedhof</a><br />
<a style="color: #3366ff;" href="https://www.topohvar.at/orte/su/su-is-11-1/">Spomen ploča iznad ulaznih vrata / Gedenktafel über der Eingangstüre</a><br />
</span></p>

<p>Ime / Name Crkvica »Na starom groblju« / Friedhofskapelle Code: SU-CK-01                              Adresa / Adresse Sućuraj, Crenica, staro groblje Lokacija / Position Latitude: N 43,12731°   Longitude: E &hellip; <a href="https://www.topohvar.at/topo/orte/su/su-ck-01-1/">Weiterlesen <span class="meta-nav">&rarr;</span></a></p>
