{"id":11608,"date":"2018-09-15T07:02:31","date_gmt":"2018-09-15T05:02:31","guid":{"rendered":"https:\/\/www.topohvar.at\/?page_id=11608"},"modified":"2025-03-29T16:45:13","modified_gmt":"2025-03-29T15:45:13","slug":"su-is-09-1","status":"publish","type":"page","link":"https:\/\/www.topohvar.at\/topo\/orte\/su\/su-is-09-1\/","title":{"rendered":"SU\u0106URAJ &#8211; Spomen plo\u010da \u00bbGlagoljski natpisi\u00ab"},"content":{"rendered":"<p><a name=\"seite_oben\"><\/a><br \/>\n<strong><img loading=\"lazy\" decoding=\"async\" class=\"aligncenter wp-image-30447 size-full\" src=\"https:\/\/www.topohvar.at\/wp-content\/uploads\/2020\/02\/su-in-02-1.jpg\" alt=\"\" width=\"640\" height=\"314\" srcset=\"https:\/\/www.topohvar.at\/wp-content\/uploads\/2020\/02\/su-in-02-1.jpg 640w, https:\/\/www.topohvar.at\/wp-content\/uploads\/2020\/02\/su-in-02-1-300x147.jpg 300w\" sizes=\"auto, (max-width: 640px) 100vw, 640px\" \/><\/strong><\/p>\n<p><strong>Ime \/ Name<br \/>\n<\/strong>Spomen plo\u010da \u00bbGlagoljski natpisi\u00ab \/ Gedenktafel Glagolitische Inschrift<\/p>\n<p><strong>Code: <\/strong>SU-IS-09\u00a0 \u00a0 \u00a0 \u00a0 \u00a0 \u00a0 \u00a0 \u00a0 \u00a0 \u00a0 \u00a0 \u00a0 \u00a0 \u00a0 \u00a0 \u00a0<strong><a href=\"https:\/\/www.topohvar.at\/topo\/orte\/su\/su-ip-01-1\/\"><img loading=\"lazy\" decoding=\"async\" class=\"alignnone wp-image-12300 size-full\" src=\"https:\/\/www.topohvar.at\/wp-content\/uploads\/2018\/09\/push-vor-30.jpg\" alt=\"\" width=\"61\" height=\"30\" \/><\/a> <a href=\"https:\/\/www.topohvar.at\/orte\/su\/su-is-14-1\/\"><img loading=\"lazy\" decoding=\"async\" class=\"alignnone wp-image-533 size-full\" src=\"https:\/\/www.topohvar.at\/wp-content\/uploads\/2018\/07\/push-l-30.jpg\" alt=\"\" width=\"61\" height=\"30\" \/><\/a> <a href=\"https:\/\/www.topohvar.at\/orte\/su\/\"><img loading=\"lazy\" decoding=\"async\" class=\"alignnone wp-image-535 size-full\" src=\"https:\/\/www.topohvar.at\/wp-content\/uploads\/2018\/07\/push-o-30.jpg\" alt=\"\" width=\"61\" height=\"30\" \/><\/a> <a href=\"https:\/\/www.topohvar.at\/orte\/su\/su-is-01-1\/\"><img loading=\"lazy\" decoding=\"async\" class=\"alignnone wp-image-536 size-full\" src=\"https:\/\/www.topohvar.at\/wp-content\/uploads\/2018\/07\/push-r-30.jpg\" alt=\"\" width=\"61\" height=\"30\" \/><\/a><\/strong><\/p>\n<hr \/>\n<p><strong>Adresa \/ Adresse<br \/>\n<\/strong>Su\u0107uraj,\u00a0Riva &#8211; Ulica Sv. Jurja,\u00a0crkva Sv. Jurja mu\u010denik \/ Kirche des hl. M\u00e4rtyrers Georg<\/p>\n<p><strong>Lokacija \/ Position<a href=\"https:\/\/maps.app.goo.gl\/ezwYSqkPZpdwDiTbA\"><img loading=\"lazy\" decoding=\"async\" class=\"alignright wp-image-71228\" src=\"https:\/\/www.topohvar.at\/wp-content\/uploads\/2025\/03\/4278.jpg\" alt=\"\" width=\"134\" height=\"100\" \/><\/a><br \/>\n<\/strong><a href=\"https:\/\/maps.app.goo.gl\/ezwYSqkPZpdwDiTbA\"><span style=\"color: #3366ff;\">Latitude: N 43,12628\u00b0\u00a0 \u00a0Longitude: E 17,18735\u00b0 <\/span><\/a><strong><br \/>\n<\/strong>Visina \/ H\u00f6he: 2 m<\/p>\n<p><strong>Katastarska \u010destica <\/strong><strong>\/ Grundst\u00fccke<br \/>\n<\/strong>*325\u00a0<div class='content-column one_half'><div style=\"padding-right:6px;\"><p><strong>Datum snimanja \/ Erfassungsdatum<br \/>\n<\/strong>26.05.2013 16:00:00<\/p>\n<hr \/>\n<p><strong>Informacije<\/strong><\/p>\n<p>Pored ulaza u crkveno dvori\u0161te nove crkve sv. Jurja nalazi se spomen-plo\u010da u Bosan\u010dici (hrvatsko-\u0107irili\u010dno pismo). Postavljena je 1655. godine u \u010dast desete godi\u0161njice smrti biskupa Bartula\u00a0 \u017darkovi\u0107a, koju je sastavio vojvoda Petar Kulu\u0161i\u0107 iz Su\u0107urja, legendarni zapovjednik svih gusarskih, hajdu\u010dkih i usko\u010dkih &#8222;Snaga Krajine (Makarska Rivijera) kao i otoka Hvara&#8220;.<\/p><\/div><\/div><div class='content-column one_half last_column'><div style=\"padding-right:0px;padding-left:6px;\"><p><strong>Stupanj za\u0161tite <\/strong><strong>\/ Schutzstellung<br \/>\n<\/strong>&#8211;<\/p>\n<hr \/>\n<p><strong>Info<\/strong><\/p>\n<p>Neben dem Eingang in den Kirchhof der neuen Kirche zum hl. Georg ist eine Gedenktafel in Bosan\u010dica (kroatisch-kyrillische Schrift) ein gemauert. Sie wurde im Jahr 1655 zu Ehren des 10 Todestages des Bischofs Bartholomeus \u017darkovi\u0107, durch den Herzog Peter Kulu\u0161i\u0107 aus Su\u0107uraj, dem legend\u00e4ren Kommandanten aller Piraten, Banditen und Fl\u00fcchtigen &#8222;Kr\u00e4fte der Krajina (Makarska Riviera) sowie der Insel Hvar&#8220;, verfasst.<\/p><\/div><\/div><div class='clear_column'><\/div><div class='content-column one_half'><div style=\"padding-right:6px;\"><p>\u0106irilski natpis:<\/p>\n<p>1655. NA PO\u0160TENIE BOI\u017dIE I BLA\u017dENE GOSPE \u010cINI OVO PETAR KULI\u0160I\u0106 TOMICA DELALIA PARAN\u017dIK CVITAN KOTORAC OVO \u010cINI\u0160E SVOJIM VITEZOVI.<\/p><\/div><\/div><div class='content-column one_half last_column'><div style=\"padding-right:0px;padding-left:6px;\"><p>Die Inschrift:<\/p>\n<p>Im Jahre 1655 haben Petar Kuli\u0161i\u0107, Tomica Delalia und Paran\u017eik Cvitan Kotorac zu Ehren Gottes und der Jungfrau Maria, dies im Namen ihrer Rittern gemacht.<\/p><\/div><\/div><div class='clear_column'><\/div><\/p>\n<hr \/>\n<div class='content-column one_half'><div style=\"padding-right:6px;\"><p>Natpis se vjerojatno originalno nalazio u kapeli stare \u017eupne crkve koja je ujedno bila i mauzolej makarskog biskupa fra Bartula Ka\u010di\u0107a \u017darkovi\u0107a, a prema tome se smatra da plo\u010du podi\u017eu navedeni suborci prilikom desete obljetnice smrti biskupa i brata mu Petra. Pismo i jezik natpisa ukazuju na izra\u017een utjecaj s kopna, tj. Podru\u010dja makarskog primorja na Su\u0107uraj te istok otoka.<\/p><\/div><\/div><div class='content-column one_half last_column'><div style=\"padding-right:0px;padding-left:6px;\"><p>Die Inschrift befand sich wahrscheinlich urspr\u00fcnglich in der Kapelle der alten Pfarrkirche, die auch das Mausoleum des Bischofs von Makarska P. Bartul Ka\u010di\u0107 \u017darkovi\u0107 war. Alphabet und Sprache der Inschrift weisen auf einen ausgepr\u00e4gten Einfluss vom Festland, also dem Gebiet der Makarska-K\u00fcste auf Sucuraj und dem Osten der Insel, hin.<\/p><\/div><\/div><div class='clear_column'><\/div><div class='content-column one_half'><div style=\"padding-right:6px;\"><p><em>(Citat s izlo\u017ebe \u201cPisma i Pismenost otoka Hvara\u201d galerija (crkva) sv. <\/em><em>Jerolima, lipanj 2021)<\/em><\/p><\/div><\/div><div class='content-column one_half last_column'><div style=\"padding-right:0px;padding-left:6px;\"><p><em>(Zitat aus der Ausstellung \u201cSchrift und Schreibkunst der Insel Hvar\u201d Galerie (Kirche) sv. Jerolim, Juni 2021)<\/em><\/p><\/div><\/div><div class='clear_column'><\/div><\/p>\n<p style=\"text-align: right;\"><span style=\"color: #3366ff;\"><a style=\"color: #3366ff;\" href=\"#seite_oben\">natrag na vrh \/ Seitenanfang<\/a><\/span><\/p>\n<hr \/>\n<p><strong>Linkovi \/ Links<\/strong><\/p>\n<p><span style=\"color: #3366ff;\"><a style=\"color: #3366ff;\" href=\"https:\/\/www.topohvar.at\/orte\/su\/su-ci-01-1\/\">\u017dupna crkva \u00bbSv. Jurja mu\u010denik\u00ab \/ Pfarrkirche zum hl. M\u00e4rtyrer Georg<\/a><\/span><\/p>\n","protected":false},"excerpt":{"rendered":"<p>Ime \/ Name Spomen plo\u010da \u00bbGlagoljski natpisi\u00ab \/ Gedenktafel Glagolitische Inschrift Code: SU-IS-09\u00a0 \u00a0 \u00a0 \u00a0 \u00a0 \u00a0 \u00a0 \u00a0 \u00a0 \u00a0 \u00a0 \u00a0 \u00a0 \u00a0 \u00a0 \u00a0 Adresa \/ Adresse Su\u0107uraj,\u00a0Riva &#8211; Ulica Sv. Jurja,\u00a0crkva Sv. Jurja mu\u010denik \/ &hellip; <a href=\"https:\/\/www.topohvar.at\/topo\/orte\/su\/su-is-09-1\/\">Weiterlesen <span class=\"meta-nav\">&rarr;<\/span><\/a><\/p>\n","protected":false},"author":1,"featured_media":0,"parent":103,"menu_order":0,"comment_status":"closed","ping_status":"closed","template":"","meta":{"footnotes":""},"class_list":["post-11608","page","type-page","status-publish","hentry"],"_links":{"self":[{"href":"https:\/\/www.topohvar.at\/topo\/wp-json\/wp\/v2\/pages\/11608","targetHints":{"allow":["GET"]}}],"collection":[{"href":"https:\/\/www.topohvar.at\/topo\/wp-json\/wp\/v2\/pages"}],"about":[{"href":"https:\/\/www.topohvar.at\/topo\/wp-json\/wp\/v2\/types\/page"}],"author":[{"embeddable":true,"href":"https:\/\/www.topohvar.at\/topo\/wp-json\/wp\/v2\/users\/1"}],"replies":[{"embeddable":true,"href":"https:\/\/www.topohvar.at\/topo\/wp-json\/wp\/v2\/comments?post=11608"}],"version-history":[{"count":20,"href":"https:\/\/www.topohvar.at\/topo\/wp-json\/wp\/v2\/pages\/11608\/revisions"}],"predecessor-version":[{"id":71232,"href":"https:\/\/www.topohvar.at\/topo\/wp-json\/wp\/v2\/pages\/11608\/revisions\/71232"}],"up":[{"embeddable":true,"href":"https:\/\/www.topohvar.at\/topo\/wp-json\/wp\/v2\/pages\/103"}],"wp:attachment":[{"href":"https:\/\/www.topohvar.at\/topo\/wp-json\/wp\/v2\/media?parent=11608"}],"curies":[{"name":"wp","href":"https:\/\/api.w.org\/{rel}","templated":true}]}}