{"id":11865,"date":"2018-09-16T15:32:46","date_gmt":"2018-09-16T13:32:46","guid":{"rendered":"https:\/\/www.topohvar.at\/?page_id=11865"},"modified":"2021-10-01T10:43:43","modified_gmt":"2021-10-01T08:43:43","slug":"zv-tg-02-1","status":"publish","type":"page","link":"https:\/\/www.topohvar.at\/topo\/orte\/zv\/zv-tg-02-1\/","title":{"rendered":"ZAVALA &#8211; Ljetnikovac \u00bbDubokovi\u0107 Nadalini\u00ab"},"content":{"rendered":"<p><a name=\"seite_oben\"><\/a><br \/>\n<strong><img loading=\"lazy\" decoding=\"async\" class=\"alignnone wp-image-11858 size-large\" src=\"https:\/\/www.topohvar.at\/wp-content\/uploads\/2018\/09\/zv-tg-02-0-1024x503.jpg\" alt=\"\" width=\"640\" height=\"314\" srcset=\"https:\/\/www.topohvar.at\/wp-content\/uploads\/2018\/09\/zv-tg-02-0-1024x503.jpg 1024w, https:\/\/www.topohvar.at\/wp-content\/uploads\/2018\/09\/zv-tg-02-0-300x147.jpg 300w, https:\/\/www.topohvar.at\/wp-content\/uploads\/2018\/09\/zv-tg-02-0-768x377.jpg 768w, https:\/\/www.topohvar.at\/wp-content\/uploads\/2018\/09\/zv-tg-02-0.jpg 1080w\" sizes=\"auto, (max-width: 640px) 100vw, 640px\" \/><\/strong><\/p>\n<p><strong>Ime \/ Name<br \/>\n<\/strong>Ljetnikovac \/ Sommerhaus \u00bbDubokovi\u0107 Nadalini\u00ab<\/p>\n<p><strong>Code: <\/strong>ZV-TG-02\u00a0 \u00a0 \u00a0 \u00a0 \u00a0 \u00a0 \u00a0 \u00a0 \u00a0 \u00a0 \u00a0 \u00a0 \u00a0 \u00a0 \u00a0 \u00a0 <strong>\u00a0 \u00a0 \u00a0 \u00a0 \u00a0\u00a0 \u00a0 \u00a0 <a href=\" https:\/\/www.topohvar.at\/topo\/orte\/zv\/zv-tg-03-1\/\"><img loading=\"lazy\" decoding=\"async\" class=\"alignnone wp-image-12300 size-full\" src=\"https:\/\/www.topohvar.at\/wp-content\/uploads\/2018\/09\/push-vor-30.jpg\" alt=\"\" width=\"61\" height=\"30\" \/><\/a> <a href=\"https:\/\/www.topohvar.at\/orte\/zv\/\"><img loading=\"lazy\" decoding=\"async\" class=\"wp-image-535 size-full alignnone\" src=\"https:\/\/www.topohvar.at\/wp-content\/uploads\/2018\/07\/push-o-30.jpg\" alt=\"\" width=\"61\" height=\"30\" \/><\/a> <\/strong><\/p>\n<hr \/>\n<p><strong>Adresa \/ Adresse<br \/>\n<\/strong>Zavala<\/p>\n<p><strong>Lokalna polo\u017eaj \/ Position<a href=\"https:\/\/goo.gl\/maps\/TaonHrHYYAkhE7h4A\"><img loading=\"lazy\" decoding=\"async\" class=\"alignright wp-image-11921\" src=\"https:\/\/www.topohvar.at\/wp-content\/uploads\/2018\/09\/1322.jpg\" alt=\"\" width=\"134\" height=\"100\" \/><\/a><br \/>\n<\/strong><span style=\"color: #3366ff;\"><a style=\"color: #3366ff;\" href=\"https:\/\/goo.gl\/maps\/TaonHrHYYAkhE7h4A\">Latitude: N 43,12570\u00b0\u00a0 \u00a0 Longitude: E 16,68829\u00b0<\/a>\u00a0\u00a0<\/span><strong><br \/>\n<\/strong>Visina \/ H\u00f6he: 88 m<\/p>\n<p><strong>Zemlji\u0161te \/ Grundst\u00fccke<br \/>\n<\/strong>*163 <div class='content-column one_half'><div style=\"padding-right:6px;\"><p><strong>Datum snimanja \/ Erfassungsdatum<br \/>\n<\/strong>01.01.2000 00:00:00<\/p>\n<hr \/>\n<p><strong>Informacije<\/strong><\/p>\n<p>U sredi\u0161tu naselja Zavala, na strnim obroncima bre\u017euljka, smje\u0161tena je ku\u0107a Dubokovi\u0107 Nadalini s pogledom na otvoreno more. Ljetnikovac je jedan od najljep\u0161ih primjera ladanjske ku\u0107e XIX. Ssolje\u0107a na otoku Hvaru. Do ulaza u ku\u0107u dolazi se dugim blagim stubi\u0161tem. Uz dvostre\u0161nu ku\u0107u, na vi\u0161oj razini smje\u0161tena je crkvica koja je istaknuta u sklopu. Pomo\u010dne gospodarske zgrade smje\u0161tene su u najni\u017eem, ulaznom dvori\u0161tu.<\/p><\/div><\/div><div class='content-column one_half last_column'><div style=\"padding-right:0px;padding-left:6px;\"><p><strong>Za\u0161titni polo\u017eaj \/ Schutzstellung<br \/>\n<\/strong>&#8211;<\/p>\n<hr \/>\n<p><strong>Info<\/strong><\/p>\n<p>Im Zentrum der Siedlung Zavala, am abfallenden Berghang, befindet sich das Haus Dubokovi\u0107 Nadalini mit Blick auf das offene Meer. Das Sommerhaus ist eines der sch\u00f6nsten Beispiele eines Landhauses aus dem 19. Jahrhundert der Insel Hvar. Zum Hauseingang f\u00fchrt eine lange, bequeme Treppe. Neben dem dreigescho\u00dfigen Haus befindet sich auf einer Erh\u00f6hung eine kleine Kirche, die \u00fcber den Geb\u00e4udekomplex hervorgehoben ist. Die Nebengeb\u00e4ude befinden sich im untersten Eingangshof.<\/p><\/div><\/div><div class='clear_column'><\/div><div class='content-column one_half'><div style=\"padding-right:6px;\"><p>Stube u smjeru zapad-istok vode na terasu pred ulaz u ku\u0107a, a druge su kra\u0107e i vode do male terae pred kapelicom. Sklop ljetnikovca od puta je odvojen visokim kamenim zidom. Od sklopa ljetnikovca do mora vodi strmi put kroz polja, koji pred samom obalom zavr\u0161ava portalom odakle se ide do male lu\u010dice.<\/p><\/div><\/div><div class='content-column one_half last_column'><div style=\"padding-right:0px;padding-left:6px;\"><p>Die Treppe in West-Ost-Richtung f\u00fchrt zur Terrasse vor dem Hauseingang, w\u00e4hrend die anderen Stiegen k\u00fcrzer sind zu den kleinen Terrassen vor der Kapelle f\u00fchren. Der Komplex des Sommerhauses ist vom Weg durch eine hohe Steinmauer getrennt. Vom Haus f\u00fchrt ein steiler Pfad durch die Felder zum Meer, der vor dem Ufer mit einem Portal endet und von dort zum kleinen Hafen f\u00fchrt.<\/p><\/div><\/div><div class='clear_column'><\/div><div class='content-column one_half'><div style=\"padding-right:6px;\"><p>U ljetnikovcu se na prvoj razini nalaze konoba i gospodarske prostorije, na drugoj su razini zajadni\u010dke prostorije boravka i kuhinja s ognji\u0161tem, a na tre\u0107em prostorije za spavanje i odmor. Ljetnikovac je gra\u0111en od kamena, pokriven je crijepom, a samo je dogradnja kuhinje i ogni\u0161ta pokrivena kamenim plo\u010dama. Dimenzije su ljetnikovca 18 x 6 m, otvori su uglavom prema jugu, a ulazi su sa zapada, sjevera i juga. Glavni je ulaz sa zapada s terase natkrivene odrinom.<\/p><\/div><\/div><div class='content-column one_half last_column'><div style=\"padding-right:0px;padding-left:6px;\"><p>Auf der ersten Ebene befinden sich die Tavernen und die Wirtschaftsr\u00e4ume, auf der zweiten Ebene das Wohnzimmer und die K\u00fcche mit einem Herd und in der dritten der Raum zum Schlafen und Ausruhen. Das Sommerhaus ist aus Stein gebaut und mit Dachziegeln gedeckt. Nur eine Erweiterung der K\u00fcche ist mit Steinplatten gedeckt. Das Ausma\u00df des Geb\u00e4udes betr\u00e4gt 18 x 6 m. Die Fenster \u00f6ffnen sich haupts\u00e4chlich nach S\u00fcden. Eing\u00e4nge gibt es im Westen, Norden und S\u00fcden. Der Haupteingang im Westen mit Terrasse ist mit einem Gitter bedeckt.<\/p><\/div><\/div><div class='clear_column'><\/div><div class='content-column one_half'><div style=\"padding-right:6px;\"><p>Stariji isto\u010dni dio je ni\u017ei, pokriven dvostre\u0161nim krovom s kamenim pokrovom, i noviji zapadni vi\u0161i dio , pokriven \u010detverostre\u0161nim krovom sa crijepom. Izgled zapadnog dijela u izrazu bli\u017ei gradskoj nego tradicijskoj arhitekturi tog podru\u010dja. Taj je izgled u bidermayer stilu dobio 1830.-1850.g.<\/p><\/div><\/div><div class='content-column one_half last_column'><div style=\"padding-right:0px;padding-left:6px;\"><p>Der \u00e4ltere \u00f6stliche Teil ist niedriger, hat Satteldach und Steindeckung, und der neuere westliche und h\u00f6here Teil, mit Walmdach und Dachziegeln. Das Aussehen des westlichen Teils \u00e4hnelt eher einem Stadthaus als an der traditionellen Architektur der Gegend. Dieses Aussehen im Biedermeier-Stil erhielt das Geb\u00e4ude in den Jahren 1830-1850.<\/p><\/div><\/div><div class='clear_column'><\/div><div class='content-column one_half'><div style=\"padding-right:6px;\"><p>Na ku\u0107i je bila spomen -plo\u010da u znak sje\u0107anja na tiskarsku i politi\u010dku obuku narodnooslobodila\u010dkog pokreta koja je djelovala 1942. godine.<\/p><\/div><\/div><div class='content-column one_half last_column'><div style=\"padding-right:0px;padding-left:6px;\"><p>Am Haus befand sich eine Gedenktafel, die an die im Jahre 1942 betriebene Druckerei der Volksbefreiungsbewegung und politische Schulung erinnerte.<\/p><\/div><\/div><div class='clear_column'><\/div><div class='content-column one_half'><div style=\"padding-right:6px;\"><p>U crkvici Sv. Jurja, koju je sagradio biskup Jurja Dubokovi\u0107 1866 g. i u njoj pokopao svoje srce. Biskup Dubokovi\u0107 je bio osniva\u010d i prvi predsjednik \u00abHigijeni\u010dkog dru\u0161tva\u00ab, prete\u010de dana\u0161njeg turizma\u00a0 na\u00a0 otoku Hvaru.<\/p><\/div><\/div><div class='content-column one_half last_column'><div style=\"padding-right:0px;padding-left:6px;\"><p>In der kleinen Kirche des hl. Georg, die 1866 von Bischof Juraj Dubokovi\u0107 erbaut wurde, ist sein Herz begraben. Bischof Dubokovi\u0107 war Gr\u00fcnder und erster Pr\u00e4sident der &#8222;Hygienischen Gesellschaft&#8220;, dem Vorl\u00e4ufer des heutigen Tourismus auf der Insel Hvar.<\/p><\/div><\/div><div class='clear_column'><\/div><\/p>\n<p style=\"text-align: right;\"><a href=\"#seite_oben\">gore \/ Seitenanfang<\/a><\/p>\n<hr \/>\n<p><strong>Linkovi \/ Links<\/strong><\/p>\n<p><span style=\"color: #3366ff;\"><a style=\"color: #3366ff;\" href=\"https:\/\/www.topohvar.at\/orte\/zv\/zv-ci-02-2\/\">Crkvica \u00bbSv. Juraj\u00ab \/ Kleine Kirche des hl. Georg<\/a><br \/>\n<a style=\"color: #3366ff;\" href=\"https:\/\/www.topohvar.at\/topo\/orte\/zv\/zv-is-02-1\/\">Spomen plo\u010da \u00bbradu \u0161tamparije i politi\u010dke \u0161kole\u00ab \/ Gedenktafel an die Druckerei und politische Schule<\/a><br \/>\n<a style=\"color: #3366ff;\" href=\"https:\/\/www.topohvar.at\/orte\/hv\/hv-is-09-1\/\">Hvar &#8211; Spomen plo\u010da \u00bbHigijeni\u010dko dru\u0161tvo Hvar\u00ab \/ Gedenktafel Hygienische Gesellschaft<\/a><br \/>\n<a style=\"color: #3366ff;\" href=\"https:\/\/www.topohvar.at\/orte\/je\/je-is-09-1\/\">Jelsa &#8211; Spomen plo\u010da \/ Gedenktafel \u00bbDr. Niko Dubokovi\u0107 Nadalini\u00ab<\/a><br \/>\n<a style=\"color: #3366ff;\" href=\"https:\/\/www.topohvar.at\/orte\/je\/je-tg-08-1\/\">Jelsa &#8211; Ku\u0107a \/ Haus \u00bbDr. Niko Dubokovi\u0107 Nadalini\u00ab\u00a0<\/a><br \/>\n<a style=\"color: #3366ff;\" href=\"https:\/\/www.topohvar.at\/orte\/pi\/pi-tg-03-1\/\">Pitve &#8211; <\/a><a style=\"color: #3366ff;\" href=\"https:\/\/www.topohvar.at\/orte\/je\/je-tg-08-1\/\">Ku\u0107a<\/a><a style=\"color: #3366ff;\" href=\"https:\/\/www.topohvar.at\/orte\/pi\/pi-tg-03-1\/\"> \/ Haus \u00bbDubokovi\u0107a dvori\u00ab<\/a><br \/>\n<a style=\"color: #3366ff;\" href=\"https:\/\/www.topohvar.at\/orte\/za\/za-tg-03-1\/\">Zastra\u017ei\u0161\u0107e &#8211; Ku\u0107a \/ Haus \u00bbAngelini (Angjelinovi\u0107, kasnije \/ sp\u00e4ter Dubokovi\u0107 Nadalini)\u00ab<\/a><\/span><\/p>\n<p>&nbsp;<\/p>\n","protected":false},"excerpt":{"rendered":"<p>Ime \/ Name Ljetnikovac \/ Sommerhaus \u00bbDubokovi\u0107 Nadalini\u00ab Code: ZV-TG-02\u00a0 \u00a0 \u00a0 \u00a0 \u00a0 \u00a0 \u00a0 \u00a0 \u00a0 \u00a0 \u00a0 \u00a0 \u00a0 \u00a0 \u00a0 \u00a0 \u00a0 \u00a0 \u00a0 \u00a0 \u00a0\u00a0 \u00a0 \u00a0 Adresa \/ Adresse Zavala Lokalna polo\u017eaj \/ Position &hellip; <a href=\"https:\/\/www.topohvar.at\/topo\/orte\/zv\/zv-tg-02-1\/\">Weiterlesen <span class=\"meta-nav\">&rarr;<\/span><\/a><\/p>\n","protected":false},"author":1,"featured_media":0,"parent":119,"menu_order":0,"comment_status":"closed","ping_status":"closed","template":"","meta":{"footnotes":""},"class_list":["post-11865","page","type-page","status-publish","hentry"],"_links":{"self":[{"href":"https:\/\/www.topohvar.at\/topo\/wp-json\/wp\/v2\/pages\/11865","targetHints":{"allow":["GET"]}}],"collection":[{"href":"https:\/\/www.topohvar.at\/topo\/wp-json\/wp\/v2\/pages"}],"about":[{"href":"https:\/\/www.topohvar.at\/topo\/wp-json\/wp\/v2\/types\/page"}],"author":[{"embeddable":true,"href":"https:\/\/www.topohvar.at\/topo\/wp-json\/wp\/v2\/users\/1"}],"replies":[{"embeddable":true,"href":"https:\/\/www.topohvar.at\/topo\/wp-json\/wp\/v2\/comments?post=11865"}],"version-history":[{"count":19,"href":"https:\/\/www.topohvar.at\/topo\/wp-json\/wp\/v2\/pages\/11865\/revisions"}],"predecessor-version":[{"id":51911,"href":"https:\/\/www.topohvar.at\/topo\/wp-json\/wp\/v2\/pages\/11865\/revisions\/51911"}],"up":[{"embeddable":true,"href":"https:\/\/www.topohvar.at\/topo\/wp-json\/wp\/v2\/pages\/119"}],"wp:attachment":[{"href":"https:\/\/www.topohvar.at\/topo\/wp-json\/wp\/v2\/media?parent=11865"}],"curies":[{"name":"wp","href":"https:\/\/api.w.org\/{rel}","templated":true}]}}

ZAVALA &#8211; Ljetnikovac »Duboković Nadalini«

<p><a name="seite_oben"></a><br />
<strong><img loading="lazy" decoding="async" class="alignnone wp-image-11858 size-large" src="https://www.topohvar.at/wp-content/uploads/2018/09/zv-tg-02-0-1024x503.jpg" alt="" width="640" height="314" srcset="https://www.topohvar.at/wp-content/uploads/2018/09/zv-tg-02-0-1024x503.jpg 1024w, https://www.topohvar.at/wp-content/uploads/2018/09/zv-tg-02-0-300x147.jpg 300w, https://www.topohvar.at/wp-content/uploads/2018/09/zv-tg-02-0-768x377.jpg 768w, https://www.topohvar.at/wp-content/uploads/2018/09/zv-tg-02-0.jpg 1080w" sizes="auto, (max-width: 640px) 100vw, 640px" /></strong></p>
<p><strong>Ime / Name<br />
</strong>Ljetnikovac / Sommerhaus »Duboković Nadalini«</p>
<p><strong>Code: </strong>ZV-TG-02                                <strong>               <a href=" https://www.topohvar.at/topo/orte/zv/zv-tg-03-1/"><img loading="lazy" decoding="async" class="alignnone wp-image-12300 size-full" src="https://www.topohvar.at/wp-content/uploads/2018/09/push-vor-30.jpg" alt="" width="61" height="30" /></a> <a href="https://www.topohvar.at/orte/zv/"><img loading="lazy" decoding="async" class="wp-image-535 size-full alignnone" src="https://www.topohvar.at/wp-content/uploads/2018/07/push-o-30.jpg" alt="" width="61" height="30" /></a> </strong></p>
<hr />
<p><strong>Adresa / Adresse<br />
</strong>Zavala</p>
<p><strong>Lokalna položaj / Position<a href="https://goo.gl/maps/TaonHrHYYAkhE7h4A"><img loading="lazy" decoding="async" class="alignright wp-image-11921" src="https://www.topohvar.at/wp-content/uploads/2018/09/1322.jpg" alt="" width="134" height="100" /></a><br />
</strong><span style="color: #3366ff;"><a style="color: #3366ff;" href="https://goo.gl/maps/TaonHrHYYAkhE7h4A">Latitude: N 43,12570°    Longitude: E 16,68829°</a>  </span><strong><br />
</strong>Visina / Höhe: 88 m</p>
<p><strong>Zemljište / Grundstücke<br />
</strong>*163 <div class='content-column one_half'><div style="padding-right:6px;"><p><strong>Datum snimanja / Erfassungsdatum<br />
</strong>01.01.2000 00:00:00</p>
<hr />
<p><strong>Informacije</strong></p>
<p>U središtu naselja Zavala, na strnim obroncima brežuljka, smještena je kuća Duboković Nadalini s pogledom na otvoreno more. Ljetnikovac je jedan od najljepših primjera ladanjske kuće XIX. Ssoljeća na otoku Hvaru. Do ulaza u kuću dolazi se dugim blagim stubištem. Uz dvostrešnu kuću, na višoj razini smještena je crkvica koja je istaknuta u sklopu. Pomočne gospodarske zgrade smještene su u najnižem, ulaznom dvorištu.</p></div></div><div class='content-column one_half last_column'><div style="padding-right:0px;padding-left:6px;"><p><strong>Zaštitni položaj / Schutzstellung<br />
</strong>&#8211;</p>
<hr />
<p><strong>Info</strong></p>
<p>Im Zentrum der Siedlung Zavala, am abfallenden Berghang, befindet sich das Haus Duboković Nadalini mit Blick auf das offene Meer. Das Sommerhaus ist eines der schönsten Beispiele eines Landhauses aus dem 19. Jahrhundert der Insel Hvar. Zum Hauseingang führt eine lange, bequeme Treppe. Neben dem dreigeschoßigen Haus befindet sich auf einer Erhöhung eine kleine Kirche, die über den Gebäudekomplex hervorgehoben ist. Die Nebengebäude befinden sich im untersten Eingangshof.</p></div></div><div class='clear_column'></div><div class='content-column one_half'><div style="padding-right:6px;"><p>Stube u smjeru zapad-istok vode na terasu pred ulaz u kuća, a druge su kraće i vode do male terae pred kapelicom. Sklop ljetnikovca od puta je odvojen visokim kamenim zidom. Od sklopa ljetnikovca do mora vodi strmi put kroz polja, koji pred samom obalom završava portalom odakle se ide do male lučice.</p></div></div><div class='content-column one_half last_column'><div style="padding-right:0px;padding-left:6px;"><p>Die Treppe in West-Ost-Richtung führt zur Terrasse vor dem Hauseingang, während die anderen Stiegen kürzer sind zu den kleinen Terrassen vor der Kapelle führen. Der Komplex des Sommerhauses ist vom Weg durch eine hohe Steinmauer getrennt. Vom Haus führt ein steiler Pfad durch die Felder zum Meer, der vor dem Ufer mit einem Portal endet und von dort zum kleinen Hafen führt.</p></div></div><div class='clear_column'></div><div class='content-column one_half'><div style="padding-right:6px;"><p>U ljetnikovcu se na prvoj razini nalaze konoba i gospodarske prostorije, na drugoj su razini zajadničke prostorije boravka i kuhinja s ognjištem, a na trećem prostorije za spavanje i odmor. Ljetnikovac je građen od kamena, pokriven je crijepom, a samo je dogradnja kuhinje i ogništa pokrivena kamenim pločama. Dimenzije su ljetnikovca 18 x 6 m, otvori su uglavom prema jugu, a ulazi su sa zapada, sjevera i juga. Glavni je ulaz sa zapada s terase natkrivene odrinom.</p></div></div><div class='content-column one_half last_column'><div style="padding-right:0px;padding-left:6px;"><p>Auf der ersten Ebene befinden sich die Tavernen und die Wirtschaftsräume, auf der zweiten Ebene das Wohnzimmer und die Küche mit einem Herd und in der dritten der Raum zum Schlafen und Ausruhen. Das Sommerhaus ist aus Stein gebaut und mit Dachziegeln gedeckt. Nur eine Erweiterung der Küche ist mit Steinplatten gedeckt. Das Ausmaß des Gebäudes beträgt 18 x 6 m. Die Fenster öffnen sich hauptsächlich nach Süden. Eingänge gibt es im Westen, Norden und Süden. Der Haupteingang im Westen mit Terrasse ist mit einem Gitter bedeckt.</p></div></div><div class='clear_column'></div><div class='content-column one_half'><div style="padding-right:6px;"><p>Stariji istočni dio je niži, pokriven dvostrešnim krovom s kamenim pokrovom, i noviji zapadni viši dio , pokriven četverostrešnim krovom sa crijepom. Izgled zapadnog dijela u izrazu bliži gradskoj nego tradicijskoj arhitekturi tog područja. Taj je izgled u bidermayer stilu dobio 1830.-1850.g.</p></div></div><div class='content-column one_half last_column'><div style="padding-right:0px;padding-left:6px;"><p>Der ältere östliche Teil ist niedriger, hat Satteldach und Steindeckung, und der neuere westliche und höhere Teil, mit Walmdach und Dachziegeln. Das Aussehen des westlichen Teils ähnelt eher einem Stadthaus als an der traditionellen Architektur der Gegend. Dieses Aussehen im Biedermeier-Stil erhielt das Gebäude in den Jahren 1830-1850.</p></div></div><div class='clear_column'></div><div class='content-column one_half'><div style="padding-right:6px;"><p>Na kući je bila spomen -ploča u znak sjećanja na tiskarsku i političku obuku narodnooslobodilačkog pokreta koja je djelovala 1942. godine.</p></div></div><div class='content-column one_half last_column'><div style="padding-right:0px;padding-left:6px;"><p>Am Haus befand sich eine Gedenktafel, die an die im Jahre 1942 betriebene Druckerei der Volksbefreiungsbewegung und politische Schulung erinnerte.</p></div></div><div class='clear_column'></div><div class='content-column one_half'><div style="padding-right:6px;"><p>U crkvici Sv. Jurja, koju je sagradio biskup Jurja Duboković 1866 g. i u njoj pokopao svoje srce. Biskup Duboković je bio osnivač i prvi predsjednik «Higijeničkog društva«, preteče današnjeg turizma  na  otoku Hvaru.</p></div></div><div class='content-column one_half last_column'><div style="padding-right:0px;padding-left:6px;"><p>In der kleinen Kirche des hl. Georg, die 1866 von Bischof Juraj Duboković erbaut wurde, ist sein Herz begraben. Bischof Duboković war Gründer und erster Präsident der &#8222;Hygienischen Gesellschaft&#8220;, dem Vorläufer des heutigen Tourismus auf der Insel Hvar.</p></div></div><div class='clear_column'></div></p>
<p style="text-align: right;"><a href="#seite_oben">gore / Seitenanfang</a></p>
<hr />
<p><strong>Linkovi / Links</strong></p>
<p><span style="color: #3366ff;"><a style="color: #3366ff;" href="https://www.topohvar.at/orte/zv/zv-ci-02-2/">Crkvica »Sv. Juraj« / Kleine Kirche des hl. Georg</a><br />
<a style="color: #3366ff;" href="https://www.topohvar.at/topo/orte/zv/zv-is-02-1/">Spomen ploča »radu štamparije i političke škole« / Gedenktafel an die Druckerei und politische Schule</a><br />
<a style="color: #3366ff;" href="https://www.topohvar.at/orte/hv/hv-is-09-1/">Hvar &#8211; Spomen ploča »Higijeničko društvo Hvar« / Gedenktafel Hygienische Gesellschaft</a><br />
<a style="color: #3366ff;" href="https://www.topohvar.at/orte/je/je-is-09-1/">Jelsa &#8211; Spomen ploča / Gedenktafel »Dr. Niko Duboković Nadalini«</a><br />
<a style="color: #3366ff;" href="https://www.topohvar.at/orte/je/je-tg-08-1/">Jelsa &#8211; Kuća / Haus »Dr. Niko Duboković Nadalini« </a><br />
<a style="color: #3366ff;" href="https://www.topohvar.at/orte/pi/pi-tg-03-1/">Pitve &#8211; </a><a style="color: #3366ff;" href="https://www.topohvar.at/orte/je/je-tg-08-1/">Kuća</a><a style="color: #3366ff;" href="https://www.topohvar.at/orte/pi/pi-tg-03-1/"> / Haus »Dubokovića dvori«</a><br />
<a style="color: #3366ff;" href="https://www.topohvar.at/orte/za/za-tg-03-1/">Zastražišće &#8211; Kuća / Haus »Angelini (Angjelinović, kasnije / später Duboković Nadalini)«</a></span></p>
<p>&nbsp;</p>

<p>Ime / Name Ljetnikovac / Sommerhaus »Duboković Nadalini« Code: ZV-TG-02                                               Adresa / Adresse Zavala Lokalna položaj / Position &hellip; <a href="https://www.topohvar.at/topo/orte/zv/zv-tg-02-1/">Weiterlesen <span class="meta-nav">&rarr;</span></a></p>
