{"id":11869,"date":"2018-09-16T15:36:11","date_gmt":"2018-09-16T13:36:11","guid":{"rendered":"https:\/\/www.topohvar.at\/?page_id=11869"},"modified":"2022-01-26T18:21:58","modified_gmt":"2022-01-26T17:21:58","slug":"zv-ci-01-1","status":"publish","type":"page","link":"https:\/\/www.topohvar.at\/topo\/orte\/zv\/zv-ci-01-1\/","title":{"rendered":"ZAVALA &#8211; \u017dupna crkva \u00bbBl. Leopold Mandi\u0107a i Sv. Nikola\u00ab"},"content":{"rendered":"<p><a name=\"seite_oben\"><\/a><br \/>\n<strong><img loading=\"lazy\" decoding=\"async\" class=\"alignnone wp-image-11844 size-large\" src=\"https:\/\/www.topohvar.at\/wp-content\/uploads\/2018\/09\/ZV-CI-01-0-1024x503.jpg\" alt=\"\" width=\"640\" height=\"314\" srcset=\"https:\/\/www.topohvar.at\/wp-content\/uploads\/2018\/09\/ZV-CI-01-0-1024x503.jpg 1024w, https:\/\/www.topohvar.at\/wp-content\/uploads\/2018\/09\/ZV-CI-01-0-300x147.jpg 300w, https:\/\/www.topohvar.at\/wp-content\/uploads\/2018\/09\/ZV-CI-01-0-768x377.jpg 768w, https:\/\/www.topohvar.at\/wp-content\/uploads\/2018\/09\/ZV-CI-01-0.jpg 1080w\" sizes=\"auto, (max-width: 640px) 100vw, 640px\" \/><\/strong><\/p>\n<p><strong>Ime \/ Name<br \/>\n<\/strong>\u017dupna crkva \u00bbBl. Leopold Mandi\u0107a i Sv. Nikola\u00ab \/ Pfarrkirche zum seligen Leopold Mandi\u0107 und hl. Nikolaus<\/p>\n<p><strong>Code: <\/strong>ZV-CI-01\u00a0 \u00a0 \u00a0 \u00a0 \u00a0 \u00a0 \u00a0 \u00a0<strong>\u00a0 \u00a0 \u00a0 \u00a0 \u00a0 \u00a0 \u00a0 \u00a0 \u00a0 \u00a0 \u00a0 \u00a0\u00a0\u00a0 \u00a0 \u00a0 \u00a0<a href=\"https:\/\/www.topohvar.at\/orte\/zv\/\"><img loading=\"lazy\" decoding=\"async\" class=\"alignnone wp-image-535 size-full\" src=\"https:\/\/www.topohvar.at\/wp-content\/uploads\/2018\/07\/push-o-30.jpg\" alt=\"\" width=\"61\" height=\"30\" \/><\/a>\u00a0<a href=\"https:\/\/www.topohvar.at\/orte\/zv\/zv-ck-01-1\/\"><img loading=\"lazy\" decoding=\"async\" class=\"alignnone wp-image-536 size-full\" src=\"https:\/\/www.topohvar.at\/wp-content\/uploads\/2018\/07\/push-r-30.jpg\" alt=\"\" width=\"61\" height=\"30\" \/><\/a><\/strong><\/p>\n<hr \/>\n<p><strong>Adresa \/ Adresse<br \/>\n<\/strong>Zavala<\/p>\n<p><strong>Lokalna polo\u017eaj \/ Position<a href=\"https:\/\/goo.gl\/maps\/xktwtFzLXNC66QPa8\"><img loading=\"lazy\" decoding=\"async\" class=\"alignright wp-image-11898\" src=\"https:\/\/www.topohvar.at\/wp-content\/uploads\/2018\/09\/0993.jpg\" alt=\"\" width=\"134\" height=\"100\" \/><\/a><br \/>\n<\/strong><span style=\"color: #3366ff;\"><a style=\"color: #3366ff;\" href=\"https:\/\/goo.gl\/maps\/xktwtFzLXNC66QPa8\">Latitude: N 43,12511\u00b0\u00a0 \u00a0 Longitude: E 16,69295\u00b0\u00a0<\/a><\/span><strong><br \/>\n<\/strong>Visina \/ H\u00f6he: 53 m<\/p>\n<p><strong>Zemlji\u0161te \/ Grundst\u00fccke<br \/>\n<\/strong>3196\/15<div class='content-column one_half'><div style=\"padding-right:6px;\"><p><strong>Datum snimanja \/ Erfassungsdatum<br \/>\n<\/strong>18.05.2014 12:05:47<\/p>\n<hr \/>\n<p><strong>Informacije<\/strong><\/p>\n<p>Izgradnja nove crkve Bl. Leopold Mandi\u0107a i sv. Nikole krenula je 2001. godine. Zavr\u0161eno je 2011.\/2012.g. Crkva \u010duva vrijednu zbirku Kri\u017enog puta kojeg je godinama s ljubavlju rezbario Rato Radoni\u0107 i koju je darovao Zavali.<\/p><\/div><\/div><div class='content-column one_half last_column'><div style=\"padding-right:0px;padding-left:6px;\"><p><strong>Za\u0161titni polo\u017eaj \/ Schutzstellung<br \/>\n<\/strong>&#8211;<\/p>\n<hr \/>\n<p><strong>Info<\/strong><\/p>\n<p>Die Bau der neuen Kirche des seligen Leopold Mandi\u0107 und hl. Nikolaus wurde im Jahre 2001 begonnen und in den Jahren 2011\/2012 fertig gestellt. Die Kirche bewahrt eine wertvolle Kreuzwegdarstellung auf, die jahrelang von Rato Radoni\u0107 liebevoll geschnitzt und Zavala gespendet wurde.<\/p><\/div><\/div><div class='clear_column'><\/div><\/p>\n<hr \/>\n<div class='content-column one_half'><div style=\"padding-right:6px;\"><p>Sveti Leopold Mandi\u0107 (Herceg-Novi, Boka Kotorska, 12. svibnja 1866. &#8211; Padova, 30. srpnja 1942.), drugi kanonizirani hrvatski, svetac Rimokatoli\u010dke Crkve, sve\u0107enik, kapucin, poznati ispovjednik, promicatelj jedinstva kr\u0161\u0107ana.<\/p><\/div><\/div><div class='content-column one_half last_column'><div style=\"padding-right:0px;padding-left:6px;\"><p>Leopold Mandi\u0107 (* 12. Mai 1866 in Herceg Novi, Montenegro; \u2020 30. Juli 1942 in Padua, Italien) war Kapuziner und ist ein Heiliger der r\u00f6misch-katholischen Kirche. Leopold Mandi\u0107 ist der zweite Kroate, der in der katholischen Kirche heiliggesprochen wurde. Er war Priester des Kapuzinerordens und ein sehr beliebter Beichtvater. Sein pastorales Wirken widmete er besonders der Einheit der Christen.<\/p><\/div><\/div><div class='clear_column'><\/div><div class='content-column one_half'><div style=\"padding-right:6px;\"><p>Papa Pavao VI. bio je bla\u017een 2. svibnja 1976. godine. Leopolda iz Herceg-Novog proglasio je papa Ivan Pavao II. svetim 16. listopada 1983.\u00a0Spomendan mu je 12. svibnja<\/p><\/div><\/div><div class='content-column one_half last_column'><div style=\"padding-right:0px;padding-left:6px;\"><p>Durch Papst Paul VI. wurde er am 2. Mai 1976 seliggesprochen. Die feierliche Kanonisation erfolgte durch Johannes Paul II. am 16. Oktober 1983.\u00a0Der Gedenktag des hl. Leopold Mandi\u0107 wird im kroatischen Kirchenkalender am 12. Mai begangen.<\/p><\/div><\/div><div class='clear_column'><\/div><\/p>\n<p style=\"text-align: right;\"><span style=\"color: #3366ff;\"><a style=\"color: #3366ff;\" href=\"#seite_oben\">natrag na vrh \/ Seitenanfang<\/a><\/span><\/p>\n<hr \/>\n<div class='content-column one_half'><div style=\"padding-right:6px;\"><p>Fe\u0161ta sv. Petra<\/p>\n<p>Dan za\u0161titnika svetog Petra obilje\u017eava se 29. travnja svake godine. U to proljetno vrijeme stanovnici Zavale posebno su slavljeni\u010dki raspolo\u017eeni. Svetkovina se kroz jutro odvija u crkvi sv. Nikole, a tijekom ve\u010dernjih sati organizirana je proslava u mjesnoj zadruzi uz glazbu i ples.<\/p><\/div><\/div><div class='content-column one_half last_column'><div style=\"padding-right:0px;padding-left:6px;\"><p>Fest des hl. Petrus<\/p>\n<p>Der Tag des Schutzpatrons wird jedes Jahr am 29. April gefeiert. Zu dieser Fr\u00fchlingszeit waren die Einwohner von Zavala in besonderer Feierlaune. Das Fest findet morgens in der Kirche St. Nikola, und im Laufe des Abends wurde in der \u00f6rtlichen Genossenschaft eine Feier mit Musik und Tanz organisiert.<\/p><\/div><\/div><div class='clear_column'><\/div><\/p>\n<p style=\"text-align: center;\"><em>(Izvor: \/ Quelle: <span style=\"color: #3366ff;\"><a style=\"color: #3366ff;\" href=\"https:\/\/tzjelsa.hr\/hr\/dogadanja\/festa-sv-petra\/\">TZ Jelsa<\/a><\/span>)<\/em><\/p>\n<div class='content-column one_half'><div style=\"padding-right:6px;\"><p>U selu se nalazi i mala, malo poznata kapelica sv. Petra.<\/p><\/div><\/div><div class='content-column one_half last_column'><div style=\"padding-right:0px;padding-left:6px;\"><p>Im Ort befindet sich noch eine kleine, kaum bekannte, Kapelle des hl. Petrus.<\/p><\/div><\/div><div class='clear_column'><\/div><\/p>\n<p style=\"text-align: right;\"><span style=\"color: #3366ff;\"><a style=\"color: #3366ff;\" href=\"#seite_oben\">natrag na vrh \/ Seitenanfang<\/a><\/span><\/p>\n<hr \/>\n<p><strong>Linkovi \/ Links<\/strong><\/p>\n<p><span style=\"color: #3366ff;\"><a style=\"color: #3366ff;\" href=\"https:\/\/www.topohvar.at\/orte\/zv\/zv-cp-02-1\/\">Kapela \u00bbSv. Petra Verinskog\u00ab \/ Kapelle des hl. Petrus von Verona<\/a><\/span><\/p>\n","protected":false},"excerpt":{"rendered":"<p>Ime \/ Name \u017dupna crkva \u00bbBl. Leopold Mandi\u0107a i Sv. Nikola\u00ab \/ Pfarrkirche zum seligen Leopold Mandi\u0107 und hl. Nikolaus Code: ZV-CI-01\u00a0 \u00a0 \u00a0 \u00a0 \u00a0 \u00a0 \u00a0 \u00a0\u00a0 \u00a0 \u00a0 \u00a0 \u00a0 \u00a0 \u00a0 \u00a0 \u00a0 \u00a0 \u00a0 \u00a0\u00a0\u00a0 &hellip; <a href=\"https:\/\/www.topohvar.at\/topo\/orte\/zv\/zv-ci-01-1\/\">Weiterlesen <span class=\"meta-nav\">&rarr;<\/span><\/a><\/p>\n","protected":false},"author":1,"featured_media":0,"parent":119,"menu_order":0,"comment_status":"closed","ping_status":"closed","template":"","meta":{"footnotes":""},"class_list":["post-11869","page","type-page","status-publish","hentry"],"_links":{"self":[{"href":"https:\/\/www.topohvar.at\/topo\/wp-json\/wp\/v2\/pages\/11869","targetHints":{"allow":["GET"]}}],"collection":[{"href":"https:\/\/www.topohvar.at\/topo\/wp-json\/wp\/v2\/pages"}],"about":[{"href":"https:\/\/www.topohvar.at\/topo\/wp-json\/wp\/v2\/types\/page"}],"author":[{"embeddable":true,"href":"https:\/\/www.topohvar.at\/topo\/wp-json\/wp\/v2\/users\/1"}],"replies":[{"embeddable":true,"href":"https:\/\/www.topohvar.at\/topo\/wp-json\/wp\/v2\/comments?post=11869"}],"version-history":[{"count":11,"href":"https:\/\/www.topohvar.at\/topo\/wp-json\/wp\/v2\/pages\/11869\/revisions"}],"predecessor-version":[{"id":56817,"href":"https:\/\/www.topohvar.at\/topo\/wp-json\/wp\/v2\/pages\/11869\/revisions\/56817"}],"up":[{"embeddable":true,"href":"https:\/\/www.topohvar.at\/topo\/wp-json\/wp\/v2\/pages\/119"}],"wp:attachment":[{"href":"https:\/\/www.topohvar.at\/topo\/wp-json\/wp\/v2\/media?parent=11869"}],"curies":[{"name":"wp","href":"https:\/\/api.w.org\/{rel}","templated":true}]}}

ZAVALA &#8211; Župna crkva »Bl. Leopold Mandića i Sv. Nikola«

<p><a name="seite_oben"></a><br />
<strong><img loading="lazy" decoding="async" class="alignnone wp-image-11844 size-large" src="https://www.topohvar.at/wp-content/uploads/2018/09/ZV-CI-01-0-1024x503.jpg" alt="" width="640" height="314" srcset="https://www.topohvar.at/wp-content/uploads/2018/09/ZV-CI-01-0-1024x503.jpg 1024w, https://www.topohvar.at/wp-content/uploads/2018/09/ZV-CI-01-0-300x147.jpg 300w, https://www.topohvar.at/wp-content/uploads/2018/09/ZV-CI-01-0-768x377.jpg 768w, https://www.topohvar.at/wp-content/uploads/2018/09/ZV-CI-01-0.jpg 1080w" sizes="auto, (max-width: 640px) 100vw, 640px" /></strong></p>
<p><strong>Ime / Name<br />
</strong>Župna crkva »Bl. Leopold Mandića i Sv. Nikola« / Pfarrkirche zum seligen Leopold Mandić und hl. Nikolaus</p>
<p><strong>Code: </strong>ZV-CI-01               <strong>                               <a href="https://www.topohvar.at/orte/zv/"><img loading="lazy" decoding="async" class="alignnone wp-image-535 size-full" src="https://www.topohvar.at/wp-content/uploads/2018/07/push-o-30.jpg" alt="" width="61" height="30" /></a> <a href="https://www.topohvar.at/orte/zv/zv-ck-01-1/"><img loading="lazy" decoding="async" class="alignnone wp-image-536 size-full" src="https://www.topohvar.at/wp-content/uploads/2018/07/push-r-30.jpg" alt="" width="61" height="30" /></a></strong></p>
<hr />
<p><strong>Adresa / Adresse<br />
</strong>Zavala</p>
<p><strong>Lokalna položaj / Position<a href="https://goo.gl/maps/xktwtFzLXNC66QPa8"><img loading="lazy" decoding="async" class="alignright wp-image-11898" src="https://www.topohvar.at/wp-content/uploads/2018/09/0993.jpg" alt="" width="134" height="100" /></a><br />
</strong><span style="color: #3366ff;"><a style="color: #3366ff;" href="https://goo.gl/maps/xktwtFzLXNC66QPa8">Latitude: N 43,12511°    Longitude: E 16,69295° </a></span><strong><br />
</strong>Visina / Höhe: 53 m</p>
<p><strong>Zemljište / Grundstücke<br />
</strong>3196/15<div class='content-column one_half'><div style="padding-right:6px;"><p><strong>Datum snimanja / Erfassungsdatum<br />
</strong>18.05.2014 12:05:47</p>
<hr />
<p><strong>Informacije</strong></p>
<p>Izgradnja nove crkve Bl. Leopold Mandića i sv. Nikole krenula je 2001. godine. Završeno je 2011./2012.g. Crkva čuva vrijednu zbirku Križnog puta kojeg je godinama s ljubavlju rezbario Rato Radonić i koju je darovao Zavali.</p></div></div><div class='content-column one_half last_column'><div style="padding-right:0px;padding-left:6px;"><p><strong>Zaštitni položaj / Schutzstellung<br />
</strong>&#8211;</p>
<hr />
<p><strong>Info</strong></p>
<p>Die Bau der neuen Kirche des seligen Leopold Mandić und hl. Nikolaus wurde im Jahre 2001 begonnen und in den Jahren 2011/2012 fertig gestellt. Die Kirche bewahrt eine wertvolle Kreuzwegdarstellung auf, die jahrelang von Rato Radonić liebevoll geschnitzt und Zavala gespendet wurde.</p></div></div><div class='clear_column'></div></p>
<hr />
<div class='content-column one_half'><div style="padding-right:6px;"><p>Sveti Leopold Mandić (Herceg-Novi, Boka Kotorska, 12. svibnja 1866. &#8211; Padova, 30. srpnja 1942.), drugi kanonizirani hrvatski, svetac Rimokatoličke Crkve, svećenik, kapucin, poznati ispovjednik, promicatelj jedinstva kršćana.</p></div></div><div class='content-column one_half last_column'><div style="padding-right:0px;padding-left:6px;"><p>Leopold Mandić (* 12. Mai 1866 in Herceg Novi, Montenegro; † 30. Juli 1942 in Padua, Italien) war Kapuziner und ist ein Heiliger der römisch-katholischen Kirche. Leopold Mandić ist der zweite Kroate, der in der katholischen Kirche heiliggesprochen wurde. Er war Priester des Kapuzinerordens und ein sehr beliebter Beichtvater. Sein pastorales Wirken widmete er besonders der Einheit der Christen.</p></div></div><div class='clear_column'></div><div class='content-column one_half'><div style="padding-right:6px;"><p>Papa Pavao VI. bio je blažen 2. svibnja 1976. godine. Leopolda iz Herceg-Novog proglasio je papa Ivan Pavao II. svetim 16. listopada 1983. Spomendan mu je 12. svibnja</p></div></div><div class='content-column one_half last_column'><div style="padding-right:0px;padding-left:6px;"><p>Durch Papst Paul VI. wurde er am 2. Mai 1976 seliggesprochen. Die feierliche Kanonisation erfolgte durch Johannes Paul II. am 16. Oktober 1983. Der Gedenktag des hl. Leopold Mandić wird im kroatischen Kirchenkalender am 12. Mai begangen.</p></div></div><div class='clear_column'></div></p>
<p style="text-align: right;"><span style="color: #3366ff;"><a style="color: #3366ff;" href="#seite_oben">natrag na vrh / Seitenanfang</a></span></p>
<hr />
<div class='content-column one_half'><div style="padding-right:6px;"><p>Fešta sv. Petra</p>
<p>Dan zaštitnika svetog Petra obilježava se 29. travnja svake godine. U to proljetno vrijeme stanovnici Zavale posebno su slavljenički raspoloženi. Svetkovina se kroz jutro odvija u crkvi sv. Nikole, a tijekom večernjih sati organizirana je proslava u mjesnoj zadruzi uz glazbu i ples.</p></div></div><div class='content-column one_half last_column'><div style="padding-right:0px;padding-left:6px;"><p>Fest des hl. Petrus</p>
<p>Der Tag des Schutzpatrons wird jedes Jahr am 29. April gefeiert. Zu dieser Frühlingszeit waren die Einwohner von Zavala in besonderer Feierlaune. Das Fest findet morgens in der Kirche St. Nikola, und im Laufe des Abends wurde in der örtlichen Genossenschaft eine Feier mit Musik und Tanz organisiert.</p></div></div><div class='clear_column'></div></p>
<p style="text-align: center;"><em>(Izvor: / Quelle: <span style="color: #3366ff;"><a style="color: #3366ff;" href="https://tzjelsa.hr/hr/dogadanja/festa-sv-petra/">TZ Jelsa</a></span>)</em></p>
<div class='content-column one_half'><div style="padding-right:6px;"><p>U selu se nalazi i mala, malo poznata kapelica sv. Petra.</p></div></div><div class='content-column one_half last_column'><div style="padding-right:0px;padding-left:6px;"><p>Im Ort befindet sich noch eine kleine, kaum bekannte, Kapelle des hl. Petrus.</p></div></div><div class='clear_column'></div></p>
<p style="text-align: right;"><span style="color: #3366ff;"><a style="color: #3366ff;" href="#seite_oben">natrag na vrh / Seitenanfang</a></span></p>
<hr />
<p><strong>Linkovi / Links</strong></p>
<p><span style="color: #3366ff;"><a style="color: #3366ff;" href="https://www.topohvar.at/orte/zv/zv-cp-02-1/">Kapela »Sv. Petra Verinskog« / Kapelle des hl. Petrus von Verona</a></span></p>

<p>Ime / Name Župna crkva »Bl. Leopold Mandića i Sv. Nikola« / Pfarrkirche zum seligen Leopold Mandić und hl. Nikolaus Code: ZV-CI-01                                         &hellip; <a href="https://www.topohvar.at/topo/orte/zv/zv-ci-01-1/">Weiterlesen <span class="meta-nav">&rarr;</span></a></p>
