{"id":11887,"date":"2018-09-16T15:53:24","date_gmt":"2018-09-16T13:53:24","guid":{"rendered":"https:\/\/www.topohvar.at\/?page_id=11887"},"modified":"2021-06-28T08:42:44","modified_gmt":"2021-06-28T06:42:44","slug":"zv-is-01-1","status":"publish","type":"page","link":"https:\/\/www.topohvar.at\/topo\/orte\/zv\/zv-is-01-1\/","title":{"rendered":"ZAVALA &#8211; Spomen plo\u010da palim borcima"},"content":{"rendered":"<p><a name=\"seite_oben\"><\/a><br \/>\n<strong><img loading=\"lazy\" decoding=\"async\" class=\"alignnone wp-image-11852 size-large\" src=\"https:\/\/www.topohvar.at\/wp-content\/uploads\/2018\/09\/ZV-IS-01-0-1024x503.jpg\" alt=\"\" width=\"640\" height=\"314\" srcset=\"https:\/\/www.topohvar.at\/wp-content\/uploads\/2018\/09\/ZV-IS-01-0-1024x503.jpg 1024w, https:\/\/www.topohvar.at\/wp-content\/uploads\/2018\/09\/ZV-IS-01-0-300x147.jpg 300w, https:\/\/www.topohvar.at\/wp-content\/uploads\/2018\/09\/ZV-IS-01-0-768x377.jpg 768w, https:\/\/www.topohvar.at\/wp-content\/uploads\/2018\/09\/ZV-IS-01-0.jpg 1080w\" sizes=\"auto, (max-width: 640px) 100vw, 640px\" \/><\/strong><\/p>\n<p><strong>Ime \/ Name<br \/>\n<\/strong>Spomen plo\u010da palim borcima \/ Gedenktafel an die Gefallenen<\/p>\n<p><strong>Code: <\/strong>ZV-IS-01\u00a0 \u00a0 \u00a0 \u00a0 \u00a0 \u00a0 \u00a0 \u00a0<strong>\u00a0 \u00a0 \u00a0 \u00a0 \u00a0 \u00a0 \u00a0 \u00a0 \u00a0 \u00a0 \u00a0 \u00a0 \u00a0 <a href=\"https:\/\/www.topohvar.at\/topo\/orte\/zv\/zv-ip-01-1\/\"><img loading=\"lazy\" decoding=\"async\" class=\"alignnone wp-image-12300 size-full\" src=\"https:\/\/www.topohvar.at\/wp-content\/uploads\/2018\/09\/push-vor-30.jpg\" alt=\"\" width=\"61\" height=\"30\" \/><\/a> <a href=\"https:\/\/www.topohvar.at\/orte\/zv\/\"><img loading=\"lazy\" decoding=\"async\" class=\"alignnone wp-image-535 size-full\" src=\"https:\/\/www.topohvar.at\/wp-content\/uploads\/2018\/07\/push-o-30.jpg\" alt=\"\" width=\"61\" height=\"30\" \/><\/a>\u00a0<a href=\"https:\/\/www.topohvar.at\/orte\/zv\/zv-is-02-1\/\"><img loading=\"lazy\" decoding=\"async\" class=\"alignnone wp-image-536 size-full\" src=\"https:\/\/www.topohvar.at\/wp-content\/uploads\/2018\/07\/push-r-30.jpg\" alt=\"\" width=\"61\" height=\"30\" \/><\/a><\/strong><\/p>\n<hr \/>\n<p><strong>Adresa \/ Adresse<br \/>\n<\/strong>Zavala,\u00a0uz zgradu zadru\u017enog doma<\/p>\n<p><strong>Lokacija \/ Position<a href=\"https:\/\/goo.gl\/maps\/37xqsd3Xhz6zM48J8\"><img loading=\"lazy\" decoding=\"async\" class=\"alignright wp-image-11944\" src=\"https:\/\/www.topohvar.at\/wp-content\/uploads\/2018\/09\/1001.jpg\" alt=\"\" width=\"134\" height=\"100\" \/><\/a><br \/>\n<\/strong><span style=\"color: #3366ff;\"><a style=\"color: #3366ff;\" href=\"https:\/\/goo.gl\/maps\/37xqsd3Xhz6zM48J8\">Latitude: N 43,12520\u00b0\u00a0 \u00a0 Longitude: E 16,68667\u00b0\u00a0<\/a><\/span><strong><br \/>\n<\/strong>Visina \/ H\u00f6he: 84 m<\/p>\n<p><strong>Katastarska \u010destica \/ Grundst\u00fccke<br \/>\n<\/strong>3301\/3\u00a0 <div class='content-column one_half'><div style=\"padding-right:6px;\"><p><strong>Datum snimanja \/ Erfassungsdatum<br \/>\n<\/strong>18.05.2014 14:35:30<\/p>\n<hr \/>\n<p><strong>Informacije<\/strong><\/p>\n<p>Spomenik palim borcima Zavale nalazi se u centru mjesta uz zgradu zadru\u017enog doma. Izra\u0111en je od bijelog kamena u obliku masivnog kamenog zida ispred kojeg su dvije palme. Pristup zidu na kojem je plo\u010da od bijelog mramora, dimenzije 70 x 130, skalinada je sa strane uz zid koji ome\u0111uje zazelenjelu povr\u0161inu.<\/p><\/div><\/div><div class='content-column one_half last_column'><div style=\"padding-right:0px;padding-left:6px;\"><p><strong>Stupanj za\u0161tite \/ Schutzstellung<br \/>\n<\/strong>&#8211;<\/p>\n<hr \/>\n<p><strong>Info<\/strong><\/p>\n<p>Das Denkmal f\u00fcr gefallenen K\u00e4mpfer aus Zavala befindet sich im Ortszentrum neben dem Genossenschaftshaus. Es ist aus wei\u00dfem Stein in Form einer massiven Steinmauer vor der zwei Palmen standen gefertigt. Der Zugang zur Wand, auf dem sich die Gedenktafel aus wei\u00dfem Marmor mit den Ma\u00dfen 70 x 130 cm befindet, erfolgt \u00fcber Stiegen an der Wandseite, die eine Gr\u00fcnfl\u00e4che begrenzen.<\/p><\/div><\/div><div class='clear_column'><\/div><div class='content-column one_half'><div style=\"padding-right:6px;\"><p>\u017dIVI STE U SLOBODI I RASTU ZAVALE<br \/>\n\u017dIVI STE U SRCU NARODA<\/p><\/div><\/div><div class='content-column one_half last_column'><div style=\"padding-right:0px;padding-left:6px;\"><p>Ihr lebt f\u00fcr Freiheit und Wachstum f\u00fcr Zavala<br \/>\nihr lebt in den Herzen der Menschen<\/p><\/div><\/div><div class='clear_column'><\/div><\/p>\n<p style=\"text-align: left; padding-left: 240px;\">ANTI\u010cEVI\u0106 MILI POK. ANTE<br \/>\nBATO\u0160 JURE POK. PRO\u0160PERA<br \/>\nBATO\u0160 ZVONKO POK. PRO\u0160PERA<br \/>\nCARATAN MARINKO POK. NIKOLE<br \/>\nJAKAS SPASO POK. ANTE<br \/>\nJAKAS VJEKOSLAV POK. MARKA<\/p>\n<div class='content-column one_half'><div style=\"padding-right:6px;\"><p>DJELO ZA KOJE STE PALI TRAJAT \u0106E VJE\u0106NO<br \/>\nKAO OVE OBALE I \u017dALA VA\u0160E MLADOSTI<\/p>\n<p style=\"padding-left: 60px;\">PODI\u017dE SAVEZ BORACA I NAROD ZAVALE<\/p>\n<p style=\"padding-left: 150px;\">1975<\/p><\/div><\/div><div class='content-column one_half last_column'><div style=\"padding-right:0px;padding-left:6px;\"><p style=\"text-align: left;\">Arbeit, f\u00fcr die Ihr gefallen seid, soll ewig sein<br \/>\nwie diese K\u00fcsten und betrauern ihre Jugend.<\/p>\n<p>Errichtet von der Vereinigung der Soldaten<br \/>\nund der Bev\u00f6lkerung von Zavala<br \/>\n1975.<\/p><\/div><\/div><div class='clear_column'><\/div><\/p>\n<p style=\"text-align: right;\"><span style=\"color: #3366ff;\"><a style=\"color: #3366ff;\" href=\"#seite_oben\">Natrag na vrh \/ Seitenanfang<\/a><\/span><\/p>\n<hr \/>\n<p><strong>Linkovi \/ Links<\/strong><\/p>\n<p>&#8211;<\/p>\n","protected":false},"excerpt":{"rendered":"<p>Ime \/ Name Spomen plo\u010da palim borcima \/ Gedenktafel an die Gefallenen Code: ZV-IS-01\u00a0 \u00a0 \u00a0 \u00a0 \u00a0 \u00a0 \u00a0 \u00a0\u00a0 \u00a0 \u00a0 \u00a0 \u00a0 \u00a0 \u00a0 \u00a0 \u00a0 \u00a0 \u00a0 \u00a0 \u00a0 \u00a0 Adresa \/ Adresse Zavala,\u00a0uz zgradu zadru\u017enog &hellip; <a href=\"https:\/\/www.topohvar.at\/topo\/orte\/zv\/zv-is-01-1\/\">Weiterlesen <span class=\"meta-nav\">&rarr;<\/span><\/a><\/p>\n","protected":false},"author":1,"featured_media":0,"parent":119,"menu_order":0,"comment_status":"closed","ping_status":"closed","template":"","meta":{"footnotes":""},"class_list":["post-11887","page","type-page","status-publish","hentry"],"_links":{"self":[{"href":"https:\/\/www.topohvar.at\/topo\/wp-json\/wp\/v2\/pages\/11887","targetHints":{"allow":["GET"]}}],"collection":[{"href":"https:\/\/www.topohvar.at\/topo\/wp-json\/wp\/v2\/pages"}],"about":[{"href":"https:\/\/www.topohvar.at\/topo\/wp-json\/wp\/v2\/types\/page"}],"author":[{"embeddable":true,"href":"https:\/\/www.topohvar.at\/topo\/wp-json\/wp\/v2\/users\/1"}],"replies":[{"embeddable":true,"href":"https:\/\/www.topohvar.at\/topo\/wp-json\/wp\/v2\/comments?post=11887"}],"version-history":[{"count":12,"href":"https:\/\/www.topohvar.at\/topo\/wp-json\/wp\/v2\/pages\/11887\/revisions"}],"predecessor-version":[{"id":50271,"href":"https:\/\/www.topohvar.at\/topo\/wp-json\/wp\/v2\/pages\/11887\/revisions\/50271"}],"up":[{"embeddable":true,"href":"https:\/\/www.topohvar.at\/topo\/wp-json\/wp\/v2\/pages\/119"}],"wp:attachment":[{"href":"https:\/\/www.topohvar.at\/topo\/wp-json\/wp\/v2\/media?parent=11887"}],"curies":[{"name":"wp","href":"https:\/\/api.w.org\/{rel}","templated":true}]}}

ZAVALA &#8211; Spomen ploča palim borcima

<p><a name="seite_oben"></a><br />
<strong><img loading="lazy" decoding="async" class="alignnone wp-image-11852 size-large" src="https://www.topohvar.at/wp-content/uploads/2018/09/ZV-IS-01-0-1024x503.jpg" alt="" width="640" height="314" srcset="https://www.topohvar.at/wp-content/uploads/2018/09/ZV-IS-01-0-1024x503.jpg 1024w, https://www.topohvar.at/wp-content/uploads/2018/09/ZV-IS-01-0-300x147.jpg 300w, https://www.topohvar.at/wp-content/uploads/2018/09/ZV-IS-01-0-768x377.jpg 768w, https://www.topohvar.at/wp-content/uploads/2018/09/ZV-IS-01-0.jpg 1080w" sizes="auto, (max-width: 640px) 100vw, 640px" /></strong></p>
<p><strong>Ime / Name<br />
</strong>Spomen ploča palim borcima / Gedenktafel an die Gefallenen</p>
<p><strong>Code: </strong>ZV-IS-01               <strong>                          <a href="https://www.topohvar.at/topo/orte/zv/zv-ip-01-1/"><img loading="lazy" decoding="async" class="alignnone wp-image-12300 size-full" src="https://www.topohvar.at/wp-content/uploads/2018/09/push-vor-30.jpg" alt="" width="61" height="30" /></a> <a href="https://www.topohvar.at/orte/zv/"><img loading="lazy" decoding="async" class="alignnone wp-image-535 size-full" src="https://www.topohvar.at/wp-content/uploads/2018/07/push-o-30.jpg" alt="" width="61" height="30" /></a> <a href="https://www.topohvar.at/orte/zv/zv-is-02-1/"><img loading="lazy" decoding="async" class="alignnone wp-image-536 size-full" src="https://www.topohvar.at/wp-content/uploads/2018/07/push-r-30.jpg" alt="" width="61" height="30" /></a></strong></p>
<hr />
<p><strong>Adresa / Adresse<br />
</strong>Zavala, uz zgradu zadružnog doma</p>
<p><strong>Lokacija / Position<a href="https://goo.gl/maps/37xqsd3Xhz6zM48J8"><img loading="lazy" decoding="async" class="alignright wp-image-11944" src="https://www.topohvar.at/wp-content/uploads/2018/09/1001.jpg" alt="" width="134" height="100" /></a><br />
</strong><span style="color: #3366ff;"><a style="color: #3366ff;" href="https://goo.gl/maps/37xqsd3Xhz6zM48J8">Latitude: N 43,12520°    Longitude: E 16,68667° </a></span><strong><br />
</strong>Visina / Höhe: 84 m</p>
<p><strong>Katastarska čestica / Grundstücke<br />
</strong>3301/3  <div class='content-column one_half'><div style="padding-right:6px;"><p><strong>Datum snimanja / Erfassungsdatum<br />
</strong>18.05.2014 14:35:30</p>
<hr />
<p><strong>Informacije</strong></p>
<p>Spomenik palim borcima Zavale nalazi se u centru mjesta uz zgradu zadružnog doma. Izrađen je od bijelog kamena u obliku masivnog kamenog zida ispred kojeg su dvije palme. Pristup zidu na kojem je ploča od bijelog mramora, dimenzije 70 x 130, skalinada je sa strane uz zid koji omeđuje zazelenjelu površinu.</p></div></div><div class='content-column one_half last_column'><div style="padding-right:0px;padding-left:6px;"><p><strong>Stupanj zaštite / Schutzstellung<br />
</strong>&#8211;</p>
<hr />
<p><strong>Info</strong></p>
<p>Das Denkmal für gefallenen Kämpfer aus Zavala befindet sich im Ortszentrum neben dem Genossenschaftshaus. Es ist aus weißem Stein in Form einer massiven Steinmauer vor der zwei Palmen standen gefertigt. Der Zugang zur Wand, auf dem sich die Gedenktafel aus weißem Marmor mit den Maßen 70 x 130 cm befindet, erfolgt über Stiegen an der Wandseite, die eine Grünfläche begrenzen.</p></div></div><div class='clear_column'></div><div class='content-column one_half'><div style="padding-right:6px;"><p>ŽIVI STE U SLOBODI I RASTU ZAVALE<br />
ŽIVI STE U SRCU NARODA</p></div></div><div class='content-column one_half last_column'><div style="padding-right:0px;padding-left:6px;"><p>Ihr lebt für Freiheit und Wachstum für Zavala<br />
ihr lebt in den Herzen der Menschen</p></div></div><div class='clear_column'></div></p>
<p style="text-align: left; padding-left: 240px;">ANTIČEVIĆ MILI POK. ANTE<br />
BATOŠ JURE POK. PROŠPERA<br />
BATOŠ ZVONKO POK. PROŠPERA<br />
CARATAN MARINKO POK. NIKOLE<br />
JAKAS SPASO POK. ANTE<br />
JAKAS VJEKOSLAV POK. MARKA</p>
<div class='content-column one_half'><div style="padding-right:6px;"><p>DJELO ZA KOJE STE PALI TRAJAT ĆE VJEĆNO<br />
KAO OVE OBALE I ŽALA VAŠE MLADOSTI</p>
<p style="padding-left: 60px;">PODIŽE SAVEZ BORACA I NAROD ZAVALE</p>
<p style="padding-left: 150px;">1975</p></div></div><div class='content-column one_half last_column'><div style="padding-right:0px;padding-left:6px;"><p style="text-align: left;">Arbeit, für die Ihr gefallen seid, soll ewig sein<br />
wie diese Küsten und betrauern ihre Jugend.</p>
<p>Errichtet von der Vereinigung der Soldaten<br />
und der Bevölkerung von Zavala<br />
1975.</p></div></div><div class='clear_column'></div></p>
<p style="text-align: right;"><span style="color: #3366ff;"><a style="color: #3366ff;" href="#seite_oben">Natrag na vrh / Seitenanfang</a></span></p>
<hr />
<p><strong>Linkovi / Links</strong></p>
<p>&#8211;</p>

<p>Ime / Name Spomen ploča palim borcima / Gedenktafel an die Gefallenen Code: ZV-IS-01                                           Adresa / Adresse Zavala, uz zgradu zadružnog &hellip; <a href="https://www.topohvar.at/topo/orte/zv/zv-is-01-1/">Weiterlesen <span class="meta-nav">&rarr;</span></a></p>
