{"id":11889,"date":"2018-09-16T15:55:29","date_gmt":"2018-09-16T13:55:29","guid":{"rendered":"https:\/\/www.topohvar.at\/?page_id=11889"},"modified":"2021-10-29T09:10:56","modified_gmt":"2021-10-29T07:10:56","slug":"zv-is-02-1","status":"publish","type":"page","link":"https:\/\/www.topohvar.at\/topo\/orte\/zv\/zv-is-02-1\/","title":{"rendered":"ZAVALA &#8211; Spomen plo\u010da \u00bbradu \u0161tamparije i politi\u010dke \u0161kole\u00ab"},"content":{"rendered":"<p><a name=\"seite_oben\"><\/a><br \/>\n<strong><img loading=\"lazy\" decoding=\"async\" class=\"alignleft wp-image-11858 size-full\" src=\"https:\/\/www.topohvar.at\/wp-content\/uploads\/2018\/09\/zv-tg-02-0.jpg\" alt=\"\" width=\"1080\" height=\"530\" srcset=\"https:\/\/www.topohvar.at\/wp-content\/uploads\/2018\/09\/zv-tg-02-0.jpg 1080w, https:\/\/www.topohvar.at\/wp-content\/uploads\/2018\/09\/zv-tg-02-0-300x147.jpg 300w, https:\/\/www.topohvar.at\/wp-content\/uploads\/2018\/09\/zv-tg-02-0-768x377.jpg 768w, https:\/\/www.topohvar.at\/wp-content\/uploads\/2018\/09\/zv-tg-02-0-1024x503.jpg 1024w\" sizes=\"auto, (max-width: 1080px) 100vw, 1080px\" \/><\/strong><\/p>\n<p><strong>Ime \/ Name<br \/>\n<\/strong>Spomen plo\u010da \u00bbradu \u0161tamparije i politi\u010dke \u0161kole\u00ab \/ Gedenktafel an die Druckerei und politische Schule<\/p>\n<p><strong>Code: <\/strong>ZV-IS-02\u00a0 \u00a0 \u00a0 \u00a0 \u00a0 \u00a0 \u00a0 \u00a0<strong>\u00a0 \u00a0 \u00a0 \u00a0 \u00a0 \u00a0 \u00a0 \u00a0 \u00a0 \u00a0 \u00a0 \u00a0 \u00a0 <a href=\"https:\/\/www.topohvar.at\/topo\/orte\/zv\/zv-ip-01-1\/\"><img loading=\"lazy\" decoding=\"async\" class=\"alignnone wp-image-12300 size-full\" src=\"https:\/\/www.topohvar.at\/wp-content\/uploads\/2018\/09\/push-vor-30.jpg\" alt=\"\" width=\"61\" height=\"30\" \/><\/a><\/strong><strong>\u00a0<a href=\"https:\/\/www.topohvar.at\/orte\/zv\/zv-is-01-1\/\"><img loading=\"lazy\" decoding=\"async\" class=\"alignnone wp-image-533 size-full\" src=\"https:\/\/www.topohvar.at\/wp-content\/uploads\/2018\/07\/push-l-30.jpg\" alt=\"\" width=\"61\" height=\"30\" \/><\/a>\u00a0<a href=\"https:\/\/www.topohvar.at\/orte\/zv\/\"><img loading=\"lazy\" decoding=\"async\" class=\"alignnone wp-image-535 size-full\" src=\"https:\/\/www.topohvar.at\/wp-content\/uploads\/2018\/07\/push-o-30.jpg\" alt=\"\" width=\"61\" height=\"30\" \/><\/a>\u00a0 \u00a0 \u00a0\u00a0<\/strong><\/p>\n<hr \/>\n<p><strong>Adresa \/ Adresse<br \/>\n<\/strong>Zavala,\u00a0na kuci pok. Jure Dubokovica<\/p>\n<p><strong>Lokalna polo\u017eaj \/ Position<a href=\"https:\/\/goo.gl\/maps\/TaonHrHYYAkhE7h4A\"><img loading=\"lazy\" decoding=\"async\" class=\"alignright wp-image-11921\" src=\"https:\/\/www.topohvar.at\/wp-content\/uploads\/2018\/09\/1322.jpg\" alt=\"\" width=\"134\" height=\"100\" \/><\/a><br \/>\n<\/strong><span style=\"color: #3366ff;\"><a style=\"color: #3366ff;\" href=\"https:\/\/goo.gl\/maps\/TaonHrHYYAkhE7h4A\">Latitude: N 43,12570\u00b0\u00a0 \u00a0 Longitude: E 16,68829\u00b0<\/a>\u00a0\u00a0<\/span><strong><br \/>\n<\/strong>Visina \/ H\u00f6he: 88 m<\/p>\n<p><strong>Zemlji\u0161te \/ Grundst\u00fccke<br \/>\n<\/strong>*163 <div class='content-column one_half'><div style=\"padding-right:6px;\"><p><strong>Datum snimanja \/ Erfassungsdatum<br \/>\n<\/strong>01.01.2000 00:00:00<\/p>\n<hr \/>\n<p><strong>Informacije<\/strong><\/p>\n<p>Spomen plo\u010da od bijelog mramora na ku\u0107i pok. Jure Dubokovi\u0107a u Zavali, u kojoj je 1942. god. radila \u0161tamparija Narodnooslobodila\u010dkog pokreta i djelovala politi\u010dka \u0161kola.<\/p><\/div><\/div><div class='content-column one_half last_column'><div style=\"padding-right:0px;padding-left:6px;\"><p><strong>Stupanj za\u0161tite \/ Schutzstellung<br \/>\n<\/strong>&#8211;<\/p>\n<hr \/>\n<p><strong>Info<\/strong><\/p>\n<p>Gedenktafel aus wei\u00dfem Marmor am Haus des pok. Jure Dubokovi\u0107 in Zavala, in dem im Jahre 1942 die Druckerei der Volksbefreiungsbewegung arbeitete und politische Schulung betrieben wurde.<\/p><\/div><\/div><div class='clear_column'><\/div><div class='content-column one_half'><div style=\"padding-right:6px;\"><p>Natpis:<\/p>\n<p>U OVOJ KU\u0106I 1942. G. RADILA JE \u0160TAMPARIJA NARODNO OSLOBODILA\u010cKOG POKRETA OTOKA HVARA SA STRANICA U NJOJ TISKANIH LISTOVA I BRO\u0160. ZRA\u010cILA JE RIJE\u010c ISTINE I VJERE U POBJEDU. ISTOVREMENO OVDJE SE ODR\u017dAVALA POLITI\u010cKA \u0160KOLA U KOJOJ SU HVARANI STICALNI ZNANJE ZA OSTVARIVANJE CILJEVA SOCIJALISTI\u010cKE REVOLUCIJE.<\/p><\/div><\/div><div class='content-column one_half last_column'><div style=\"padding-right:0px;padding-left:6px;\"><p>Inschrift:<\/p>\n<p>In diesem Haus arbeitete im Jahre 1942 die Druckerei der nationalen Befreiungsbewegung der Insel Hvar mit ihren Flugbl\u00e4ttern, gedruckten Listen und Brosch\u00fcren. Von ihr aus gingen Worte der Wahrheit und des Glaubens an den Sieg. Gleichzeitig wurde hier die politische Schule aufrecht gehalten, wo die Menschen von Hvar Wissen f\u00fcr die Erreichung der Ziele der sozialistischen Revolution erlangten.<\/p><\/div><\/div><div class='clear_column'><\/div><div class='content-column one_half'><div style=\"padding-right:6px;\"><p>22.XII 1975. SAVEZ BORACA NOR OP\u0106INE HVAR<\/p><\/div><\/div><div class='content-column one_half last_column'><div style=\"padding-right:0px;padding-left:6px;\"><p>22.12.1975, Vereinigung der K\u00e4mpfer des Nationalen Befreiungskrieges der Gemeinde Hvar<\/p><\/div><\/div><div class='clear_column'><\/div><div class='content-column one_half'><div style=\"padding-right:6px;\"><p>Spomen plo\u010du postavio je Savez boraca NOR-a op\u0107ine Hvar, 22. XII 1975. godine.<\/p><\/div><\/div><div class='content-column one_half last_column'><div style=\"padding-right:0px;padding-left:6px;\"><p>Die Gedenktafel wurde von der Allianz der Veteranen des Nationalen Befreiungskampfes der Gemeinde Hvar, am 22. Dezember 1975 erstellt.<\/p><\/div><\/div><div class='clear_column'><\/div><div class='content-column one_half'><div style=\"padding-right:6px;\"><p>Plo\u010da vi\u0161e nije bila dostupna 2015. godine.<\/p><\/div><\/div><div class='content-column one_half last_column'><div style=\"padding-right:0px;padding-left:6px;\"><p>Die Tafel war im Jahr 2015 nicht mehr vorhanden.<\/p><\/div><\/div><div class='clear_column'><\/div><\/p>\n<p style=\"text-align: right;\"><span style=\"color: #3366ff;\"><a style=\"color: #3366ff;\" href=\"#seite_oben\">Natrag na vrh \/ Seitenanfang<\/a><\/span><\/p>\n<hr \/>\n<p><strong>Linkovi \/ Links<\/strong><\/p>\n<p><span style=\"color: #3366ff;\"><a style=\"color: #3366ff;\" href=\"https:\/\/www.topohvar.at\/orte\/zv\/zv-tg-02-1\/\">Ljetnikovac \/ Sommerhaus \u00bbDubokovi\u0107 Nadalini\u00ab<\/a><\/span><\/p>\n","protected":false},"excerpt":{"rendered":"<p>Ime \/ Name Spomen plo\u010da \u00bbradu \u0161tamparije i politi\u010dke \u0161kole\u00ab \/ Gedenktafel an die Druckerei und politische Schule Code: ZV-IS-02\u00a0 \u00a0 \u00a0 \u00a0 \u00a0 \u00a0 \u00a0 \u00a0\u00a0 \u00a0 \u00a0 \u00a0 \u00a0 \u00a0 \u00a0 \u00a0 \u00a0 \u00a0 \u00a0 \u00a0 \u00a0 \u00a0\u00a0\u00a0 &hellip; <a href=\"https:\/\/www.topohvar.at\/topo\/orte\/zv\/zv-is-02-1\/\">Weiterlesen <span class=\"meta-nav\">&rarr;<\/span><\/a><\/p>\n","protected":false},"author":1,"featured_media":0,"parent":119,"menu_order":0,"comment_status":"closed","ping_status":"closed","template":"","meta":{"footnotes":""},"class_list":["post-11889","page","type-page","status-publish","hentry"],"_links":{"self":[{"href":"https:\/\/www.topohvar.at\/topo\/wp-json\/wp\/v2\/pages\/11889","targetHints":{"allow":["GET"]}}],"collection":[{"href":"https:\/\/www.topohvar.at\/topo\/wp-json\/wp\/v2\/pages"}],"about":[{"href":"https:\/\/www.topohvar.at\/topo\/wp-json\/wp\/v2\/types\/page"}],"author":[{"embeddable":true,"href":"https:\/\/www.topohvar.at\/topo\/wp-json\/wp\/v2\/users\/1"}],"replies":[{"embeddable":true,"href":"https:\/\/www.topohvar.at\/topo\/wp-json\/wp\/v2\/comments?post=11889"}],"version-history":[{"count":9,"href":"https:\/\/www.topohvar.at\/topo\/wp-json\/wp\/v2\/pages\/11889\/revisions"}],"predecessor-version":[{"id":52932,"href":"https:\/\/www.topohvar.at\/topo\/wp-json\/wp\/v2\/pages\/11889\/revisions\/52932"}],"up":[{"embeddable":true,"href":"https:\/\/www.topohvar.at\/topo\/wp-json\/wp\/v2\/pages\/119"}],"wp:attachment":[{"href":"https:\/\/www.topohvar.at\/topo\/wp-json\/wp\/v2\/media?parent=11889"}],"curies":[{"name":"wp","href":"https:\/\/api.w.org\/{rel}","templated":true}]}}

ZAVALA &#8211; Spomen ploča »radu štamparije i političke škole«

<p><a name="seite_oben"></a><br />
<strong><img loading="lazy" decoding="async" class="alignleft wp-image-11858 size-full" src="https://www.topohvar.at/wp-content/uploads/2018/09/zv-tg-02-0.jpg" alt="" width="1080" height="530" srcset="https://www.topohvar.at/wp-content/uploads/2018/09/zv-tg-02-0.jpg 1080w, https://www.topohvar.at/wp-content/uploads/2018/09/zv-tg-02-0-300x147.jpg 300w, https://www.topohvar.at/wp-content/uploads/2018/09/zv-tg-02-0-768x377.jpg 768w, https://www.topohvar.at/wp-content/uploads/2018/09/zv-tg-02-0-1024x503.jpg 1024w" sizes="auto, (max-width: 1080px) 100vw, 1080px" /></strong></p>
<p><strong>Ime / Name<br />
</strong>Spomen ploča »radu štamparije i političke škole« / Gedenktafel an die Druckerei und politische Schule</p>
<p><strong>Code: </strong>ZV-IS-02               <strong>                          <a href="https://www.topohvar.at/topo/orte/zv/zv-ip-01-1/"><img loading="lazy" decoding="async" class="alignnone wp-image-12300 size-full" src="https://www.topohvar.at/wp-content/uploads/2018/09/push-vor-30.jpg" alt="" width="61" height="30" /></a></strong><strong> <a href="https://www.topohvar.at/orte/zv/zv-is-01-1/"><img loading="lazy" decoding="async" class="alignnone wp-image-533 size-full" src="https://www.topohvar.at/wp-content/uploads/2018/07/push-l-30.jpg" alt="" width="61" height="30" /></a> <a href="https://www.topohvar.at/orte/zv/"><img loading="lazy" decoding="async" class="alignnone wp-image-535 size-full" src="https://www.topohvar.at/wp-content/uploads/2018/07/push-o-30.jpg" alt="" width="61" height="30" /></a>      </strong></p>
<hr />
<p><strong>Adresa / Adresse<br />
</strong>Zavala, na kuci pok. Jure Dubokovica</p>
<p><strong>Lokalna položaj / Position<a href="https://goo.gl/maps/TaonHrHYYAkhE7h4A"><img loading="lazy" decoding="async" class="alignright wp-image-11921" src="https://www.topohvar.at/wp-content/uploads/2018/09/1322.jpg" alt="" width="134" height="100" /></a><br />
</strong><span style="color: #3366ff;"><a style="color: #3366ff;" href="https://goo.gl/maps/TaonHrHYYAkhE7h4A">Latitude: N 43,12570°    Longitude: E 16,68829°</a>  </span><strong><br />
</strong>Visina / Höhe: 88 m</p>
<p><strong>Zemljište / Grundstücke<br />
</strong>*163 <div class='content-column one_half'><div style="padding-right:6px;"><p><strong>Datum snimanja / Erfassungsdatum<br />
</strong>01.01.2000 00:00:00</p>
<hr />
<p><strong>Informacije</strong></p>
<p>Spomen ploča od bijelog mramora na kući pok. Jure Dubokovića u Zavali, u kojoj je 1942. god. radila štamparija Narodnooslobodilačkog pokreta i djelovala politička škola.</p></div></div><div class='content-column one_half last_column'><div style="padding-right:0px;padding-left:6px;"><p><strong>Stupanj zaštite / Schutzstellung<br />
</strong>&#8211;</p>
<hr />
<p><strong>Info</strong></p>
<p>Gedenktafel aus weißem Marmor am Haus des pok. Jure Duboković in Zavala, in dem im Jahre 1942 die Druckerei der Volksbefreiungsbewegung arbeitete und politische Schulung betrieben wurde.</p></div></div><div class='clear_column'></div><div class='content-column one_half'><div style="padding-right:6px;"><p>Natpis:</p>
<p>U OVOJ KUĆI 1942. G. RADILA JE ŠTAMPARIJA NARODNO OSLOBODILAČKOG POKRETA OTOKA HVARA SA STRANICA U NJOJ TISKANIH LISTOVA I BROŠ. ZRAČILA JE RIJEČ ISTINE I VJERE U POBJEDU. ISTOVREMENO OVDJE SE ODRŽAVALA POLITIČKA ŠKOLA U KOJOJ SU HVARANI STICALNI ZNANJE ZA OSTVARIVANJE CILJEVA SOCIJALISTIČKE REVOLUCIJE.</p></div></div><div class='content-column one_half last_column'><div style="padding-right:0px;padding-left:6px;"><p>Inschrift:</p>
<p>In diesem Haus arbeitete im Jahre 1942 die Druckerei der nationalen Befreiungsbewegung der Insel Hvar mit ihren Flugblättern, gedruckten Listen und Broschüren. Von ihr aus gingen Worte der Wahrheit und des Glaubens an den Sieg. Gleichzeitig wurde hier die politische Schule aufrecht gehalten, wo die Menschen von Hvar Wissen für die Erreichung der Ziele der sozialistischen Revolution erlangten.</p></div></div><div class='clear_column'></div><div class='content-column one_half'><div style="padding-right:6px;"><p>22.XII 1975. SAVEZ BORACA NOR OPĆINE HVAR</p></div></div><div class='content-column one_half last_column'><div style="padding-right:0px;padding-left:6px;"><p>22.12.1975, Vereinigung der Kämpfer des Nationalen Befreiungskrieges der Gemeinde Hvar</p></div></div><div class='clear_column'></div><div class='content-column one_half'><div style="padding-right:6px;"><p>Spomen ploču postavio je Savez boraca NOR-a općine Hvar, 22. XII 1975. godine.</p></div></div><div class='content-column one_half last_column'><div style="padding-right:0px;padding-left:6px;"><p>Die Gedenktafel wurde von der Allianz der Veteranen des Nationalen Befreiungskampfes der Gemeinde Hvar, am 22. Dezember 1975 erstellt.</p></div></div><div class='clear_column'></div><div class='content-column one_half'><div style="padding-right:6px;"><p>Ploča više nije bila dostupna 2015. godine.</p></div></div><div class='content-column one_half last_column'><div style="padding-right:0px;padding-left:6px;"><p>Die Tafel war im Jahr 2015 nicht mehr vorhanden.</p></div></div><div class='clear_column'></div></p>
<p style="text-align: right;"><span style="color: #3366ff;"><a style="color: #3366ff;" href="#seite_oben">Natrag na vrh / Seitenanfang</a></span></p>
<hr />
<p><strong>Linkovi / Links</strong></p>
<p><span style="color: #3366ff;"><a style="color: #3366ff;" href="https://www.topohvar.at/orte/zv/zv-tg-02-1/">Ljetnikovac / Sommerhaus »Duboković Nadalini«</a></span></p>

<p>Ime / Name Spomen ploča »radu štamparije i političke škole« / Gedenktafel an die Druckerei und politische Schule Code: ZV-IS-02                                             &hellip; <a href="https://www.topohvar.at/topo/orte/zv/zv-is-02-1/">Weiterlesen <span class="meta-nav">&rarr;</span></a></p>
