{"id":11895,"date":"2018-09-16T15:59:55","date_gmt":"2018-09-16T13:59:55","guid":{"rendered":"https:\/\/www.topohvar.at\/?page_id=11895"},"modified":"2021-10-28T18:09:02","modified_gmt":"2021-10-28T16:09:02","slug":"zv-og-01-1","status":"publish","type":"page","link":"https:\/\/www.topohvar.at\/topo\/orte\/zv\/zv-og-01-1\/","title":{"rendered":"ZAVALA &#8211; Objekt \u00bbGroblje\u00ab"},"content":{"rendered":"<p><a name=\"seite_oben\"><\/a><br \/>\n<strong><img loading=\"lazy\" decoding=\"async\" class=\"alignnone wp-image-11854 size-large\" src=\"https:\/\/www.topohvar.at\/wp-content\/uploads\/2018\/09\/zv-og-01-0-1024x503.jpg\" alt=\"\" width=\"640\" height=\"314\" srcset=\"https:\/\/www.topohvar.at\/wp-content\/uploads\/2018\/09\/zv-og-01-0-1024x503.jpg 1024w, https:\/\/www.topohvar.at\/wp-content\/uploads\/2018\/09\/zv-og-01-0-300x147.jpg 300w, https:\/\/www.topohvar.at\/wp-content\/uploads\/2018\/09\/zv-og-01-0-768x377.jpg 768w, https:\/\/www.topohvar.at\/wp-content\/uploads\/2018\/09\/zv-og-01-0.jpg 1080w\" sizes=\"auto, (max-width: 640px) 100vw, 640px\" \/><\/strong><\/p>\n<p><strong>Ime \/ Name<br \/>\n<\/strong>Objekt \u00bbGroblje\u00ab \/ Friedhof<\/p>\n<p><strong>Code: <\/strong>ZV-OG-01\u00a0 \u00a0 \u00a0 \u00a0 \u00a0 \u00a0 \u00a0 \u00a0<strong>\u00a0 \u00a0 \u00a0 \u00a0 \u00a0 \u00a0 \u00a0 \u00a0 \u00a0 \u00a0 <a href=\"https:\/\/www.topohvar.at\/orte\/zv\/zv-ok-01-1\/\"><img loading=\"lazy\" decoding=\"async\" class=\"alignnone wp-image-533 size-full\" src=\"https:\/\/www.topohvar.at\/wp-content\/uploads\/2018\/07\/push-l-30.jpg\" alt=\"\" width=\"61\" height=\"30\" \/><\/a> <a href=\"https:\/\/www.topohvar.at\/orte\/zv\/\"><img loading=\"lazy\" decoding=\"async\" class=\"alignnone wp-image-535 size-full\" src=\"https:\/\/www.topohvar.at\/wp-content\/uploads\/2018\/07\/push-o-30.jpg\" alt=\"\" width=\"61\" height=\"30\" \/><\/a>\u00a0<a href=\"https:\/\/www.topohvar.at\/orte\/zv\/zv-ob-01-1\/\"><img loading=\"lazy\" decoding=\"async\" class=\"alignnone wp-image-536 size-full\" src=\"https:\/\/www.topohvar.at\/wp-content\/uploads\/2018\/07\/push-r-30.jpg\" alt=\"\" width=\"61\" height=\"30\" \/><\/a><\/strong><\/p>\n<hr \/>\n<p><strong>Adresa \/ Adresse<br \/>\n<\/strong>Zavala, na obalu<\/p>\n<p><strong>Lokacija \/ Position<a href=\"https:\/\/goo.gl\/maps\/zGUA9jreE49hfPqu8\"><img loading=\"lazy\" decoding=\"async\" class=\"alignright wp-image-11899\" src=\"https:\/\/www.topohvar.at\/wp-content\/uploads\/2018\/09\/0995.jpg\" alt=\"\" width=\"134\" height=\"100\" \/><\/a><br \/>\n<\/strong><span style=\"color: #3366ff;\"><a style=\"color: #3366ff;\" href=\"https:\/\/goo.gl\/maps\/zGUA9jreE49hfPqu8\">Latitude: N 43,12249\u00b0\u00a0 \u00a0 Longitude: E 16,68959\u00b0\u00a0<\/a><\/span><strong><br \/>\n<\/strong>Visina \/ H\u00f6he: 12 m<\/p>\n<p><strong>Katastarska \u010destica \/ Grundst\u00fccke<br \/>\n<\/strong>3497\/2 <div class='content-column one_half'><div style=\"padding-right:6px;\"><p><strong>Datum snimanja \/ Erfassungsdatum<br \/>\n<\/strong>18.05.2014 12:50:00<\/p>\n<hr \/>\n<p><strong>Informacije<\/strong><\/p>\n<p>Groblje u Zavali izgra\u0111eno je po\u010detkom XX. st. na samoj morskoj obali. Iz sredi\u0161ta naselja spu\u0161ta se strmi put do obale, gdje je kamenim zidom ograden prostor groblja. Na groblju je mala kapela. groblje gledano s mora i na otoku \u0160\u0107edro pru\u017ea neobi\u010dnu sliku sa svojim visikom palmana umjesto uobi\u010dajenih \u010dempresa u podno\u017eju kr\u0161evitog brda.<\/p><\/div><\/div><div class='content-column one_half last_column'><div style=\"padding-right:0px;padding-left:6px;\"><p><strong>Stupanj za\u0161tite \/ Schutzstellung<br \/>\n<\/strong>&#8211;<\/p>\n<hr \/>\n<p><strong>Info<\/strong><\/p>\n<p>Der Friedhof in Zavala wurde Anfang des 20. Jh. an der K\u00fcste errichtet. Vom Zentrum des Dorfes f\u00fchrt ein steiler Weg bis zum Ufer, wo eine Steinmauer den Friedhof umschlie\u00dft. Auf dem Friedhof befindet sich eine kleine Kapelle. Der Friedhof mit Blick auf das Meer und die Insel \u0160\u0107edro, bietet ein ungew\u00f6hnliches Bild mit seiner Palme anstelle der \u00fcblichen Zypressen am Fu\u00dfe des zerkl\u00fcfteten H\u00fcgels.<\/p><\/div><\/div><div class='clear_column'><\/div><\/p>\n<p style=\"text-align: right;\"><span style=\"color: #3366ff;\"><a style=\"color: #3366ff;\" href=\"#seite_oben\">natrag na vrh \/ Seitenanfang<\/a><\/span><\/p>\n<hr \/>\n<p><strong>Linkovi \/ Links<\/strong><\/p>\n<p><span style=\"color: #3366ff;\"><a style=\"color: #3366ff;\" href=\"https:\/\/www.topohvar.at\/orte\/zv\/zv-cp-01-1\/\">Kapela groblje \/ Friedhofskapelle<\/a><\/span><\/p>\n","protected":false},"excerpt":{"rendered":"<p>Ime \/ Name Objekt \u00bbGroblje\u00ab \/ Friedhof Code: ZV-OG-01\u00a0 \u00a0 \u00a0 \u00a0 \u00a0 \u00a0 \u00a0 \u00a0\u00a0 \u00a0 \u00a0 \u00a0 \u00a0 \u00a0 \u00a0 \u00a0 \u00a0 \u00a0 \u00a0 Adresa \/ Adresse Zavala, na obalu Lokacija \/ Position Latitude: N 43,12249\u00b0\u00a0 \u00a0 Longitude: &hellip; <a href=\"https:\/\/www.topohvar.at\/topo\/orte\/zv\/zv-og-01-1\/\">Weiterlesen <span class=\"meta-nav\">&rarr;<\/span><\/a><\/p>\n","protected":false},"author":1,"featured_media":0,"parent":119,"menu_order":0,"comment_status":"closed","ping_status":"closed","template":"","meta":{"footnotes":""},"class_list":["post-11895","page","type-page","status-publish","hentry"],"_links":{"self":[{"href":"https:\/\/www.topohvar.at\/topo\/wp-json\/wp\/v2\/pages\/11895","targetHints":{"allow":["GET"]}}],"collection":[{"href":"https:\/\/www.topohvar.at\/topo\/wp-json\/wp\/v2\/pages"}],"about":[{"href":"https:\/\/www.topohvar.at\/topo\/wp-json\/wp\/v2\/types\/page"}],"author":[{"embeddable":true,"href":"https:\/\/www.topohvar.at\/topo\/wp-json\/wp\/v2\/users\/1"}],"replies":[{"embeddable":true,"href":"https:\/\/www.topohvar.at\/topo\/wp-json\/wp\/v2\/comments?post=11895"}],"version-history":[{"count":9,"href":"https:\/\/www.topohvar.at\/topo\/wp-json\/wp\/v2\/pages\/11895\/revisions"}],"predecessor-version":[{"id":52883,"href":"https:\/\/www.topohvar.at\/topo\/wp-json\/wp\/v2\/pages\/11895\/revisions\/52883"}],"up":[{"embeddable":true,"href":"https:\/\/www.topohvar.at\/topo\/wp-json\/wp\/v2\/pages\/119"}],"wp:attachment":[{"href":"https:\/\/www.topohvar.at\/topo\/wp-json\/wp\/v2\/media?parent=11895"}],"curies":[{"name":"wp","href":"https:\/\/api.w.org\/{rel}","templated":true}]}}

<p><a name="seite_oben"></a><br />
<strong><img loading="lazy" decoding="async" class="alignnone wp-image-11854 size-large" src="https://www.topohvar.at/wp-content/uploads/2018/09/zv-og-01-0-1024x503.jpg" alt="" width="640" height="314" srcset="https://www.topohvar.at/wp-content/uploads/2018/09/zv-og-01-0-1024x503.jpg 1024w, https://www.topohvar.at/wp-content/uploads/2018/09/zv-og-01-0-300x147.jpg 300w, https://www.topohvar.at/wp-content/uploads/2018/09/zv-og-01-0-768x377.jpg 768w, https://www.topohvar.at/wp-content/uploads/2018/09/zv-og-01-0.jpg 1080w" sizes="auto, (max-width: 640px) 100vw, 640px" /></strong></p>
<p><strong>Ime / Name<br />
</strong>Objekt »Groblje« / Friedhof</p>
<p><strong>Code: </strong>ZV-OG-01               <strong>                    <a href="https://www.topohvar.at/orte/zv/zv-ok-01-1/"><img loading="lazy" decoding="async" class="alignnone wp-image-533 size-full" src="https://www.topohvar.at/wp-content/uploads/2018/07/push-l-30.jpg" alt="" width="61" height="30" /></a> <a href="https://www.topohvar.at/orte/zv/"><img loading="lazy" decoding="async" class="alignnone wp-image-535 size-full" src="https://www.topohvar.at/wp-content/uploads/2018/07/push-o-30.jpg" alt="" width="61" height="30" /></a> <a href="https://www.topohvar.at/orte/zv/zv-ob-01-1/"><img loading="lazy" decoding="async" class="alignnone wp-image-536 size-full" src="https://www.topohvar.at/wp-content/uploads/2018/07/push-r-30.jpg" alt="" width="61" height="30" /></a></strong></p>
<hr />
<p><strong>Adresa / Adresse<br />
</strong>Zavala, na obalu</p>
<p><strong>Lokacija / Position<a href="https://goo.gl/maps/zGUA9jreE49hfPqu8"><img loading="lazy" decoding="async" class="alignright wp-image-11899" src="https://www.topohvar.at/wp-content/uploads/2018/09/0995.jpg" alt="" width="134" height="100" /></a><br />
</strong><span style="color: #3366ff;"><a style="color: #3366ff;" href="https://goo.gl/maps/zGUA9jreE49hfPqu8">Latitude: N 43,12249°    Longitude: E 16,68959° </a></span><strong><br />
</strong>Visina / Höhe: 12 m</p>
<p><strong>Katastarska čestica / Grundstücke<br />
</strong>3497/2 <div class='content-column one_half'><div style="padding-right:6px;"><p><strong>Datum snimanja / Erfassungsdatum<br />
</strong>18.05.2014 12:50:00</p>
<hr />
<p><strong>Informacije</strong></p>
<p>Groblje u Zavali izgrađeno je početkom XX. st. na samoj morskoj obali. Iz središta naselja spušta se strmi put do obale, gdje je kamenim zidom ograden prostor groblja. Na groblju je mala kapela. groblje gledano s mora i na otoku Šćedro pruža neobičnu sliku sa svojim visikom palmana umjesto uobičajenih čempresa u podnožju krševitog brda.</p></div></div><div class='content-column one_half last_column'><div style="padding-right:0px;padding-left:6px;"><p><strong>Stupanj zaštite / Schutzstellung<br />
</strong>&#8211;</p>
<hr />
<p><strong>Info</strong></p>
<p>Der Friedhof in Zavala wurde Anfang des 20. Jh. an der Küste errichtet. Vom Zentrum des Dorfes führt ein steiler Weg bis zum Ufer, wo eine Steinmauer den Friedhof umschließt. Auf dem Friedhof befindet sich eine kleine Kapelle. Der Friedhof mit Blick auf das Meer und die Insel Šćedro, bietet ein ungewöhnliches Bild mit seiner Palme anstelle der üblichen Zypressen am Fuße des zerklüfteten Hügels.</p></div></div><div class='clear_column'></div></p>
<p style="text-align: right;"><span style="color: #3366ff;"><a style="color: #3366ff;" href="#seite_oben">natrag na vrh / Seitenanfang</a></span></p>
<hr />
<p><strong>Linkovi / Links</strong></p>
<p><span style="color: #3366ff;"><a style="color: #3366ff;" href="https://www.topohvar.at/orte/zv/zv-cp-01-1/">Kapela groblje / Friedhofskapelle</a></span></p>
