{"id":11973,"date":"2018-09-17T09:29:01","date_gmt":"2018-09-17T07:29:01","guid":{"rendered":"https:\/\/www.topohvar.at\/?page_id=11973"},"modified":"2022-01-18T07:54:40","modified_gmt":"2022-01-18T06:54:40","slug":"id-aa-01-1","status":"publish","type":"page","link":"https:\/\/www.topohvar.at\/topo\/orte\/id\/id-aa-01-1\/","title":{"rendered":"IVAN DOLAC &#8211; Selo \u00bbIvan Dolac\u00ab"},"content":{"rendered":"<p><a name=\"seite_oben\"><\/a><br \/>\n<strong><img loading=\"lazy\" decoding=\"async\" class=\"aligncenter wp-image-30912 size-full\" src=\"https:\/\/www.topohvar.at\/wp-content\/uploads\/2020\/02\/id-aa-00-1.jpg\" alt=\"\" width=\"640\" height=\"314\" srcset=\"https:\/\/www.topohvar.at\/wp-content\/uploads\/2020\/02\/id-aa-00-1.jpg 640w, https:\/\/www.topohvar.at\/wp-content\/uploads\/2020\/02\/id-aa-00-1-300x147.jpg 300w\" sizes=\"auto, (max-width: 640px) 100vw, 640px\" \/><\/strong><\/p>\n<p><strong>Ime \/ Name<br \/>\n<\/strong>Selo \/ Ortschaft \u00bbIvan Dolac\u00ab<\/p>\n<p><strong>Code: <\/strong>ID-AA-01\u00a0 \u00a0 \u00a0 \u00a0 \u00a0 \u00a0 \u00a0 \u00a0 \u00a0 \u00a0 \u00a0 \u00a0 \u00a0 \u00a0 \u00a0 \u00a0 \u00a0 \u00a0 \u00a0 \u00a0 \u00a0<strong> <a href=\"https:\/\/www.topohvar.at\/orte\/id\/\"><img loading=\"lazy\" decoding=\"async\" class=\"alignnone wp-image-535 size-full\" src=\"https:\/\/www.topohvar.at\/wp-content\/uploads\/2018\/07\/push-o-30.jpg\" alt=\"\" width=\"61\" height=\"30\" \/><\/a> <a href=\"https:\/\/www.topohvar.at\/orte\/id\/id-ai-01-1\/\"><img loading=\"lazy\" decoding=\"async\" class=\"alignnone wp-image-536 size-full\" src=\"https:\/\/www.topohvar.at\/wp-content\/uploads\/2018\/07\/push-r-30.jpg\" alt=\"\" width=\"61\" height=\"30\" \/><\/a> <a href=\"https:\/\/www.topohvar.at\/orte\/id\/id-au-10-1\/\"><img loading=\"lazy\" decoding=\"async\" class=\"alignnone wp-image-12299 size-full\" src=\"https:\/\/www.topohvar.at\/wp-content\/uploads\/2018\/09\/push-next-30.jpg\" alt=\"\" width=\"61\" height=\"30\" \/><\/a> <\/strong><\/p>\n<hr \/>\n<p><strong>Adresa \/ Adresse<br \/>\n<\/strong>Ivan Dolac<\/p>\n<p><strong>Lokacija \/ Position<a href=\"https:\/\/goo.gl\/maps\/HGQ6fFrH7vfsg2cD8\"><img loading=\"lazy\" decoding=\"async\" class=\"alignright wp-image-11978\" src=\"https:\/\/www.topohvar.at\/wp-content\/uploads\/2018\/09\/0387.jpg\" alt=\"\" width=\"134\" height=\"100\" \/><\/a><br \/>\n<\/strong><span style=\"color: #3366ff;\"><a style=\"color: #3366ff;\" href=\"https:\/\/goo.gl\/maps\/HGQ6fFrH7vfsg2cD8\">Latitude: N 43,13021\u00b0\u00a0 \u00a0Longitude: E 16,64115\u00b0<\/a><\/span> <strong><br \/>\n<\/strong>Visina \/ H\u00f6he: &#8211;<\/p>\n<p><strong>Katastarska \u010destica \/ Grundst\u00fccke<br \/>\n<\/strong>&#8211; <div class='content-column one_half'><div style=\"padding-right:6px;\"><p><strong>Datum snimanja \/ Erfassungsdatum<br \/>\n<\/strong>14.10.2014 09:50:00<\/p>\n<hr \/>\n<p><strong>Informacije<\/strong><\/p>\n<p>Selo na ju\u017enoj strani otoka Hvara, u predjelu zvanom Pla\u017ea. Naselje je poteklo od stanovnika sela Svir\u010de. I ono se poput drugih mjesta na ju\u017enoj strani otoka osamostalilo tijekom posljednjih 30 god. Isto\u010dno od sela, na polo\u017eaju zvanom Taja, nalaze se ku\u0107e, sagra\u0111ene od korisnika opicinske zemlje koje se ovdje spominju jo\u0161 u 15. stolje\u0107u. Dana\u0105nje selo nastaje u 18. stolje\u0107u. Godine 1606. podru\u010dje sela dobija primorski knez Tadija Ka\u010di\u0107 zbog preseljenja pred Turcima.<\/p><\/div><\/div><div class='content-column one_half last_column'><div style=\"padding-right:0px;padding-left:6px;\"><p><strong>Stupanj za\u0161tite \/ Schutzstellung<br \/>\n<\/strong>&#8211;<\/p>\n<hr \/>\n<p><strong>Info<\/strong><\/p>\n<p>Das Dorf liegt an der S\u00fcdseite der Insel Hvar in der Gegend namens Pla\u017ea (=Strand). Die Siedlung wurde von den Einwohnern des Dorfes Svir\u010de errichtet und wurde wie die anderen Orte auf der Insel in den letzten 30 Jahren unabh\u00e4ngig. Im Osten des Dorfes, in der Gegend Taja, befinden sich H\u00e4user, die von den Nutzern die bereits im 15. Jh. erw\u00e4hnt wurden als Wohnsitzes errichtet wurden. Das heutige Dorf stammt aus dem 18. Jh. Im Jahre 1606 wurden vom Kommandeur Tadija Ka\u010di\u0107 Leute vom Festland wegen den T\u00fcrkengefahr hierher umgesiedelt.<\/p><\/div><\/div><div class='clear_column'><\/div><div class='content-column one_half'><div style=\"padding-right:6px;\"><p>Zahvaljuju\u0107i najve\u0107im brojem sun\u010danih satu u Hrvatskoj i strmim vinorodnim padinama ju\u017ene strane otoka Hvara na ovome podru\u010dju se dobiva gro\u017e\u0111e od kojeg se prave vina najvi\u0161e kvalitete. Osim dobrim vinima, Ivan Dolac se ponosi i \u010distim okoli\u0161em, punim aromati\u010dnog bilja, te ostalom mediteranskom florom. Iz mjesta se pru\u017ea prekrasan pogled na oto\u010di\u0107 \u0160\u0107edro i otok Kor\u010dulu, te na mnogobrojne malene, dra\u017eesne, prirodne s bijelim kamenim oblucima ili pijeskom, uvale i rtove.<\/p><\/div><\/div><div class='content-column one_half last_column'><div style=\"padding-right:0px;padding-left:6px;\"><p>Dank der gr\u00f6\u00dften Anzahl an Sonnenstunden in Kroatien und der steilen Weinberge auf der S\u00fcdseite der Insel Hvar werden in dieser Gegend Weintrauben produziert, aus denen Weine h\u00f6chster Qualit\u00e4t hergestellt werden. Neben den guten Weinen ist Ivan Dolac stolz auf seine saubere Umgebung voller aromatischer Pflanzen und mediterraner Flora. Von hier aus hat man eine sch\u00f6ne Aussicht auf die kleine Insel \u0160\u0107edro und die Insel Kor\u010dula, die vielen kleinen, sch\u00f6nen, nat\u00fcrlichen St\u00e4nde mit wei\u00dfen Stein oder Sand, Buchten und Kaps.<\/p><\/div><\/div><div class='clear_column'><\/div><div class='content-column one_half'><div style=\"padding-right:6px;\"><p><strong>\u00a0<\/strong>Ruralna cjelina Ivan Dolac je kulturno-povijesna cjelina. Oznaka za\u0161tite: Zakona o za\u0161titi i o\u010duvanju kulturnih dobara, ve\u0107 se \u0161tite kroz va\u017ee\u0107u prostorno\u2013 plansku dokumentaciju.<\/p><\/div><\/div><div class='content-column one_half last_column'><div style=\"padding-right:0px;padding-left:6px;\"><p>Die l\u00e4ndliche Einheit Ivan Dolac ist ein kulturhistorisches Ensemble. Die gesetzlichen Grundlagen zum Schutz und zur Erhaltung des Kulturgutes sind durch g\u00fcltige Raumplanungsdokumente gegeben.<\/p><\/div><\/div><div class='clear_column'><\/div><\/p>\n<p style=\"text-align: right;\"><img loading=\"lazy\" decoding=\"async\" class=\"alignleft wp-image-37400 size-full\" src=\"https:\/\/www.topohvar.at\/wp-content\/uploads\/2020\/05\/id-aa-01-5.jpg\" alt=\"\" width=\"1080\" height=\"530\" srcset=\"https:\/\/www.topohvar.at\/wp-content\/uploads\/2020\/05\/id-aa-01-5.jpg 1080w, https:\/\/www.topohvar.at\/wp-content\/uploads\/2020\/05\/id-aa-01-5-300x147.jpg 300w, https:\/\/www.topohvar.at\/wp-content\/uploads\/2020\/05\/id-aa-01-5-1024x503.jpg 1024w, https:\/\/www.topohvar.at\/wp-content\/uploads\/2020\/05\/id-aa-01-5-768x377.jpg 768w\" sizes=\"auto, (max-width: 1080px) 100vw, 1080px\" \/><a href=\"#seite_oben\">natrag na vrh \/ Seitenanfang<\/a><\/p>\n<hr \/>\n<p><strong>Linkovi \/ Links<\/strong><\/p>\n<p><span style=\"color: #3366ff;\"><a style=\"color: #3366ff;\" href=\"https:\/\/www.livecamcroatia.com\/hr\/kamera\/hvar-ivan-dolac-plaza\">Webcam Ivan Dolac (plaza)<\/a><\/span><\/p>\n","protected":false},"excerpt":{"rendered":"<p>Ime \/ Name Selo \/ Ortschaft \u00bbIvan Dolac\u00ab Code: ID-AA-01\u00a0 \u00a0 \u00a0 \u00a0 \u00a0 \u00a0 \u00a0 \u00a0 \u00a0 \u00a0 \u00a0 \u00a0 \u00a0 \u00a0 \u00a0 \u00a0 \u00a0 \u00a0 \u00a0 \u00a0 \u00a0 Adresa \/ Adresse Ivan Dolac Lokacija \/ Position Latitude: N &hellip; <a href=\"https:\/\/www.topohvar.at\/topo\/orte\/id\/id-aa-01-1\/\">Weiterlesen <span class=\"meta-nav\">&rarr;<\/span><\/a><\/p>\n","protected":false},"author":1,"featured_media":0,"parent":83,"menu_order":0,"comment_status":"closed","ping_status":"closed","template":"","meta":{"footnotes":""},"class_list":["post-11973","page","type-page","status-publish","hentry"],"_links":{"self":[{"href":"https:\/\/www.topohvar.at\/topo\/wp-json\/wp\/v2\/pages\/11973","targetHints":{"allow":["GET"]}}],"collection":[{"href":"https:\/\/www.topohvar.at\/topo\/wp-json\/wp\/v2\/pages"}],"about":[{"href":"https:\/\/www.topohvar.at\/topo\/wp-json\/wp\/v2\/types\/page"}],"author":[{"embeddable":true,"href":"https:\/\/www.topohvar.at\/topo\/wp-json\/wp\/v2\/users\/1"}],"replies":[{"embeddable":true,"href":"https:\/\/www.topohvar.at\/topo\/wp-json\/wp\/v2\/comments?post=11973"}],"version-history":[{"count":15,"href":"https:\/\/www.topohvar.at\/topo\/wp-json\/wp\/v2\/pages\/11973\/revisions"}],"predecessor-version":[{"id":56269,"href":"https:\/\/www.topohvar.at\/topo\/wp-json\/wp\/v2\/pages\/11973\/revisions\/56269"}],"up":[{"embeddable":true,"href":"https:\/\/www.topohvar.at\/topo\/wp-json\/wp\/v2\/pages\/83"}],"wp:attachment":[{"href":"https:\/\/www.topohvar.at\/topo\/wp-json\/wp\/v2\/media?parent=11973"}],"curies":[{"name":"wp","href":"https:\/\/api.w.org\/{rel}","templated":true}]}}

<p><a name="seite_oben"></a><br />
<strong><img loading="lazy" decoding="async" class="aligncenter wp-image-30912 size-full" src="https://www.topohvar.at/wp-content/uploads/2020/02/id-aa-00-1.jpg" alt="" width="640" height="314" srcset="https://www.topohvar.at/wp-content/uploads/2020/02/id-aa-00-1.jpg 640w, https://www.topohvar.at/wp-content/uploads/2020/02/id-aa-00-1-300x147.jpg 300w" sizes="auto, (max-width: 640px) 100vw, 640px" /></strong></p>
<p><strong>Ime / Name<br />
</strong>Selo / Ortschaft »Ivan Dolac«</p>
<p><strong>Code: </strong>ID-AA-01                                         <strong> <a href="https://www.topohvar.at/orte/id/"><img loading="lazy" decoding="async" class="alignnone wp-image-535 size-full" src="https://www.topohvar.at/wp-content/uploads/2018/07/push-o-30.jpg" alt="" width="61" height="30" /></a> <a href="https://www.topohvar.at/orte/id/id-ai-01-1/"><img loading="lazy" decoding="async" class="alignnone wp-image-536 size-full" src="https://www.topohvar.at/wp-content/uploads/2018/07/push-r-30.jpg" alt="" width="61" height="30" /></a> <a href="https://www.topohvar.at/orte/id/id-au-10-1/"><img loading="lazy" decoding="async" class="alignnone wp-image-12299 size-full" src="https://www.topohvar.at/wp-content/uploads/2018/09/push-next-30.jpg" alt="" width="61" height="30" /></a> </strong></p>
<hr />
<p><strong>Adresa / Adresse<br />
</strong>Ivan Dolac</p>
<p><strong>Lokacija / Position<a href="https://goo.gl/maps/HGQ6fFrH7vfsg2cD8"><img loading="lazy" decoding="async" class="alignright wp-image-11978" src="https://www.topohvar.at/wp-content/uploads/2018/09/0387.jpg" alt="" width="134" height="100" /></a><br />
</strong><span style="color: #3366ff;"><a style="color: #3366ff;" href="https://goo.gl/maps/HGQ6fFrH7vfsg2cD8">Latitude: N 43,13021°   Longitude: E 16,64115°</a></span> <strong><br />
</strong>Visina / Höhe: &#8211;</p>
<p><strong>Katastarska čestica / Grundstücke<br />
</strong>&#8211; <div class='content-column one_half'><div style="padding-right:6px;"><p><strong>Datum snimanja / Erfassungsdatum<br />
</strong>14.10.2014 09:50:00</p>
<hr />
<p><strong>Informacije</strong></p>
<p>Selo na južnoj strani otoka Hvara, u predjelu zvanom Plaža. Naselje je poteklo od stanovnika sela Svirče. I ono se poput drugih mjesta na južnoj strani otoka osamostalilo tijekom posljednjih 30 god. Istočno od sela, na položaju zvanom Taja, nalaze se kuće, sagrađene od korisnika opicinske zemlje koje se ovdje spominju još u 15. stoljeću. Danaąnje selo nastaje u 18. stoljeću. Godine 1606. područje sela dobija primorski knez Tadija Kačić zbog preseljenja pred Turcima.</p></div></div><div class='content-column one_half last_column'><div style="padding-right:0px;padding-left:6px;"><p><strong>Stupanj zaštite / Schutzstellung<br />
</strong>&#8211;</p>
<hr />
<p><strong>Info</strong></p>
<p>Das Dorf liegt an der Südseite der Insel Hvar in der Gegend namens Plaža (=Strand). Die Siedlung wurde von den Einwohnern des Dorfes Svirče errichtet und wurde wie die anderen Orte auf der Insel in den letzten 30 Jahren unabhängig. Im Osten des Dorfes, in der Gegend Taja, befinden sich Häuser, die von den Nutzern die bereits im 15. Jh. erwähnt wurden als Wohnsitzes errichtet wurden. Das heutige Dorf stammt aus dem 18. Jh. Im Jahre 1606 wurden vom Kommandeur Tadija Kačić Leute vom Festland wegen den Türkengefahr hierher umgesiedelt.</p></div></div><div class='clear_column'></div><div class='content-column one_half'><div style="padding-right:6px;"><p>Zahvaljujući najvećim brojem sunčanih satu u Hrvatskoj i strmim vinorodnim padinama južne strane otoka Hvara na ovome području se dobiva grožđe od kojeg se prave vina najviše kvalitete. Osim dobrim vinima, Ivan Dolac se ponosi i čistim okolišem, punim aromatičnog bilja, te ostalom mediteranskom florom. Iz mjesta se pruža prekrasan pogled na otočić Šćedro i otok Korčulu, te na mnogobrojne malene, dražesne, prirodne s bijelim kamenim oblucima ili pijeskom, uvale i rtove.</p></div></div><div class='content-column one_half last_column'><div style="padding-right:0px;padding-left:6px;"><p>Dank der größten Anzahl an Sonnenstunden in Kroatien und der steilen Weinberge auf der Südseite der Insel Hvar werden in dieser Gegend Weintrauben produziert, aus denen Weine höchster Qualität hergestellt werden. Neben den guten Weinen ist Ivan Dolac stolz auf seine saubere Umgebung voller aromatischer Pflanzen und mediterraner Flora. Von hier aus hat man eine schöne Aussicht auf die kleine Insel Šćedro und die Insel Korčula, die vielen kleinen, schönen, natürlichen Stände mit weißen Stein oder Sand, Buchten und Kaps.</p></div></div><div class='clear_column'></div><div class='content-column one_half'><div style="padding-right:6px;"><p><strong> </strong>Ruralna cjelina Ivan Dolac je kulturno-povijesna cjelina. Oznaka zaštite: Zakona o zaštiti i očuvanju kulturnih dobara, već se štite kroz važeću prostorno– plansku dokumentaciju.</p></div></div><div class='content-column one_half last_column'><div style="padding-right:0px;padding-left:6px;"><p>Die ländliche Einheit Ivan Dolac ist ein kulturhistorisches Ensemble. Die gesetzlichen Grundlagen zum Schutz und zur Erhaltung des Kulturgutes sind durch gültige Raumplanungsdokumente gegeben.</p></div></div><div class='clear_column'></div></p>
<p style="text-align: right;"><img loading="lazy" decoding="async" class="alignleft wp-image-37400 size-full" src="https://www.topohvar.at/wp-content/uploads/2020/05/id-aa-01-5.jpg" alt="" width="1080" height="530" srcset="https://www.topohvar.at/wp-content/uploads/2020/05/id-aa-01-5.jpg 1080w, https://www.topohvar.at/wp-content/uploads/2020/05/id-aa-01-5-300x147.jpg 300w, https://www.topohvar.at/wp-content/uploads/2020/05/id-aa-01-5-1024x503.jpg 1024w, https://www.topohvar.at/wp-content/uploads/2020/05/id-aa-01-5-768x377.jpg 768w" sizes="auto, (max-width: 1080px) 100vw, 1080px" /><a href="#seite_oben">natrag na vrh / Seitenanfang</a></p>
<hr />
<p><strong>Linkovi / Links</strong></p>
<p><span style="color: #3366ff;"><a style="color: #3366ff;" href="https://www.livecamcroatia.com/hr/kamera/hvar-ivan-dolac-plaza">Webcam Ivan Dolac (plaza)</a></span></p>
