{"id":12083,"date":"2018-09-18T06:49:32","date_gmt":"2018-09-18T04:49:32","guid":{"rendered":"https:\/\/www.topohvar.at\/?page_id=12083"},"modified":"2021-12-09T09:56:01","modified_gmt":"2021-12-09T08:56:01","slug":"sn-mo-01-1","status":"publish","type":"page","link":"https:\/\/www.topohvar.at\/topo\/orte\/sn\/sn-mo-01-1\/","title":{"rendered":"SVETA NEDJELJA &#8211; Spomen plo\u010da \u00bbPalim borcima NOR-a\u00ab"},"content":{"rendered":"<p><a name=\"seite_oben\"><\/a><br \/>\n<strong><img loading=\"lazy\" decoding=\"async\" class=\"alignnone wp-image-12016 size-large\" src=\"https:\/\/www.topohvar.at\/wp-content\/uploads\/2018\/09\/SN-MO-01-0-1024x503.jpg\" alt=\"\" width=\"640\" height=\"314\" srcset=\"https:\/\/www.topohvar.at\/wp-content\/uploads\/2018\/09\/SN-MO-01-0-1024x503.jpg 1024w, https:\/\/www.topohvar.at\/wp-content\/uploads\/2018\/09\/SN-MO-01-0-300x147.jpg 300w, https:\/\/www.topohvar.at\/wp-content\/uploads\/2018\/09\/SN-MO-01-0-768x377.jpg 768w, https:\/\/www.topohvar.at\/wp-content\/uploads\/2018\/09\/SN-MO-01-0.jpg 1080w\" sizes=\"auto, (max-width: 640px) 100vw, 640px\" \/><\/strong><\/p>\n<p><strong>Ime \/ Name<br \/>\n<\/strong>Spomen plo\u010da \u00bbPalim borcima NOR-a\u00ab \/ Denkmal f\u00fcr die Gefallenen des Nationalen Befreiungskampfes<\/p>\n<p><strong>Code: <\/strong>SN-MO-01\u00a0 \u00a0 \u00a0 \u00a0 \u00a0 \u00a0 \u00a0 \u00a0 \u00a0 \u00a0 \u00a0 \u00a0 \u00a0<strong>\u00a0 \u00a0 \u00a0 \u00a0 \u00a0\u00a0 \u00a0 \u00a0 \u00a0<a href=\"https:\/\/www.topohvar.at\/orte\/sn\/\"><img loading=\"lazy\" decoding=\"async\" class=\"alignnone wp-image-535 size-full\" src=\"https:\/\/www.topohvar.at\/wp-content\/uploads\/2018\/07\/push-o-30.jpg\" alt=\"\" width=\"61\" height=\"30\" \/><\/a>\u00a0<a href=\"https:\/\/www.topohvar.at\/orte\/sn\/sn-mo-02-1\/\"><img loading=\"lazy\" decoding=\"async\" class=\"alignnone wp-image-536 size-full\" src=\"https:\/\/www.topohvar.at\/wp-content\/uploads\/2018\/07\/push-r-30.jpg\" alt=\"\" width=\"61\" height=\"30\" \/><\/a><\/strong><\/p>\n<hr \/>\n<p><strong>Adresa \/ Adresse<br \/>\n<\/strong>Sveta Nedjelja<\/p>\n<p><strong>Lokacija <\/strong><strong>\/ Position<a href=\"https:\/\/goo.gl\/maps\/4G9YKZw35EsvBDqS8\"><img loading=\"lazy\" decoding=\"async\" class=\"alignright wp-image-12189\" src=\"https:\/\/www.topohvar.at\/wp-content\/uploads\/2018\/09\/0759.jpg\" alt=\"\" width=\"134\" height=\"100\" \/><\/a><br \/>\n<\/strong><span style=\"color: #3366ff;\"><a style=\"color: #3366ff;\" href=\"https:\/\/goo.gl\/maps\/4G9YKZw35EsvBDqS8\">Latitude: N 43,13908\u00b0\u00a0 \u00a0 Longitude: E 16,58829\u00b0\u00a0<\/a><\/span><strong><br \/>\n<\/strong>Visina \/ H\u00f6he: 136\u00a0 m<\/p>\n<p><strong>Katastarska \u010destica<\/strong><strong> \/ Grundst\u00fccke<br \/>\n<\/strong>4369\/1\u00a0<div class='content-column one_half'><div style=\"padding-right:6px;\"><p><strong>Datum snimanja \/ Erfassungsdatum<br \/>\n<\/strong>20.05.2014 17:33:30<\/p>\n<hr \/>\n<p><strong>Informacije<\/strong><\/p>\n<p>Spomenik poginulim borcima NOR-a i \u017ertvama fa\u0161isti\u010dkog terora nalazi se na samom ulazu u mjesto u glavnoj ulici. Izgra\u0111en je od bijelog kamena. Podest izdignut sa dvije stepenice flankiran je kamenim zidom na kojem je plo\u010da od crnog mramora, dimenzije 70 x 105 om<\/p><\/div><\/div><div class='content-column one_half last_column'><div style=\"padding-right:0px;padding-left:6px;\"><p><strong>Stupanj za\u0161tite <\/strong><strong>\/ Schutzstellung<br \/>\n<\/strong>&#8211;<\/p>\n<hr \/>\n<p><strong>Info<\/strong><\/p>\n<p>Das Denkmal f\u00fcr die Gefallenen des Nationalen Befreiungskampfes und die Opfer des faschistischen Terrors befindet sich an die Hauptstra\u00dfe am Ortsanfang. Es wurde aus wei\u00dfem Stein gebaut. \u00dcber zwei Stufen erhebt sich ein Sockel, der von einer Steinmauer flankiert ist. Am Sockel ist eine Platte aus schwarzem Marmor im Ausma\u00df von 70 x 105 cm montiert.<\/p><\/div><\/div><div class='clear_column'><\/div><div class='content-column one_half'><div style=\"padding-right:6px;\"><p>Spomenik je postavljen na inicijativu SUBNOR-a od strane mje\u0161tana. Otkriven je uz proslavu 1. Maja 1972. godine.<\/p><\/div><\/div><div class='content-column one_half last_column'><div style=\"padding-right:0px;padding-left:6px;\"><p>Das Denkmal wurde auf Initiative der Vereinigung der Soldaten des Nationalen Befreiungskampfes von der Bev\u00f6lkerung erstellt. Es wurde im Rahmen einer Feier am 1. Mai 1972 enth\u00fcllt.<\/p><\/div><\/div><div class='clear_column'><\/div><div class='content-column one_half'><div style=\"padding-right:6px;\"><p>Natpis:<\/p>\n<p style=\"text-align: center;\">PALIM BORCIMA<br \/>\nNARODNOOSLOBODILA\u010cKOG RATA<br \/>\n1941 \u2013 1945<\/p><\/div><\/div><div class='content-column one_half last_column'><div style=\"padding-right:0px;padding-left:6px;\"><p>Inschrift:<\/p>\n<p style=\"text-align: center;\">Gefallene Soldaten<br \/>\nim Nationalen Befreiungskrieg<br \/>\n1941 \u2013 1945<\/p><\/div><\/div><div class='clear_column'><\/div><\/p>\n<p style=\"text-align: center;\">PLENKOVI\u0106 I. MARIN<br \/>\nPLENKOVI\u0106 A. SLAVO<br \/>\nPARSI\u0106 N. JURE<br \/>\n\u0160\u010cEPANOVI\u0106 A. FRANJE<br \/>\nMILATI\u0106 I. VJEKOSLAV<br \/>\nBOJANI\u0106 I. MATE<\/p>\n<div class='content-column one_half'><div style=\"padding-right:6px;\"><p>I \u017dRTVAMA FA\u0160ISTI\u010cKOG TERORA<\/p><\/div><\/div><div class='content-column one_half last_column'><div style=\"padding-right:0px;padding-left:6px;\"><p>Und Opfer des faschistischen Terrors<\/p><\/div><\/div><div class='clear_column'><\/div><\/p>\n<p style=\"text-align: center;\">MILAJI\u0106 A. MANDICA<br \/>\nPARSI\u0106 M. IVO<br \/>\nZANINOVI\u0106 B. TONE<\/p>\n<div class='content-column one_half'><div style=\"padding-right:6px;\"><p>SBNUR I NAROD SV. NEDJELJE JAGODNE I BADA<br \/>\nI. V. 1972<\/p><\/div><\/div><div class='content-column one_half last_column'><div style=\"padding-right:0px;padding-left:6px;\"><p>SBNUR und Bewohner von Sv. Nedilja, Jagoda und Bada.<br \/>\n1.Mai 1972<\/p><\/div><\/div><div class='clear_column'><\/div><\/p>\n<p style=\"text-align: right;\"><span style=\"color: #3366ff;\"><a style=\"color: #3366ff;\" href=\"#seite_oben\">natrag na vrh \/ Seitenanfang<\/a><\/span><\/p>\n<hr \/>\n<p><strong>Linkovi \/ Links<\/strong><\/p>\n<p>&#8211;<\/p>\n","protected":false},"excerpt":{"rendered":"<p>Ime \/ Name Spomen plo\u010da \u00bbPalim borcima NOR-a\u00ab \/ Denkmal f\u00fcr die Gefallenen des Nationalen Befreiungskampfes Code: SN-MO-01\u00a0 \u00a0 \u00a0 \u00a0 \u00a0 \u00a0 \u00a0 \u00a0 \u00a0 \u00a0 \u00a0 \u00a0 \u00a0\u00a0 \u00a0 \u00a0 \u00a0 \u00a0\u00a0 \u00a0 \u00a0 \u00a0\u00a0 Adresa \/ Adresse &hellip; <a href=\"https:\/\/www.topohvar.at\/topo\/orte\/sn\/sn-mo-01-1\/\">Weiterlesen <span class=\"meta-nav\">&rarr;<\/span><\/a><\/p>\n","protected":false},"author":1,"featured_media":0,"parent":101,"menu_order":0,"comment_status":"closed","ping_status":"closed","template":"","meta":{"footnotes":""},"class_list":["post-12083","page","type-page","status-publish","hentry"],"_links":{"self":[{"href":"https:\/\/www.topohvar.at\/topo\/wp-json\/wp\/v2\/pages\/12083","targetHints":{"allow":["GET"]}}],"collection":[{"href":"https:\/\/www.topohvar.at\/topo\/wp-json\/wp\/v2\/pages"}],"about":[{"href":"https:\/\/www.topohvar.at\/topo\/wp-json\/wp\/v2\/types\/page"}],"author":[{"embeddable":true,"href":"https:\/\/www.topohvar.at\/topo\/wp-json\/wp\/v2\/users\/1"}],"replies":[{"embeddable":true,"href":"https:\/\/www.topohvar.at\/topo\/wp-json\/wp\/v2\/comments?post=12083"}],"version-history":[{"count":10,"href":"https:\/\/www.topohvar.at\/topo\/wp-json\/wp\/v2\/pages\/12083\/revisions"}],"predecessor-version":[{"id":54951,"href":"https:\/\/www.topohvar.at\/topo\/wp-json\/wp\/v2\/pages\/12083\/revisions\/54951"}],"up":[{"embeddable":true,"href":"https:\/\/www.topohvar.at\/topo\/wp-json\/wp\/v2\/pages\/101"}],"wp:attachment":[{"href":"https:\/\/www.topohvar.at\/topo\/wp-json\/wp\/v2\/media?parent=12083"}],"curies":[{"name":"wp","href":"https:\/\/api.w.org\/{rel}","templated":true}]}}

SVETA NEDJELJA &#8211; Spomen ploča »Palim borcima NOR-a«

<p><a name="seite_oben"></a><br />
<strong><img loading="lazy" decoding="async" class="alignnone wp-image-12016 size-large" src="https://www.topohvar.at/wp-content/uploads/2018/09/SN-MO-01-0-1024x503.jpg" alt="" width="640" height="314" srcset="https://www.topohvar.at/wp-content/uploads/2018/09/SN-MO-01-0-1024x503.jpg 1024w, https://www.topohvar.at/wp-content/uploads/2018/09/SN-MO-01-0-300x147.jpg 300w, https://www.topohvar.at/wp-content/uploads/2018/09/SN-MO-01-0-768x377.jpg 768w, https://www.topohvar.at/wp-content/uploads/2018/09/SN-MO-01-0.jpg 1080w" sizes="auto, (max-width: 640px) 100vw, 640px" /></strong></p>
<p><strong>Ime / Name<br />
</strong>Spomen ploča »Palim borcima NOR-a« / Denkmal für die Gefallenen des Nationalen Befreiungskampfes</p>
<p><strong>Code: </strong>SN-MO-01                         <strong>                <a href="https://www.topohvar.at/orte/sn/"><img loading="lazy" decoding="async" class="alignnone wp-image-535 size-full" src="https://www.topohvar.at/wp-content/uploads/2018/07/push-o-30.jpg" alt="" width="61" height="30" /></a> <a href="https://www.topohvar.at/orte/sn/sn-mo-02-1/"><img loading="lazy" decoding="async" class="alignnone wp-image-536 size-full" src="https://www.topohvar.at/wp-content/uploads/2018/07/push-r-30.jpg" alt="" width="61" height="30" /></a></strong></p>
<hr />
<p><strong>Adresa / Adresse<br />
</strong>Sveta Nedjelja</p>
<p><strong>Lokacija </strong><strong>/ Position<a href="https://goo.gl/maps/4G9YKZw35EsvBDqS8"><img loading="lazy" decoding="async" class="alignright wp-image-12189" src="https://www.topohvar.at/wp-content/uploads/2018/09/0759.jpg" alt="" width="134" height="100" /></a><br />
</strong><span style="color: #3366ff;"><a style="color: #3366ff;" href="https://goo.gl/maps/4G9YKZw35EsvBDqS8">Latitude: N 43,13908°    Longitude: E 16,58829° </a></span><strong><br />
</strong>Visina / Höhe: 136  m</p>
<p><strong>Katastarska čestica</strong><strong> / Grundstücke<br />
</strong>4369/1 <div class='content-column one_half'><div style="padding-right:6px;"><p><strong>Datum snimanja / Erfassungsdatum<br />
</strong>20.05.2014 17:33:30</p>
<hr />
<p><strong>Informacije</strong></p>
<p>Spomenik poginulim borcima NOR-a i žrtvama fašističkog terora nalazi se na samom ulazu u mjesto u glavnoj ulici. Izgrađen je od bijelog kamena. Podest izdignut sa dvije stepenice flankiran je kamenim zidom na kojem je ploča od crnog mramora, dimenzije 70 x 105 om</p></div></div><div class='content-column one_half last_column'><div style="padding-right:0px;padding-left:6px;"><p><strong>Stupanj zaštite </strong><strong>/ Schutzstellung<br />
</strong>&#8211;</p>
<hr />
<p><strong>Info</strong></p>
<p>Das Denkmal für die Gefallenen des Nationalen Befreiungskampfes und die Opfer des faschistischen Terrors befindet sich an die Hauptstraße am Ortsanfang. Es wurde aus weißem Stein gebaut. Über zwei Stufen erhebt sich ein Sockel, der von einer Steinmauer flankiert ist. Am Sockel ist eine Platte aus schwarzem Marmor im Ausmaß von 70 x 105 cm montiert.</p></div></div><div class='clear_column'></div><div class='content-column one_half'><div style="padding-right:6px;"><p>Spomenik je postavljen na inicijativu SUBNOR-a od strane mještana. Otkriven je uz proslavu 1. Maja 1972. godine.</p></div></div><div class='content-column one_half last_column'><div style="padding-right:0px;padding-left:6px;"><p>Das Denkmal wurde auf Initiative der Vereinigung der Soldaten des Nationalen Befreiungskampfes von der Bevölkerung erstellt. Es wurde im Rahmen einer Feier am 1. Mai 1972 enthüllt.</p></div></div><div class='clear_column'></div><div class='content-column one_half'><div style="padding-right:6px;"><p>Natpis:</p>
<p style="text-align: center;">PALIM BORCIMA<br />
NARODNOOSLOBODILAČKOG RATA<br />
1941 – 1945</p></div></div><div class='content-column one_half last_column'><div style="padding-right:0px;padding-left:6px;"><p>Inschrift:</p>
<p style="text-align: center;">Gefallene Soldaten<br />
im Nationalen Befreiungskrieg<br />
1941 – 1945</p></div></div><div class='clear_column'></div></p>
<p style="text-align: center;">PLENKOVIĆ I. MARIN<br />
PLENKOVIĆ A. SLAVO<br />
PARSIĆ N. JURE<br />
ŠČEPANOVIĆ A. FRANJE<br />
MILATIĆ I. VJEKOSLAV<br />
BOJANIĆ I. MATE</p>
<div class='content-column one_half'><div style="padding-right:6px;"><p>I ŽRTVAMA FAŠISTIČKOG TERORA</p></div></div><div class='content-column one_half last_column'><div style="padding-right:0px;padding-left:6px;"><p>Und Opfer des faschistischen Terrors</p></div></div><div class='clear_column'></div></p>
<p style="text-align: center;">MILAJIĆ A. MANDICA<br />
PARSIĆ M. IVO<br />
ZANINOVIĆ B. TONE</p>
<div class='content-column one_half'><div style="padding-right:6px;"><p>SBNUR I NAROD SV. NEDJELJE JAGODNE I BADA<br />
I. V. 1972</p></div></div><div class='content-column one_half last_column'><div style="padding-right:0px;padding-left:6px;"><p>SBNUR und Bewohner von Sv. Nedilja, Jagoda und Bada.<br />
1.Mai 1972</p></div></div><div class='clear_column'></div></p>
<p style="text-align: right;"><span style="color: #3366ff;"><a style="color: #3366ff;" href="#seite_oben">natrag na vrh / Seitenanfang</a></span></p>
<hr />
<p><strong>Linkovi / Links</strong></p>
<p>&#8211;</p>

<p>Ime / Name Spomen ploča »Palim borcima NOR-a« / Denkmal für die Gefallenen des Nationalen Befreiungskampfes Code: SN-MO-01                                           Adresa / Adresse &hellip; <a href="https://www.topohvar.at/topo/orte/sn/sn-mo-01-1/">Weiterlesen <span class="meta-nav">&rarr;</span></a></p>
