{"id":12274,"date":"2018-09-23T06:14:17","date_gmt":"2018-09-23T04:14:17","guid":{"rendered":"https:\/\/www.topohvar.at\/?page_id=12274"},"modified":"2021-12-01T13:39:18","modified_gmt":"2021-12-01T12:39:18","slug":"mi-cz-01-1","status":"publish","type":"page","link":"https:\/\/www.topohvar.at\/topo\/orte\/mi\/mi-cz-01-1\/","title":{"rendered":"MILNA &#8211; Kri\u017e \u00bbVeliki kri\u017e na rivi\u00ab"},"content":{"rendered":"<p><a name=\"seite_oben\"><\/a><br \/>\n<strong><img loading=\"lazy\" decoding=\"async\" class=\"alignnone wp-image-12246 size-large\" src=\"https:\/\/www.topohvar.at\/wp-content\/uploads\/2018\/09\/MI-CZ-01-00-1024x503.jpg\" alt=\"\" width=\"640\" height=\"314\" srcset=\"https:\/\/www.topohvar.at\/wp-content\/uploads\/2018\/09\/MI-CZ-01-00-1024x503.jpg 1024w, https:\/\/www.topohvar.at\/wp-content\/uploads\/2018\/09\/MI-CZ-01-00-300x147.jpg 300w, https:\/\/www.topohvar.at\/wp-content\/uploads\/2018\/09\/MI-CZ-01-00-768x377.jpg 768w, https:\/\/www.topohvar.at\/wp-content\/uploads\/2018\/09\/MI-CZ-01-00.jpg 1080w\" sizes=\"auto, (max-width: 640px) 100vw, 640px\" \/><\/strong><\/p>\n<p><strong>Ime \/ Name<br \/>\n<\/strong>Kri\u017e \u00bbVeliki kri\u017e na rivi\u00ab \/ Gro\u00dfes Kreuz am Strand<\/p>\n<p><strong>Code: <\/strong>MI-CZ-01\u00a0 \u00a0 \u00a0 \u00a0 \u00a0 \u00a0 \u00a0 \u00a0 \u00a0 \u00a0 \u00a0 \u00a0 \u00a0 \u00a0 \u00a0 \u00a0 \u00a0 \u00a0 \u00a0 \u00a0\u00a0<strong> <a href=\"https:\/\/www.topohvar.at\/orte\/mi\/\"><img loading=\"lazy\" decoding=\"async\" class=\"alignnone wp-image-535 size-full\" src=\"https:\/\/www.topohvar.at\/wp-content\/uploads\/2018\/07\/push-o-30.jpg\" alt=\"\" width=\"61\" height=\"30\" \/><\/a> <\/strong><\/p>\n<hr \/>\n<p><strong>Adresa \/ Adresse<br \/>\n<\/strong>Milna<\/p>\n<p><strong>Lokacija \/ Position<a href=\"https:\/\/goo.gl\/maps\/HkdmcvreDRTrSRWm7\"><img loading=\"lazy\" decoding=\"async\" class=\"alignright wp-image-12500\" src=\"https:\/\/www.topohvar.at\/wp-content\/uploads\/2018\/09\/0460.jpg\" alt=\"\" width=\"134\" height=\"100\" \/><\/a><br \/>\n<\/strong><span style=\"color: #3366ff;\"><a style=\"color: #3366ff;\" href=\"https:\/\/goo.gl\/maps\/HkdmcvreDRTrSRWm7\">Latitude: N 43,16265\u00b0\u00a0 \u00a0Longitude: E 16,48678\u00b0<\/a> <\/span><strong><br \/>\n<\/strong>Visina \/ H\u00f6he: 4 m<\/p>\n<p><strong>Katastarska \u010destica <\/strong><strong>\/ Grundst\u00fccke<br \/>\n<\/strong>3480\/1\u00a0<div class='content-column one_half'><div style=\"padding-right:6px;\"><p><strong>Datum snimanja \/ Erfassungsdatum<br \/>\n<\/strong>23.10.2014 09:10:27<\/p>\n<hr \/>\n<p><strong>Informacije<\/strong><\/p>\n<p>Veliki kameni kri\u017e je blagoslovio na rivi je 9.11.2013. koji je po nacrtu akademskog kipara fra Joakima Jakija Gregova, ujedno i milnarskog \u017eupnika, izradio kamenoklesar Dra\u017een Jak\u0161i\u0107 iz Donjeg Humca na otoku Bra\u010du. Kri\u017e je postavio i postolje izradio majstor Bare Vrankovi\u0107. Iz radu i postavljanje kri\u017ea financirali su \u017eupljani Milne.<\/p><\/div><\/div><div class='content-column one_half last_column'><div style=\"padding-right:0px;padding-left:6px;\"><p><strong>Stupanj za\u0161tite<\/strong><strong> \/ Schutzstellung<br \/>\n<\/strong>&#8211;<\/p>\n<hr \/>\n<p><strong>Info<\/strong><\/p>\n<p>Am 9. November 2013 wurde das gro\u00dfe Steinkreuz am Ufer gesegnet, das der Steinmetz Dra\u017een Jak\u0161i\u0107 aus Donje Humac auf der Insel Bra\u010d, nach einem Entwurf des Pfarrers von Milna, Joakim Jaki Gregov geschaffen hat. Die Basis f\u00fcr das Kreuz und das Kreuz aufgestellt hat Meister Bare Vrankovi\u0107. Die Arbeiten und die Aufstellung des Kreuzes finanzierte die Pfarre Milna.<\/p><\/div><\/div><div class='clear_column'><\/div><div class='content-column one_half'><div style=\"padding-right:6px;\"><p>Natpis na bazi:<\/p>\n<p style=\"text-align: center;\">U GODINI VJERE 2013<br \/>\nMILNA JE UZ KRISTA<\/p><\/div><\/div><div class='content-column one_half last_column'><div style=\"padding-right:0px;padding-left:6px;\"><p>Inschrift am Sockel:<\/p>\n<p style=\"text-align: center;\">Im Glaubensjahr 2013<br \/>\nMilna ist bei Christus<\/p><\/div><\/div><div class='clear_column'><\/div><\/p>\n<p style=\"text-align: right;\"><span style=\"color: #3366ff;\"><a style=\"color: #3366ff;\" href=\"#seite_oben\">natrag na vrh \/ Seitenanfang<\/a><\/span><\/p>\n<hr \/>\n<p><strong>Linkovi \/ Links<\/strong><\/p>\n<p>&#8211;<\/p>\n","protected":false},"excerpt":{"rendered":"<p>Ime \/ Name Kri\u017e \u00bbVeliki kri\u017e na rivi\u00ab \/ Gro\u00dfes Kreuz am Strand Code: MI-CZ-01\u00a0 \u00a0 \u00a0 \u00a0 \u00a0 \u00a0 \u00a0 \u00a0 \u00a0 \u00a0 \u00a0 \u00a0 \u00a0 \u00a0 \u00a0 \u00a0 \u00a0 \u00a0 \u00a0 \u00a0\u00a0 Adresa \/ Adresse Milna Lokacija \/ &hellip; <a href=\"https:\/\/www.topohvar.at\/topo\/orte\/mi\/mi-cz-01-1\/\">Weiterlesen <span class=\"meta-nav\">&rarr;<\/span><\/a><\/p>\n","protected":false},"author":1,"featured_media":0,"parent":87,"menu_order":0,"comment_status":"closed","ping_status":"closed","template":"","meta":{"footnotes":""},"class_list":["post-12274","page","type-page","status-publish","hentry"],"_links":{"self":[{"href":"https:\/\/www.topohvar.at\/topo\/wp-json\/wp\/v2\/pages\/12274","targetHints":{"allow":["GET"]}}],"collection":[{"href":"https:\/\/www.topohvar.at\/topo\/wp-json\/wp\/v2\/pages"}],"about":[{"href":"https:\/\/www.topohvar.at\/topo\/wp-json\/wp\/v2\/types\/page"}],"author":[{"embeddable":true,"href":"https:\/\/www.topohvar.at\/topo\/wp-json\/wp\/v2\/users\/1"}],"replies":[{"embeddable":true,"href":"https:\/\/www.topohvar.at\/topo\/wp-json\/wp\/v2\/comments?post=12274"}],"version-history":[{"count":9,"href":"https:\/\/www.topohvar.at\/topo\/wp-json\/wp\/v2\/pages\/12274\/revisions"}],"predecessor-version":[{"id":54102,"href":"https:\/\/www.topohvar.at\/topo\/wp-json\/wp\/v2\/pages\/12274\/revisions\/54102"}],"up":[{"embeddable":true,"href":"https:\/\/www.topohvar.at\/topo\/wp-json\/wp\/v2\/pages\/87"}],"wp:attachment":[{"href":"https:\/\/www.topohvar.at\/topo\/wp-json\/wp\/v2\/media?parent=12274"}],"curies":[{"name":"wp","href":"https:\/\/api.w.org\/{rel}","templated":true}]}}

MILNA &#8211; Križ »Veliki križ na rivi«

<p><a name="seite_oben"></a><br />
<strong><img loading="lazy" decoding="async" class="alignnone wp-image-12246 size-large" src="https://www.topohvar.at/wp-content/uploads/2018/09/MI-CZ-01-00-1024x503.jpg" alt="" width="640" height="314" srcset="https://www.topohvar.at/wp-content/uploads/2018/09/MI-CZ-01-00-1024x503.jpg 1024w, https://www.topohvar.at/wp-content/uploads/2018/09/MI-CZ-01-00-300x147.jpg 300w, https://www.topohvar.at/wp-content/uploads/2018/09/MI-CZ-01-00-768x377.jpg 768w, https://www.topohvar.at/wp-content/uploads/2018/09/MI-CZ-01-00.jpg 1080w" sizes="auto, (max-width: 640px) 100vw, 640px" /></strong></p>
<p><strong>Ime / Name<br />
</strong>Križ »Veliki križ na rivi« / Großes Kreuz am Strand</p>
<p><strong>Code: </strong>MI-CZ-01                                        <strong> <a href="https://www.topohvar.at/orte/mi/"><img loading="lazy" decoding="async" class="alignnone wp-image-535 size-full" src="https://www.topohvar.at/wp-content/uploads/2018/07/push-o-30.jpg" alt="" width="61" height="30" /></a> </strong></p>
<hr />
<p><strong>Adresa / Adresse<br />
</strong>Milna</p>
<p><strong>Lokacija / Position<a href="https://goo.gl/maps/HkdmcvreDRTrSRWm7"><img loading="lazy" decoding="async" class="alignright wp-image-12500" src="https://www.topohvar.at/wp-content/uploads/2018/09/0460.jpg" alt="" width="134" height="100" /></a><br />
</strong><span style="color: #3366ff;"><a style="color: #3366ff;" href="https://goo.gl/maps/HkdmcvreDRTrSRWm7">Latitude: N 43,16265°   Longitude: E 16,48678°</a> </span><strong><br />
</strong>Visina / Höhe: 4 m</p>
<p><strong>Katastarska čestica </strong><strong>/ Grundstücke<br />
</strong>3480/1 <div class='content-column one_half'><div style="padding-right:6px;"><p><strong>Datum snimanja / Erfassungsdatum<br />
</strong>23.10.2014 09:10:27</p>
<hr />
<p><strong>Informacije</strong></p>
<p>Veliki kameni križ je blagoslovio na rivi je 9.11.2013. koji je po nacrtu akademskog kipara fra Joakima Jakija Gregova, ujedno i milnarskog župnika, izradio kamenoklesar Dražen Jakšić iz Donjeg Humca na otoku Braču. Križ je postavio i postolje izradio majstor Bare Vranković. Iz radu i postavljanje križa financirali su župljani Milne.</p></div></div><div class='content-column one_half last_column'><div style="padding-right:0px;padding-left:6px;"><p><strong>Stupanj zaštite</strong><strong> / Schutzstellung<br />
</strong>&#8211;</p>
<hr />
<p><strong>Info</strong></p>
<p>Am 9. November 2013 wurde das große Steinkreuz am Ufer gesegnet, das der Steinmetz Dražen Jakšić aus Donje Humac auf der Insel Brač, nach einem Entwurf des Pfarrers von Milna, Joakim Jaki Gregov geschaffen hat. Die Basis für das Kreuz und das Kreuz aufgestellt hat Meister Bare Vranković. Die Arbeiten und die Aufstellung des Kreuzes finanzierte die Pfarre Milna.</p></div></div><div class='clear_column'></div><div class='content-column one_half'><div style="padding-right:6px;"><p>Natpis na bazi:</p>
<p style="text-align: center;">U GODINI VJERE 2013<br />
MILNA JE UZ KRISTA</p></div></div><div class='content-column one_half last_column'><div style="padding-right:0px;padding-left:6px;"><p>Inschrift am Sockel:</p>
<p style="text-align: center;">Im Glaubensjahr 2013<br />
Milna ist bei Christus</p></div></div><div class='clear_column'></div></p>
<p style="text-align: right;"><span style="color: #3366ff;"><a style="color: #3366ff;" href="#seite_oben">natrag na vrh / Seitenanfang</a></span></p>
<hr />
<p><strong>Linkovi / Links</strong></p>
<p>&#8211;</p>

<p>Ime / Name Križ »Veliki križ na rivi« / Großes Kreuz am Strand Code: MI-CZ-01                                         Adresa / Adresse Milna Lokacija / &hellip; <a href="https://www.topohvar.at/topo/orte/mi/mi-cz-01-1/">Weiterlesen <span class="meta-nav">&rarr;</span></a></p>
