{"id":12284,"date":"2018-09-23T06:23:23","date_gmt":"2018-09-23T04:23:23","guid":{"rendered":"https:\/\/www.topohvar.at\/?page_id=12284"},"modified":"2021-12-01T13:42:52","modified_gmt":"2021-12-01T12:42:52","slug":"mi-is-03-1","status":"publish","type":"page","link":"https:\/\/www.topohvar.at\/topo\/orte\/mi\/mi-is-03-1\/","title":{"rendered":"MILNA &#8211; Spomen plo\u010da \u00bbFrancesco ed Elena Boghlich\u00ab"},"content":{"rendered":"<p><a name=\"seite_oben\"><\/a><br \/>\n<strong><img loading=\"lazy\" decoding=\"async\" class=\"alignnone wp-image-12250 size-large\" src=\"https:\/\/www.topohvar.at\/wp-content\/uploads\/2018\/09\/mi-is-03-00-1024x503.jpg\" alt=\"\" width=\"640\" height=\"314\" srcset=\"https:\/\/www.topohvar.at\/wp-content\/uploads\/2018\/09\/mi-is-03-00-1024x503.jpg 1024w, https:\/\/www.topohvar.at\/wp-content\/uploads\/2018\/09\/mi-is-03-00-300x147.jpg 300w, https:\/\/www.topohvar.at\/wp-content\/uploads\/2018\/09\/mi-is-03-00-768x377.jpg 768w, https:\/\/www.topohvar.at\/wp-content\/uploads\/2018\/09\/mi-is-03-00.jpg 1080w\" sizes=\"auto, (max-width: 640px) 100vw, 640px\" \/><\/strong><\/p>\n<p><strong>Ime \/ Name<br \/>\n<\/strong>Spomen plo\u010da \/ Gedenktafel \u00bbFrancesco ed Elena Boghlich\u00ab<\/p>\n<p><strong>Code: <\/strong>MI-IS-03\u00a0 \u00a0 \u00a0 \u00a0 \u00a0 \u00a0 \u00a0 \u00a0 \u00a0 \u00a0 \u00a0 \u00a0 \u00a0 \u00a0 \u00a0 \u00a0 \u00a0 \u00a0 \u00a0 \u00a0\u00a0<strong><a href=\"https:\/\/www.topohvar.at\/orte\/mi\/mi-ip-01-1\/\"><img loading=\"lazy\" decoding=\"async\" class=\"alignnone wp-image-12300 size-full\" src=\"https:\/\/www.topohvar.at\/wp-content\/uploads\/2018\/09\/push-vor-30.jpg\" alt=\"\" width=\"61\" height=\"30\" \/><\/a>\u00a0<a href=\"https:\/\/www.topohvar.at\/orte\/mi\/mi-is-02-1\/\"><img loading=\"lazy\" decoding=\"async\" class=\"alignnone wp-image-533 size-full\" src=\"https:\/\/www.topohvar.at\/wp-content\/uploads\/2018\/07\/push-l-30.jpg\" alt=\"\" width=\"61\" height=\"30\" \/><\/a> <a href=\"https:\/\/www.topohvar.at\/orte\/mi\/\"><img loading=\"lazy\" decoding=\"async\" class=\"alignnone wp-image-535 size-full\" src=\"https:\/\/www.topohvar.at\/wp-content\/uploads\/2018\/07\/push-o-30.jpg\" alt=\"\" width=\"61\" height=\"30\" \/><\/a> <a href=\"https:\/\/www.topohvar.at\/orte\/mi\/mi-is-04-1\/\"><img loading=\"lazy\" decoding=\"async\" class=\"alignnone wp-image-536 size-full\" src=\"https:\/\/www.topohvar.at\/wp-content\/uploads\/2018\/07\/push-r-30.jpg\" alt=\"\" width=\"61\" height=\"30\" \/><\/a><\/strong><\/p>\n<hr \/>\n<p><strong>Adresa \/ Adresse<br \/>\n<\/strong>Milna, crkvica Kraljica Mira<\/p>\n<p><strong>Lokacija \/ Position<a href=\"https:\/\/goo.gl\/maps\/S4bzwrQE4rZvfmoU7\"><img loading=\"lazy\" decoding=\"async\" class=\"alignright wp-image-12475\" src=\"https:\/\/www.topohvar.at\/wp-content\/uploads\/2018\/09\/0455.jpg\" alt=\"\" width=\"134\" height=\"100\" \/><\/a><br \/>\n<\/strong><a href=\"https:\/\/goo.gl\/maps\/S4bzwrQE4rZvfmoU7\">Latitude: N 43,16251\u00b0\u00a0 \u00a0Longitude: E 16,48757\u00b0<\/a> <strong><br \/>\n<\/strong>Visina \/ H\u00f6he: 4 m<\/p>\n<p><strong>Katastarska \u010destica <\/strong><strong>\/ Grundst\u00fccke<br \/>\n<\/strong>3480\/5\u00a0<div class='content-column one_half'><div style=\"padding-right:6px;\"><p><strong>Datum snimanja \/ Erfassungsdatum<br \/>\n<\/strong>27.05.2013 11:02:05<\/p>\n<hr \/>\n<p><strong>Informacije<\/strong><\/p>\n<p style=\"text-align: left;\">Plo\u010da se nalazi iznad ulaza u malu crkvu Kraljice Mira sa sljede\u0107im natpisom:<\/p><\/div><\/div><div class='content-column one_half last_column'><div style=\"padding-right:0px;padding-left:6px;\"><p><strong>Stupanj za\u0161tite<\/strong><strong> \/ Schutzstellung<br \/>\n<\/strong>&#8211;<\/p>\n<hr \/>\n<p><strong>Info<\/strong><\/p>\n<p>Die Gedenktafel befindet sich \u00fcber dem Eingang der kleinen Kirche der Friedensk\u00f6nigin mit folgender Inschrift:<\/p><\/div><\/div><div class='clear_column'><\/div><\/p>\n<p style=\"text-align: center;\">SCIOGLIENDO UN VOTO<br \/>\nI CONIUCI<br \/>\nFRANCESCO ED ELENA BOGHLICH<br \/>\nNELL\u00b4 ANNO DE SIGNORE MDCCCCXVIII<br \/>\nQUESTA UMILE CHIESUOLA<br \/>\nALLA REGINA DELLA PACE<br \/>\nA PROPRIE SPESE E FATICHE<br \/>\nDEVOTAMENTE ERESSERO<\/p>\n<div class='content-column one_half'><div style=\"padding-right:6px;\"><p>(= Ispunjavaju\u0107i obe\u0107anje, supru\u017enici Francesco i Elena Boghlich ponizno su podigli ovu skromnu Kapelu Kraljice Mira 1918., na svoj tro\u0161ak i trud.)<\/p><\/div><\/div><div class='content-column one_half last_column'><div style=\"padding-right:0px;padding-left:6px;\"><p>(= Ein Versprechen\u00a0einl\u00f6send, haben die Ehegatten Francesco und Elena Boghlich im Jahr des Herrn 1918 diese bescheidene Kapelle der K\u00f6nigin des Friedens auf eigene Kosten und Bem\u00fchungen demutsvoll errichtet.)<\/p><\/div><\/div><div class='clear_column'><\/div><\/p>\n<p style=\"text-align: right;\"><span style=\"color: #3366ff;\"><a style=\"color: #3366ff;\" href=\"#seite_oben\">natrag na vrh \/ Seitenanfang<\/a><\/span><\/p>\n<hr \/>\n<p><strong>Linkovi \/ Links<\/strong><\/p>\n<p><span style=\"color: #3366ff;\"><a style=\"color: #3366ff;\" href=\"https:\/\/www.topohvar.at\/orte\/mi\/mi-ck-01-1\/\">Crkvica \u00bbKraljica Mira\u00ab \/ kleine Kirche der <em>Friedensk\u00f6nigin<\/em><\/a><\/span><\/p>\n","protected":false},"excerpt":{"rendered":"<p>Ime \/ Name Spomen plo\u010da \/ Gedenktafel \u00bbFrancesco ed Elena Boghlich\u00ab Code: MI-IS-03\u00a0 \u00a0 \u00a0 \u00a0 \u00a0 \u00a0 \u00a0 \u00a0 \u00a0 \u00a0 \u00a0 \u00a0 \u00a0 \u00a0 \u00a0 \u00a0 \u00a0 \u00a0 \u00a0 \u00a0\u00a0\u00a0 Adresa \/ Adresse Milna, crkvica Kraljica Mira Lokacija &hellip; <a href=\"https:\/\/www.topohvar.at\/topo\/orte\/mi\/mi-is-03-1\/\">Weiterlesen <span class=\"meta-nav\">&rarr;<\/span><\/a><\/p>\n","protected":false},"author":1,"featured_media":0,"parent":87,"menu_order":0,"comment_status":"closed","ping_status":"closed","template":"","meta":{"footnotes":""},"class_list":["post-12284","page","type-page","status-publish","hentry"],"_links":{"self":[{"href":"https:\/\/www.topohvar.at\/topo\/wp-json\/wp\/v2\/pages\/12284","targetHints":{"allow":["GET"]}}],"collection":[{"href":"https:\/\/www.topohvar.at\/topo\/wp-json\/wp\/v2\/pages"}],"about":[{"href":"https:\/\/www.topohvar.at\/topo\/wp-json\/wp\/v2\/types\/page"}],"author":[{"embeddable":true,"href":"https:\/\/www.topohvar.at\/topo\/wp-json\/wp\/v2\/users\/1"}],"replies":[{"embeddable":true,"href":"https:\/\/www.topohvar.at\/topo\/wp-json\/wp\/v2\/comments?post=12284"}],"version-history":[{"count":9,"href":"https:\/\/www.topohvar.at\/topo\/wp-json\/wp\/v2\/pages\/12284\/revisions"}],"predecessor-version":[{"id":54107,"href":"https:\/\/www.topohvar.at\/topo\/wp-json\/wp\/v2\/pages\/12284\/revisions\/54107"}],"up":[{"embeddable":true,"href":"https:\/\/www.topohvar.at\/topo\/wp-json\/wp\/v2\/pages\/87"}],"wp:attachment":[{"href":"https:\/\/www.topohvar.at\/topo\/wp-json\/wp\/v2\/media?parent=12284"}],"curies":[{"name":"wp","href":"https:\/\/api.w.org\/{rel}","templated":true}]}}

MILNA &#8211; Spomen ploča »Francesco ed Elena Boghlich«

<p><a name="seite_oben"></a><br />
<strong><img loading="lazy" decoding="async" class="alignnone wp-image-12250 size-large" src="https://www.topohvar.at/wp-content/uploads/2018/09/mi-is-03-00-1024x503.jpg" alt="" width="640" height="314" srcset="https://www.topohvar.at/wp-content/uploads/2018/09/mi-is-03-00-1024x503.jpg 1024w, https://www.topohvar.at/wp-content/uploads/2018/09/mi-is-03-00-300x147.jpg 300w, https://www.topohvar.at/wp-content/uploads/2018/09/mi-is-03-00-768x377.jpg 768w, https://www.topohvar.at/wp-content/uploads/2018/09/mi-is-03-00.jpg 1080w" sizes="auto, (max-width: 640px) 100vw, 640px" /></strong></p>
<p><strong>Ime / Name<br />
</strong>Spomen ploča / Gedenktafel »Francesco ed Elena Boghlich«</p>
<p><strong>Code: </strong>MI-IS-03                                        <strong><a href="https://www.topohvar.at/orte/mi/mi-ip-01-1/"><img loading="lazy" decoding="async" class="alignnone wp-image-12300 size-full" src="https://www.topohvar.at/wp-content/uploads/2018/09/push-vor-30.jpg" alt="" width="61" height="30" /></a> <a href="https://www.topohvar.at/orte/mi/mi-is-02-1/"><img loading="lazy" decoding="async" class="alignnone wp-image-533 size-full" src="https://www.topohvar.at/wp-content/uploads/2018/07/push-l-30.jpg" alt="" width="61" height="30" /></a> <a href="https://www.topohvar.at/orte/mi/"><img loading="lazy" decoding="async" class="alignnone wp-image-535 size-full" src="https://www.topohvar.at/wp-content/uploads/2018/07/push-o-30.jpg" alt="" width="61" height="30" /></a> <a href="https://www.topohvar.at/orte/mi/mi-is-04-1/"><img loading="lazy" decoding="async" class="alignnone wp-image-536 size-full" src="https://www.topohvar.at/wp-content/uploads/2018/07/push-r-30.jpg" alt="" width="61" height="30" /></a></strong></p>
<hr />
<p><strong>Adresa / Adresse<br />
</strong>Milna, crkvica Kraljica Mira</p>
<p><strong>Lokacija / Position<a href="https://goo.gl/maps/S4bzwrQE4rZvfmoU7"><img loading="lazy" decoding="async" class="alignright wp-image-12475" src="https://www.topohvar.at/wp-content/uploads/2018/09/0455.jpg" alt="" width="134" height="100" /></a><br />
</strong><a href="https://goo.gl/maps/S4bzwrQE4rZvfmoU7">Latitude: N 43,16251°   Longitude: E 16,48757°</a> <strong><br />
</strong>Visina / Höhe: 4 m</p>
<p><strong>Katastarska čestica </strong><strong>/ Grundstücke<br />
</strong>3480/5 <div class='content-column one_half'><div style="padding-right:6px;"><p><strong>Datum snimanja / Erfassungsdatum<br />
</strong>27.05.2013 11:02:05</p>
<hr />
<p><strong>Informacije</strong></p>
<p style="text-align: left;">Ploča se nalazi iznad ulaza u malu crkvu Kraljice Mira sa sljedećim natpisom:</p></div></div><div class='content-column one_half last_column'><div style="padding-right:0px;padding-left:6px;"><p><strong>Stupanj zaštite</strong><strong> / Schutzstellung<br />
</strong>&#8211;</p>
<hr />
<p><strong>Info</strong></p>
<p>Die Gedenktafel befindet sich über dem Eingang der kleinen Kirche der Friedenskönigin mit folgender Inschrift:</p></div></div><div class='clear_column'></div></p>
<p style="text-align: center;">SCIOGLIENDO UN VOTO<br />
I CONIUCI<br />
FRANCESCO ED ELENA BOGHLICH<br />
NELL´ ANNO DE SIGNORE MDCCCCXVIII<br />
QUESTA UMILE CHIESUOLA<br />
ALLA REGINA DELLA PACE<br />
A PROPRIE SPESE E FATICHE<br />
DEVOTAMENTE ERESSERO</p>
<div class='content-column one_half'><div style="padding-right:6px;"><p>(= Ispunjavajući obećanje, supružnici Francesco i Elena Boghlich ponizno su podigli ovu skromnu Kapelu Kraljice Mira 1918., na svoj trošak i trud.)</p></div></div><div class='content-column one_half last_column'><div style="padding-right:0px;padding-left:6px;"><p>(= Ein Versprechen einlösend, haben die Ehegatten Francesco und Elena Boghlich im Jahr des Herrn 1918 diese bescheidene Kapelle der Königin des Friedens auf eigene Kosten und Bemühungen demutsvoll errichtet.)</p></div></div><div class='clear_column'></div></p>
<p style="text-align: right;"><span style="color: #3366ff;"><a style="color: #3366ff;" href="#seite_oben">natrag na vrh / Seitenanfang</a></span></p>
<hr />
<p><strong>Linkovi / Links</strong></p>
<p><span style="color: #3366ff;"><a style="color: #3366ff;" href="https://www.topohvar.at/orte/mi/mi-ck-01-1/">Crkvica »Kraljica Mira« / kleine Kirche der <em>Friedenskönigin</em></a></span></p>

<p>Ime / Name Spomen ploča / Gedenktafel »Francesco ed Elena Boghlich« Code: MI-IS-03                                          Adresa / Adresse Milna, crkvica Kraljica Mira Lokacija &hellip; <a href="https://www.topohvar.at/topo/orte/mi/mi-is-03-1/">Weiterlesen <span class="meta-nav">&rarr;</span></a></p>
