{"id":12288,"date":"2018-09-23T06:26:17","date_gmt":"2018-09-23T04:26:17","guid":{"rendered":"https:\/\/www.topohvar.at\/?page_id=12288"},"modified":"2022-01-29T09:20:20","modified_gmt":"2022-01-29T08:20:20","slug":"mi-mo-01-1","status":"publish","type":"page","link":"https:\/\/www.topohvar.at\/topo\/orte\/mi\/mi-mo-01-1\/","title":{"rendered":"MILNA &#8211; Kip \u00bbSv. Teodora\u00ab"},"content":{"rendered":"<p><a name=\"seite_oben\"><\/a><br \/>\n<strong><img loading=\"lazy\" decoding=\"async\" class=\"alignnone wp-image-12252 size-large\" src=\"https:\/\/www.topohvar.at\/wp-content\/uploads\/2018\/09\/MI-MO-01-00-1024x503.jpg\" alt=\"\" width=\"640\" height=\"314\" srcset=\"https:\/\/www.topohvar.at\/wp-content\/uploads\/2018\/09\/MI-MO-01-00-1024x503.jpg 1024w, https:\/\/www.topohvar.at\/wp-content\/uploads\/2018\/09\/MI-MO-01-00-300x147.jpg 300w, https:\/\/www.topohvar.at\/wp-content\/uploads\/2018\/09\/MI-MO-01-00-768x377.jpg 768w, https:\/\/www.topohvar.at\/wp-content\/uploads\/2018\/09\/MI-MO-01-00.jpg 1080w\" sizes=\"auto, (max-width: 640px) 100vw, 640px\" \/><\/strong><\/p>\n<p><strong>Ime \/ Name<br \/>\n<\/strong>Kip \u00bbSv. Teodora\u00ab \/ Statue des hl. Theodor<\/p>\n<p><strong>Code: <\/strong>MI-MO-01\u00a0 \u00a0 \u00a0 \u00a0 \u00a0 \u00a0 \u00a0 \u00a0 \u00a0 \u00a0 \u00a0 \u00a0 \u00a0 \u00a0 \u00a0 \u00a0 \u00a0 \u00a0 \u00a0 \u00a0\u00a0<strong>\u00a0<a href=\"https:\/\/www.topohvar.at\/orte\/mi\/\"><img loading=\"lazy\" decoding=\"async\" class=\"alignnone wp-image-535 size-full\" src=\"https:\/\/www.topohvar.at\/wp-content\/uploads\/2018\/07\/push-o-30.jpg\" alt=\"\" width=\"61\" height=\"30\" \/><\/a>\u00a0<\/strong><\/p>\n<hr \/>\n<p><strong>Adresa \/ Adresse<br \/>\n<\/strong>Milna, kod crkve<\/p>\n<p><strong>Lokacija<\/strong><strong> \/ Position<a href=\"https:\/\/goo.gl\/maps\/Mhg3R7Kp2nBGTWyj9\"><img loading=\"lazy\" decoding=\"async\" class=\"alignright wp-image-12462\" src=\"https:\/\/www.topohvar.at\/wp-content\/uploads\/2018\/09\/0454.jpg\" alt=\"\" width=\"134\" height=\"100\" \/><\/a><br \/>\n<\/strong><span style=\"color: #3366ff;\"><a style=\"color: #3366ff;\" href=\"https:\/\/goo.gl\/maps\/Mhg3R7Kp2nBGTWyj9\">Latitude: N 43,16317\u00b0\u00a0 \u00a0Longitude: E 16,48696\u00b0<\/a> <\/span><strong><br \/>\n<\/strong>Visina \/ H\u00f6he: 14 m<\/p>\n<p><strong>Katastarska \u010destica <\/strong><strong>\/ Grundst\u00fccke<\/strong><\/p>\n<p>3486\/7\u00a0<div class='content-column one_half'><div style=\"padding-right:6px;\"><p><strong>Datum snimanja \/ Erfassungsdatum<br \/>\n<\/strong>23.10.2014 10:04:02<\/p>\n<hr \/>\n<p><strong>Informacije<\/strong><\/p>\n<p>U hvarskoj Milni sve\u010dano je proslavljen u 2010 g. blagdan za\u0161titrnika sv. Teodora koji je umro mu\u010deni\u010dkom smr\u0107u. Bio je to povijesni dan za mjesto i sve \u017eupjane, jer je polslije misnog slavlja na ulazu u crkvenu dvori\u0161te hvarsko-bra\u010dko-vi\u0161ki biskup msgr. Slobodan \u0160tambuk blagoslovio 2,20 metara visoki bron\u010dani kip svetog Teodora koji je izradio doma\u0107i \u017eupnik i akademski kipar fra Joakim Jaki Gregov, s lijevao ga je u Zagrebu, u majstorskoj ljevaonici umjetnina Damir Ujevi\u0107 sa suradnicima.<\/p><\/div><\/div><div class='content-column one_half last_column'><div style=\"padding-right:0px;padding-left:6px;\"><p><strong>Stupanj za\u0161tite<\/strong><strong> \/ Schutzstellung<br \/>\n<\/strong>&#8211;<\/p>\n<hr \/>\n<p><strong>Info<\/strong><\/p>\n<p>Im Hvarer Milna wurde im Jahr 2010 der Feiertag des hl. Theodor gefeiert, der unter der Folter starb. Es war ein historischer Tag f\u00fcr den Ort und f\u00fcr alle Gemeindemitglieder. Das Denkmal vor dem Eingang des Kirchenhofes wurde von Hvar-Bra\u010der, Bischof Msgr. Slobodan \u0160tambuk gesegnete. Die 2,20 Meter hohe Bronzestatue des hl. Theodor wurde vom \u00f6rtlichen Pfarrer und akademischen Bildhauer Joakim Jaki Gregov geschaffen und in Zagreb, in der Kunstwerkstatt von Damir Ujevi\u0107 und seinen Mitarbeitern gegossen.<\/p><\/div><\/div><div class='clear_column'><\/div><div class='content-column one_half'><div style=\"padding-right:6px;\"><p>Na kipu, koji je tek jedno od brojnih fra Jakijevih umjetni\u010dkih djela i dar tamo\u0161njoj mladoj i vitalnoj \u017eupi, vidljivi su znakovi sve\u010deve mu\u010deni\u010dke smrti \u2013 kri\u017e u obliku ma\u010da, palmina grana uzdu\u017e cijeloga tijela i ponosno uzdignuta glava.<\/p><\/div><\/div><div class='content-column one_half last_column'><div style=\"padding-right:0px;padding-left:6px;\"><p>Die Statue, nur eine von vielen Jakijevih\u00b4s Kunstwerken, ist eine Gabe an die jugendliche und vitale Pfarre. Sie hat die Merkmale des M\u00e4rtyrertods &#8211; das Kreuz in Form von Schwertern, Palmzweige am ganzen K\u00f6rper und den stolz erhobenen Kopf.<\/p><\/div><\/div><div class='clear_column'><\/div><\/p>\n<p style=\"text-align: right;\"><span style=\"color: #3366ff;\"><a style=\"color: #3366ff;\" href=\"#seite_oben\">natrag na vrh \/ Seitenanfang<\/a><\/span><\/p>\n<hr \/>\n<p><strong>Linkovi \/ Links<\/strong><\/p>\n<p>&#8211;<\/p>\n","protected":false},"excerpt":{"rendered":"<p>Ime \/ Name Kip \u00bbSv. Teodora\u00ab \/ Statue des hl. Theodor Code: MI-MO-01\u00a0 \u00a0 \u00a0 \u00a0 \u00a0 \u00a0 \u00a0 \u00a0 \u00a0 \u00a0 \u00a0 \u00a0 \u00a0 \u00a0 \u00a0 \u00a0 \u00a0 \u00a0 \u00a0 \u00a0\u00a0\u00a0\u00a0 Adresa \/ Adresse Milna, kod crkve Lokacija \/ &hellip; <a href=\"https:\/\/www.topohvar.at\/topo\/orte\/mi\/mi-mo-01-1\/\">Weiterlesen <span class=\"meta-nav\">&rarr;<\/span><\/a><\/p>\n","protected":false},"author":1,"featured_media":0,"parent":87,"menu_order":0,"comment_status":"closed","ping_status":"closed","template":"","meta":{"footnotes":""},"class_list":["post-12288","page","type-page","status-publish","hentry"],"_links":{"self":[{"href":"https:\/\/www.topohvar.at\/topo\/wp-json\/wp\/v2\/pages\/12288","targetHints":{"allow":["GET"]}}],"collection":[{"href":"https:\/\/www.topohvar.at\/topo\/wp-json\/wp\/v2\/pages"}],"about":[{"href":"https:\/\/www.topohvar.at\/topo\/wp-json\/wp\/v2\/types\/page"}],"author":[{"embeddable":true,"href":"https:\/\/www.topohvar.at\/topo\/wp-json\/wp\/v2\/users\/1"}],"replies":[{"embeddable":true,"href":"https:\/\/www.topohvar.at\/topo\/wp-json\/wp\/v2\/comments?post=12288"}],"version-history":[{"count":9,"href":"https:\/\/www.topohvar.at\/topo\/wp-json\/wp\/v2\/pages\/12288\/revisions"}],"predecessor-version":[{"id":54109,"href":"https:\/\/www.topohvar.at\/topo\/wp-json\/wp\/v2\/pages\/12288\/revisions\/54109"}],"up":[{"embeddable":true,"href":"https:\/\/www.topohvar.at\/topo\/wp-json\/wp\/v2\/pages\/87"}],"wp:attachment":[{"href":"https:\/\/www.topohvar.at\/topo\/wp-json\/wp\/v2\/media?parent=12288"}],"curies":[{"name":"wp","href":"https:\/\/api.w.org\/{rel}","templated":true}]}}

<p><a name="seite_oben"></a><br />
<strong><img loading="lazy" decoding="async" class="alignnone wp-image-12252 size-large" src="https://www.topohvar.at/wp-content/uploads/2018/09/MI-MO-01-00-1024x503.jpg" alt="" width="640" height="314" srcset="https://www.topohvar.at/wp-content/uploads/2018/09/MI-MO-01-00-1024x503.jpg 1024w, https://www.topohvar.at/wp-content/uploads/2018/09/MI-MO-01-00-300x147.jpg 300w, https://www.topohvar.at/wp-content/uploads/2018/09/MI-MO-01-00-768x377.jpg 768w, https://www.topohvar.at/wp-content/uploads/2018/09/MI-MO-01-00.jpg 1080w" sizes="auto, (max-width: 640px) 100vw, 640px" /></strong></p>
<p><strong>Ime / Name<br />
</strong>Kip »Sv. Teodora« / Statue des hl. Theodor</p>
<p><strong>Code: </strong>MI-MO-01                                        <strong> <a href="https://www.topohvar.at/orte/mi/"><img loading="lazy" decoding="async" class="alignnone wp-image-535 size-full" src="https://www.topohvar.at/wp-content/uploads/2018/07/push-o-30.jpg" alt="" width="61" height="30" /></a> </strong></p>
<hr />
<p><strong>Adresa / Adresse<br />
</strong>Milna, kod crkve</p>
<p><strong>Lokacija</strong><strong> / Position<a href="https://goo.gl/maps/Mhg3R7Kp2nBGTWyj9"><img loading="lazy" decoding="async" class="alignright wp-image-12462" src="https://www.topohvar.at/wp-content/uploads/2018/09/0454.jpg" alt="" width="134" height="100" /></a><br />
</strong><span style="color: #3366ff;"><a style="color: #3366ff;" href="https://goo.gl/maps/Mhg3R7Kp2nBGTWyj9">Latitude: N 43,16317°   Longitude: E 16,48696°</a> </span><strong><br />
</strong>Visina / Höhe: 14 m</p>
<p><strong>Katastarska čestica </strong><strong>/ Grundstücke</strong></p>
<p>3486/7 <div class='content-column one_half'><div style="padding-right:6px;"><p><strong>Datum snimanja / Erfassungsdatum<br />
</strong>23.10.2014 10:04:02</p>
<hr />
<p><strong>Informacije</strong></p>
<p>U hvarskoj Milni svečano je proslavljen u 2010 g. blagdan zaštitrnika sv. Teodora koji je umro mučeničkom smrću. Bio je to povijesni dan za mjesto i sve župjane, jer je polslije misnog slavlja na ulazu u crkvenu dvorište hvarsko-bračko-viški biskup msgr. Slobodan Štambuk blagoslovio 2,20 metara visoki brončani kip svetog Teodora koji je izradio domaći župnik i akademski kipar fra Joakim Jaki Gregov, s lijevao ga je u Zagrebu, u majstorskoj ljevaonici umjetnina Damir Ujević sa suradnicima.</p></div></div><div class='content-column one_half last_column'><div style="padding-right:0px;padding-left:6px;"><p><strong>Stupanj zaštite</strong><strong> / Schutzstellung<br />
</strong>&#8211;</p>
<hr />
<p><strong>Info</strong></p>
<p>Im Hvarer Milna wurde im Jahr 2010 der Feiertag des hl. Theodor gefeiert, der unter der Folter starb. Es war ein historischer Tag für den Ort und für alle Gemeindemitglieder. Das Denkmal vor dem Eingang des Kirchenhofes wurde von Hvar-Bračer, Bischof Msgr. Slobodan Štambuk gesegnete. Die 2,20 Meter hohe Bronzestatue des hl. Theodor wurde vom örtlichen Pfarrer und akademischen Bildhauer Joakim Jaki Gregov geschaffen und in Zagreb, in der Kunstwerkstatt von Damir Ujević und seinen Mitarbeitern gegossen.</p></div></div><div class='clear_column'></div><div class='content-column one_half'><div style="padding-right:6px;"><p>Na kipu, koji je tek jedno od brojnih fra Jakijevih umjetničkih djela i dar tamošnjoj mladoj i vitalnoj župi, vidljivi su znakovi svečeve mučeničke smrti – križ u obliku mača, palmina grana uzduž cijeloga tijela i ponosno uzdignuta glava.</p></div></div><div class='content-column one_half last_column'><div style="padding-right:0px;padding-left:6px;"><p>Die Statue, nur eine von vielen Jakijevih´s Kunstwerken, ist eine Gabe an die jugendliche und vitale Pfarre. Sie hat die Merkmale des Märtyrertods &#8211; das Kreuz in Form von Schwertern, Palmzweige am ganzen Körper und den stolz erhobenen Kopf.</p></div></div><div class='clear_column'></div></p>
<p style="text-align: right;"><span style="color: #3366ff;"><a style="color: #3366ff;" href="#seite_oben">natrag na vrh / Seitenanfang</a></span></p>
<hr />
<p><strong>Linkovi / Links</strong></p>
<p>&#8211;</p>
