{"id":12358,"date":"2018-09-23T15:23:47","date_gmt":"2018-09-23T13:23:47","guid":{"rendered":"https:\/\/www.topohvar.at\/?page_id=12358"},"modified":"2020-02-26T09:29:32","modified_gmt":"2020-02-26T08:29:32","slug":"zr-ck-02-1","status":"publish","type":"page","link":"https:\/\/www.topohvar.at\/topo\/orte\/zr\/zr-ck-02-1\/","title":{"rendered":"ZARA\u0106E &#8211; Crkvica \u00bbSv. Stjepana\u00ab"},"content":{"rendered":"<p><strong><img loading=\"lazy\" decoding=\"async\" class=\"alignnone wp-image-12323 size-large\" src=\"https:\/\/www.topohvar.at\/wp-content\/uploads\/2018\/09\/zr-ck-02-0-1024x503.jpg\" alt=\"\" width=\"640\" height=\"314\" srcset=\"https:\/\/www.topohvar.at\/wp-content\/uploads\/2018\/09\/zr-ck-02-0-1024x503.jpg 1024w, https:\/\/www.topohvar.at\/wp-content\/uploads\/2018\/09\/zr-ck-02-0-300x147.jpg 300w, https:\/\/www.topohvar.at\/wp-content\/uploads\/2018\/09\/zr-ck-02-0-768x377.jpg 768w, https:\/\/www.topohvar.at\/wp-content\/uploads\/2018\/09\/zr-ck-02-0.jpg 1080w\" sizes=\"auto, (max-width: 640px) 100vw, 640px\" \/><\/strong><\/p>\n<p><strong>Ime \/ Name<br \/>\n<\/strong>Crkvica \u00bbSv. Stjepana\u00ab \/ kleine Kirche zum hl. Stefan<\/p>\n<p><strong>Code: <\/strong>ZR-CK-02\u00a0 \u00a0 \u00a0 \u00a0 \u00a0 \u00a0 \u00a0 \u00a0 \u00a0 \u00a0 \u00a0 \u00a0 \u00a0 \u00a0 \u00a0 \u00a0 \u00a0 \u00a0 \u00a0 \u00a0<strong><a href=\"https:\/\/www.topohvar.at\/orte\/zr\/zr-ck-01-1\/\"><img loading=\"lazy\" decoding=\"async\" class=\"alignnone wp-image-533 size-full\" src=\"https:\/\/www.topohvar.at\/wp-content\/uploads\/2018\/07\/push-l-30.jpg\" alt=\"\" width=\"61\" height=\"30\" \/><\/a> <a href=\"https:\/\/www.topohvar.at\/orte\/zr\/\"><img loading=\"lazy\" decoding=\"async\" class=\"alignnone wp-image-535 size-full\" src=\"https:\/\/www.topohvar.at\/wp-content\/uploads\/2018\/07\/push-o-30.jpg\" alt=\"\" width=\"61\" height=\"30\" \/><\/a> \u00a0<\/strong><\/p>\n<hr \/>\n<p><strong>Adresa \/ Adresse<br \/>\n<\/strong>Zara\u010de, Dubovica (Dubova Dol)<\/p>\n<p><strong>Lokalna polo\u017eaj \/ Position<a href=\"https:\/\/goo.gl\/maps\/b6QdAHcKk3BGoBpS6\"><img loading=\"lazy\" decoding=\"async\" class=\"alignright wp-image-12402\" src=\"https:\/\/www.topohvar.at\/wp-content\/uploads\/2018\/09\/0983.jpg\" alt=\"\" width=\"134\" height=\"100\" \/><\/a><br \/>\n<\/strong><span style=\"color: #3366ff;\"><a style=\"color: #3366ff;\" href=\"https:\/\/goo.gl\/maps\/b6QdAHcKk3BGoBpS6\">Latitude: N 43,14618\u00b0\u00a0 \u00a0Longitude: E 16,53413\u00b0<\/a> <\/span><strong><br \/>\n<\/strong>Visina \/ H\u00f6he: 2 m<\/p>\n<p><strong>Zemlji\u0161te \/ Grundst\u00fccke<br \/>\n<\/strong>*88 (DKP Grablje)<div class='content-column one_half'><div style=\"padding-right:6px;\"><p><strong>Datum snimanja \/ Erfassungsdatum<br \/>\n<\/strong>30.10.2014 11:19:09<\/p>\n<hr \/>\n<p><strong>Informacije<\/strong><\/p>\n<p>Andrija Bartu\u010devi\u0107 (1584. \u2013 1647.), unuk tre\u0107ega Hortenzijeva sina Andrije, bio je ugledni kanonik, te je kao operarij hvarske katedrale jedan od najzaslu\u017enijih za njezinu izgradnju. U svojoj oporuci iz 1647. godine govori da je \u201ebrazza dieci di long. Venetiani&#8220; i tra\u017ei da u njoj sve\u0107enik glagolja\u0161, \u201ereligioso ilirico&#8220;, govori dvanaest misa na godinu, za potrebe stanovnika okolnih sela.<\/p><\/div><\/div><div class='content-column one_half last_column'><div style=\"padding-right:0px;padding-left:6px;\"><p><strong>Za\u0161titni polo\u017eaj \/ Schutzstellung<br \/>\n<\/strong>&#8211;<\/p>\n<hr \/>\n<p><strong>Info<\/strong><\/p>\n<p>Andrija Bartu\u010devi\u0107 (1584 &#8211; 1647), ein Enkel des dritten Sohnes namens Andrija des Hortenzija Bartu\u010devi\u0107, war ein ber\u00fchmter Domherr und Betreiber des Baues der Kathedrale von Hvar. In seiner Rede im Jahr 1647 sagt er dass \u201ebrazza dieci di long. Venetiani&#8220; und forderte die Geistlichen auf, glagolitisch zu sprechen: \u201ereligioso ilirico&#8220;. Er hielt zw\u00f6lf Messen pro Jahr f\u00fcr die Bewohner der umliegenden Weiler.<\/p><\/div><\/div><div class='clear_column'><\/div><div class='content-column one_half'><div style=\"padding-right:6px;\"><p>Po\u010detkom 17. stolje\u0107a sagradio je crkvicu Sv. Stjepana ovdje, u Dubovom dolu na podru\u010dju nekretnine Bartu\u010devi\u0107.<\/p><\/div><\/div><div class='content-column one_half last_column'><div style=\"padding-right:0px;padding-left:6px;\"><p>Im fr\u00fchen 17. Jh. errichtete er die Kirche des hl. Stefan hier auf dem Areal der Bartu\u010devi\u0107 in Dubovo Dolje.<\/p><\/div><\/div><div class='clear_column'><\/div><\/p>\n<hr \/>\n<p><strong>Linkovi \/ Links<\/strong><\/p>\n<p><span style=\"color: #3366ff;\"><a style=\"color: #3366ff;\" href=\"https:\/\/www.topohvar.at\/orte\/zr\/zr-tg-04-1\/\">Gra\u0111evina \/ Geb\u00e4ude \u00bbGrivi\u010di\u0107-Bartu\u010devi\u0107\u00ab<\/a><\/span><\/p>\n","protected":false},"excerpt":{"rendered":"<p>Ime \/ Name Crkvica \u00bbSv. Stjepana\u00ab \/ kleine Kirche zum hl. Stefan Code: ZR-CK-02\u00a0 \u00a0 \u00a0 \u00a0 \u00a0 \u00a0 \u00a0 \u00a0 \u00a0 \u00a0 \u00a0 \u00a0 \u00a0 \u00a0 \u00a0 \u00a0 \u00a0 \u00a0 \u00a0 \u00a0 \u00a0 Adresa \/ Adresse Zara\u010de, Dubovica (Dubova &hellip; <a href=\"https:\/\/www.topohvar.at\/topo\/orte\/zr\/zr-ck-02-1\/\">Weiterlesen <span class=\"meta-nav\">&rarr;<\/span><\/a><\/p>\n","protected":false},"author":1,"featured_media":0,"parent":117,"menu_order":0,"comment_status":"closed","ping_status":"closed","template":"","meta":{"footnotes":""},"class_list":["post-12358","page","type-page","status-publish","hentry"],"_links":{"self":[{"href":"https:\/\/www.topohvar.at\/topo\/wp-json\/wp\/v2\/pages\/12358","targetHints":{"allow":["GET"]}}],"collection":[{"href":"https:\/\/www.topohvar.at\/topo\/wp-json\/wp\/v2\/pages"}],"about":[{"href":"https:\/\/www.topohvar.at\/topo\/wp-json\/wp\/v2\/types\/page"}],"author":[{"embeddable":true,"href":"https:\/\/www.topohvar.at\/topo\/wp-json\/wp\/v2\/users\/1"}],"replies":[{"embeddable":true,"href":"https:\/\/www.topohvar.at\/topo\/wp-json\/wp\/v2\/comments?post=12358"}],"version-history":[{"count":7,"href":"https:\/\/www.topohvar.at\/topo\/wp-json\/wp\/v2\/pages\/12358\/revisions"}],"predecessor-version":[{"id":31675,"href":"https:\/\/www.topohvar.at\/topo\/wp-json\/wp\/v2\/pages\/12358\/revisions\/31675"}],"up":[{"embeddable":true,"href":"https:\/\/www.topohvar.at\/topo\/wp-json\/wp\/v2\/pages\/117"}],"wp:attachment":[{"href":"https:\/\/www.topohvar.at\/topo\/wp-json\/wp\/v2\/media?parent=12358"}],"curies":[{"name":"wp","href":"https:\/\/api.w.org\/{rel}","templated":true}]}}