{"id":12691,"date":"2018-10-06T16:00:24","date_gmt":"2018-10-06T14:00:24","guid":{"rendered":"https:\/\/www.topohvar.at\/?page_id=12691"},"modified":"2021-12-01T13:59:57","modified_gmt":"2021-12-01T12:59:57","slug":"op-ci-01-1","status":"publish","type":"page","link":"https:\/\/www.topohvar.at\/topo\/orte\/op\/op-ci-01-1\/","title":{"rendered":"PAKLENI OTOCI &#8211; Crkva \u00bbSv. Klementa\u00ab"},"content":{"rendered":"<p><a name=\"seite_oben\"><\/a><br \/>\n<strong><img loading=\"lazy\" decoding=\"async\" class=\"aligncenter size-full wp-image-31420\" src=\"https:\/\/www.topohvar.at\/wp-content\/uploads\/2020\/02\/op-ci-01-2.jpg\" alt=\"\" width=\"640\" height=\"315\" srcset=\"https:\/\/www.topohvar.at\/wp-content\/uploads\/2020\/02\/op-ci-01-2.jpg 640w, https:\/\/www.topohvar.at\/wp-content\/uploads\/2020\/02\/op-ci-01-2-300x148.jpg 300w\" sizes=\"auto, (max-width: 640px) 100vw, 640px\" \/><\/strong><\/p>\n<p><strong>Ime \/ Name<br \/>\n<\/strong>Crkva \u00bbSv. Klementa\u00ab \/ Kirche des hl. Klemens<\/p>\n<p><strong>Code: <\/strong>OP-CI-01\u00a0 \u00a0 \u00a0 \u00a0 \u00a0 \u00a0 \u00a0 \u00a0 \u00a0 \u00a0 \u00a0 \u00a0 \u00a0 \u00a0 \u00a0 \u00a0 \u00a0 \u00a0 \u00a0 \u00a0\u00a0<strong>\u00a0<a href=\"https:\/\/www.topohvar.at\/orte\/op\/\"><img loading=\"lazy\" decoding=\"async\" class=\"alignnone wp-image-535 size-full\" src=\"https:\/\/www.topohvar.at\/wp-content\/uploads\/2018\/07\/push-o-30.jpg\" alt=\"\" width=\"61\" height=\"30\" \/><\/a> <\/strong><\/p>\n<hr \/>\n<p><strong>Adresa \/ Adresse<br \/>\n<\/strong>Pakelni Arhipelag, Otok Sv. Klement, Vlaka<\/p>\n<p><strong>Lokacija <\/strong><strong>\/ Position<a href=\"https:\/\/goo.gl\/maps\/N3jhffVBgBT94dYw6\"><img loading=\"lazy\" decoding=\"async\" class=\"alignright wp-image-12743\" src=\"https:\/\/www.topohvar.at\/wp-content\/uploads\/2018\/10\/1354.jpg\" alt=\"\" width=\"132\" height=\"100\" \/><\/a><br \/>\n<\/strong><span style=\"color: #3366ff;\"><a style=\"color: #3366ff;\" href=\"https:\/\/goo.gl\/maps\/N3jhffVBgBT94dYw6\">Latitude: N 43,16588\u00b0\u00a0 \u00a0Longitude: E 16,36459\u00b0<\/a> <\/span><strong><br \/>\n<\/strong>Visina \/ H\u00f6he: 20 m<\/p>\n<p><strong>Katastarska \u010destica <\/strong><strong>\/ Grundst\u00fccke<br \/>\n<\/strong>*523 <div class='content-column one_half'><div style=\"padding-right:6px;\"><p><strong>Datum snimanja \/ Erfassungsdatum<br \/>\n<\/strong>01.01.2000 00:00:00<\/p>\n<hr \/>\n<p><strong>Informacije<\/strong><\/p>\n<p>Na Velikom otoku, kako se je u XV st.nazivao Sv.Klement, postojim kapela ovog sveca. Crkva sv. Klementa na istoimenom \u0161koju pred Hvarom tako\u0111er se spominje tek u Statutu iz 1331. g., no nije sa\u010duvana u izvornom obliku, nego tek u pregradnjama 16.-19. st.<\/p><\/div><\/div><div class='content-column one_half last_column'><div style=\"padding-right:0px;padding-left:6px;\"><p><strong>Stupanj za\u0161tite<\/strong><strong> \/ Schutzstellung<br \/>\n<\/strong>Z-6448, RST 403-1969, RST 877, P-1509<\/p>\n<hr \/>\n<p><strong>Info<\/strong><\/p>\n<p>Auf der Gro\u00dfen Insel, wie im 15. Jh. die Insel Sv. Klement genannt wurde, befindet sich die kleine Kirche des hl. Klemens. Die Kirche wird auch im Statut von 1331 erw\u00e4hnt. Sie ist aber nicht in ihrer urspr\u00fcnglichen Form, sondern nur in Umbauten des 16. und 19. Jahrhunderts erhalten.<\/p><\/div><\/div><div class='clear_column'><\/div><div class='content-column one_half'><div style=\"padding-right:6px;\"><p>Jednobrodna gra\u0111evina s pravokutnom apsidom, sagra\u0111ena u 16. stolje\u0107u. Od 16. stolje\u0107a, to\u010dnije 1539. g. dominikanci su na Svetom Klementu imali hospicij. Povezana je s dominkanskim hospicijem na otoku kojem je ujedno bila bogomolja. Uz isti hospicij je povezan i nastanak sela, a crkva je postala seoska crkva. Izvrstan oltar s palom koja prikazuje sv. Klementa i sv. Dominika od nepoznatog autora.<\/p><\/div><\/div><div class='content-column one_half last_column'><div style=\"padding-right:0px;padding-left:6px;\"><p>Das einschiffige Bauwerk mit rechteckiger Apsis stammt aus dem 16. Jahrhundert. Seit dem 16. Jahrhundert, genauer gesagt dem Jahr 1539 hatten die Dominikaner in St. Klement ein Hospiz. Die Kirche ist mit dem dominikanischen Hospiz auf einer Insel verbunden, die auch eine Kultst\u00e4tte war. Neben dem Hospiz entsteht auch eine Siedlung, sodass die Kirche zu einer Dorfkirche wird. Im Inneren steht ein ausgezeichneter Altar mit einem Altarbild, das von einem unbekannten K\u00fcnstler geschaffen wurde und die hl. Klemens und Dominik zeigt.<\/p><\/div><\/div><div class='clear_column'><\/div><div class='content-column one_half'><div style=\"padding-right:6px;\"><p>Crkva se naziva i sv. Klement, po crkvi posve\u0107enoj za\u0161titniku mornara (restaurirana u spomen Vi\u0161kog boja 1866. i potonu\u0107a fregate \u201eRadetzky\u201d 1869. U crkvi je nedavno postavljena vitrina s podacima o Vi\u0161koj bitci i tragediji austrijske fregate Radetzky kod Velog Vodnjoka, u kojoj je \u017eivot izgubilo 325 ljudi, od \u010dega 4 Hvaranina.<\/p><\/div><\/div><div class='content-column one_half last_column'><div style=\"padding-right:0px;padding-left:6px;\"><p>Die Kirche ist dem hl. Klement, dem Schutzpatron der Seefahrer gewidmet. Sie wurde 1869 restauriert in Erinnerung an die Schlacht von Vis (1866) und den Untergang der Fregatte \u201eRadetzky\u201c (1869). In der Kirche wurde vor kurzem eine Vitrine mit Informationen \u00fcber die Schlacht von Vis (Issa) im und die Trag\u00f6die der \u00f6sterreichischen Fregatte Radetzky bei Velog Vodnjoka aufgestellt, bei der 325 Menschen starben und von denen 4 aus Hvar waren.<\/p><\/div><\/div><div class='clear_column'><\/div><div class='content-column one_half'><div style=\"padding-right:6px;\"><p>Unutra\u0161njost crkvice je i nadalje u \u017ealosnom stanju, unato\u010d nedavnoj obnovi i stalnim nastojanjima da se odgovorni natjeraju da isprave pogre\u0161ke u\u010dinjene pri obnovi (2011).<\/p><\/div><\/div><div class='content-column one_half last_column'><div style=\"padding-right:0px;padding-left:6px;\"><p>Das Innere der Kirche ist immer noch in einem traurigen Zustand, trotz des j\u00fcngsten Wiederaufbaus und st\u00e4ndiger Bem\u00fchungen, die Verantwortlichen f\u00fcr die Korrektur der beim Wiederaufbau entstandenen Fehler verantwortlich zu machen (2011).<\/p><\/div><\/div><div class='clear_column'><\/div><div class='content-column one_half'><div style=\"padding-right:6px;\"><p>Registar kulturnih dobara Republike Hrvatske br. 01\/2015.<br \/>\nDatum tiskanog izdanja: 22.1.2015.<br \/>\nBroj registra Z-6448<\/p><\/div><\/div><div class='content-column one_half last_column'><div style=\"padding-right:0px;padding-left:6px;\"><p>Register der Kulturg\u00fcter der Republik Kroatien Nr. 01\/2015<br \/>\nVer\u00f6ffentlichungsdatum: 22.1.2015.<br \/>\nRegistriernummer Z-6448<\/p><\/div><\/div><div class='clear_column'><\/div><\/p>\n<hr \/>\n<div class='content-column one_half'><div style=\"padding-right:6px;\"><p>Ako \u017eelite do\u017eivjeti ljepote Vlake, preporu\u010dujemo posjet tradicionalnom lokalnom festivalu na praznik svetog Klementa, za\u0161titnika otoka, koji se odr\u017eava posljednje nedjelje u srpnju.<\/p><\/div><\/div><div class='content-column one_half last_column'><div style=\"padding-right:0px;padding-left:6px;\"><p>Falls Sie die Sch\u00f6nheit von Vlaka erleben m\u00f6chten, so empfehlen wir den Besuch des traditionellen einheimischen Festes am Feiertag des Hl. Klement, dem Schutzpatron der Insel, welches am letzten Sonntag im Juli stattfindet.<\/p><\/div><\/div><div class='clear_column'><\/div><\/p>\n<div id=\"attachment_40684\" style=\"width: 380px\" class=\"wp-caption aligncenter\"><img loading=\"lazy\" decoding=\"async\" aria-describedby=\"caption-attachment-40684\" class=\"wp-image-40684 size-full\" src=\"https:\/\/www.topohvar.at\/wp-content\/uploads\/2020\/08\/op-ci-01-3.jpg\" alt=\"\" width=\"370\" height=\"247\" srcset=\"https:\/\/www.topohvar.at\/wp-content\/uploads\/2020\/08\/op-ci-01-3.jpg 370w, https:\/\/www.topohvar.at\/wp-content\/uploads\/2020\/08\/op-ci-01-3-300x200.jpg 300w\" sizes=\"auto, (max-width: 370px) 100vw, 370px\" \/><p id=\"caption-attachment-40684\" class=\"wp-caption-text\">(Slika \/ Bild: https:\/\/pakleniotoci.eu)<\/p><\/div>\n<p style=\"text-align: right;\"><span style=\"color: #3366ff;\"><a style=\"color: #3366ff;\" href=\"#seite_oben\">natrag na vrh \/ Seitenanfang<\/a><\/span><\/p>\n<hr \/>\n<div class='content-column one_half'><div style=\"padding-right:6px;\"><p><strong>Sveti Klement<\/strong><\/p>\n<p>Sveti Klement I. (latinski Clemens Romanus), je bio \u010detvrti papa i tre\u0107i nasljednik svetog Petra, nakon Lina i Anakleta. Ro\u0111enjem Rimljanin, podrijetlom je bio \u017didov iz dijaspore, a kulturom Helen. Po tradiciji u\u010denik apostola Petra i Pavla, vladao je od 92. do 101. (po nekima od 88. do 99). Umro je u progonstvu, vjerojatno u Kersonezu (tada Taurica, danas poluotok Krim). Ubrajaju ga u apostolske oce, po tradiciji neposredne u\u010denike apostola i autore crkvenih spisa iz I. i II. stolje\u0107a.<\/p><\/div><\/div><div class='content-column one_half last_column'><div style=\"padding-right:0px;padding-left:6px;\"><p><strong>Der hl. Klemens<\/strong><\/p>\n<p>Der hl. Klemens I. (lateinisch Clemens Romanus) war der vierte Papst und der dritte Nachfolger des heiligen Petrus nach Lina und Anaklet. Als R\u00f6mer geboren war er urspr\u00fcnglich ein Jude aus der Diaspora und kulturell Hellenist. Nach der Tradition war er ein Sch\u00fcler der Apostel Petrus und Paulus von 92 bis 101 (einige von 88 bis 99). Er starb im Exil, wahrscheinlich in Kersonez (damals Taurica, heute Krim-Halbinsel). Er z\u00e4hlt zu den apostolischen V\u00e4tern, nach der Tradition als unmittelbaren J\u00fcnger der Apostel und Autor kirchlicher Schriften des I und II. Jahrhunderts.<\/p><\/div><\/div><div class='clear_column'><\/div><div class='content-column one_half'><div style=\"padding-right:6px;\"><p>Po kasnijim legendama od IV. stolje\u0107a \u0161tovan je kao mu\u010denik, umoren za vrijeme Trajanovih progona. Po tim legendama radio je u kamenolomu i na \u010dudesan na\u010din pribavio \u017eednim zatvorenicima vodu. Obratio je na kr\u0161\u0107anstvo mnoge pogane te je zbog toga privezan za sidro i s jednog broda ba\u010den u Crno more. Njegovo tijelo sa sidrom prona\u0161li su u IX. stolje\u0107u na Crnom moru sveti \u0106iril i Metod i donijeli u Rim, gdje danas po\u010diva u bazilici svetog Klementa.<\/p><\/div><\/div><div class='content-column one_half last_column'><div style=\"padding-right:0px;padding-left:6px;\"><p>Nach einer sp\u00e4teren Legende aus dem 4. Jh. wird er als M\u00e4rtyrer verehrt, m\u00fcde von Trajans Verfolgung. Nach dieser Legende arbeitete er in einem Steinbruch und brachte auf wundersame Weise Wasser zu den durstigen Gefangenen. Er hat viele Heiden zum Christentum bekehrt und ist daf\u00fcr, an einem Anker gebunden vom Schiff aus ins Schwarze Meer geworfen worden. Sein K\u00f6rper mit dem Anker wurde im 9. Jh. gefunden. Die Heiligen Cyril und Method brachten ihn nach Rom, wo er heute in der Basilika St. Clement aufbewahrt wird.<\/p><\/div><\/div><div class='clear_column'><\/div><div class='content-column one_half'><div style=\"padding-right:6px;\"><p>Za\u0161titnik je la\u0111ara, mornara, klesara, kamenorezaca, vodara, bolesne djece i mnogih naselja, \u017eupa, crkava i kapela po cijelom svijetu i u hrvatskim krajevima (Kelemen kraj Jal\u017eabeta, Klimno na Krku, Ka\u0161tel Su\u0107urac, Sitno Gornje kod Splita, Pra\u017enica na Bra\u010du, Hrtkovci kod Rume, najve\u0107i otok u skupini srednjedalmatinskih Paklenih otoka).<\/p><\/div><\/div><div class='content-column one_half last_column'><div style=\"padding-right:0px;padding-left:6px;\"><p>Er ist Schutzherr der Reeder, Seefahrer, Steinmetze, Steinbildhauer und Wassertr\u00e4ger, der kranken Kinder, vieler Orte, Pfarren, Kirchen und Kapellen auf der ganzen Welt und in Kroatien (Kelemen bei Jal\u017eabeta, Klimno auf Krk, Ka\u0161tel Su\u0107urac, Sitno Gornje bei Split, Hrtkovci in der N\u00e4he von Ruma und der gr\u00f6\u00dften Insel des Pakleni-Archipels).<\/p><\/div><\/div><div class='clear_column'><\/div><\/p>\n<p style=\"text-align: right;\"><span style=\"color: #3366ff;\"><a style=\"color: #3366ff;\" href=\"#seite_oben\">natrag na vrh \/ Seitenanfang<\/a><\/span><\/p>\n<hr \/>\n<p><strong>Linkovi \/ Links<\/strong><\/p>\n<p>&#8211;<\/p>\n","protected":false},"excerpt":{"rendered":"<p>Ime \/ Name Crkva \u00bbSv. Klementa\u00ab \/ Kirche des hl. Klemens Code: OP-CI-01\u00a0 \u00a0 \u00a0 \u00a0 \u00a0 \u00a0 \u00a0 \u00a0 \u00a0 \u00a0 \u00a0 \u00a0 \u00a0 \u00a0 \u00a0 \u00a0 \u00a0 \u00a0 \u00a0 \u00a0\u00a0\u00a0 Adresa \/ Adresse Pakelni Arhipelag, Otok Sv. Klement, &hellip; <a href=\"https:\/\/www.topohvar.at\/topo\/orte\/op\/op-ci-01-1\/\">Weiterlesen <span class=\"meta-nav\">&rarr;<\/span><\/a><\/p>\n","protected":false},"author":1,"featured_media":0,"parent":123,"menu_order":0,"comment_status":"closed","ping_status":"closed","template":"","meta":{"footnotes":""},"class_list":["post-12691","page","type-page","status-publish","hentry"],"_links":{"self":[{"href":"https:\/\/www.topohvar.at\/topo\/wp-json\/wp\/v2\/pages\/12691","targetHints":{"allow":["GET"]}}],"collection":[{"href":"https:\/\/www.topohvar.at\/topo\/wp-json\/wp\/v2\/pages"}],"about":[{"href":"https:\/\/www.topohvar.at\/topo\/wp-json\/wp\/v2\/types\/page"}],"author":[{"embeddable":true,"href":"https:\/\/www.topohvar.at\/topo\/wp-json\/wp\/v2\/users\/1"}],"replies":[{"embeddable":true,"href":"https:\/\/www.topohvar.at\/topo\/wp-json\/wp\/v2\/comments?post=12691"}],"version-history":[{"count":16,"href":"https:\/\/www.topohvar.at\/topo\/wp-json\/wp\/v2\/pages\/12691\/revisions"}],"predecessor-version":[{"id":54121,"href":"https:\/\/www.topohvar.at\/topo\/wp-json\/wp\/v2\/pages\/12691\/revisions\/54121"}],"up":[{"embeddable":true,"href":"https:\/\/www.topohvar.at\/topo\/wp-json\/wp\/v2\/pages\/123"}],"wp:attachment":[{"href":"https:\/\/www.topohvar.at\/topo\/wp-json\/wp\/v2\/media?parent=12691"}],"curies":[{"name":"wp","href":"https:\/\/api.w.org\/{rel}","templated":true}]}}

<p><a name="seite_oben"></a><br />
<strong><img loading="lazy" decoding="async" class="aligncenter size-full wp-image-31420" src="https://www.topohvar.at/wp-content/uploads/2020/02/op-ci-01-2.jpg" alt="" width="640" height="315" srcset="https://www.topohvar.at/wp-content/uploads/2020/02/op-ci-01-2.jpg 640w, https://www.topohvar.at/wp-content/uploads/2020/02/op-ci-01-2-300x148.jpg 300w" sizes="auto, (max-width: 640px) 100vw, 640px" /></strong></p>
<p><strong>Ime / Name<br />
</strong>Crkva »Sv. Klementa« / Kirche des hl. Klemens</p>
<p><strong>Code: </strong>OP-CI-01                                        <strong> <a href="https://www.topohvar.at/orte/op/"><img loading="lazy" decoding="async" class="alignnone wp-image-535 size-full" src="https://www.topohvar.at/wp-content/uploads/2018/07/push-o-30.jpg" alt="" width="61" height="30" /></a> </strong></p>
<hr />
<p><strong>Adresa / Adresse<br />
</strong>Pakelni Arhipelag, Otok Sv. Klement, Vlaka</p>
<p><strong>Lokacija </strong><strong>/ Position<a href="https://goo.gl/maps/N3jhffVBgBT94dYw6"><img loading="lazy" decoding="async" class="alignright wp-image-12743" src="https://www.topohvar.at/wp-content/uploads/2018/10/1354.jpg" alt="" width="132" height="100" /></a><br />
</strong><span style="color: #3366ff;"><a style="color: #3366ff;" href="https://goo.gl/maps/N3jhffVBgBT94dYw6">Latitude: N 43,16588°   Longitude: E 16,36459°</a> </span><strong><br />
</strong>Visina / Höhe: 20 m</p>
<p><strong>Katastarska čestica </strong><strong>/ Grundstücke<br />
</strong>*523 <div class='content-column one_half'><div style="padding-right:6px;"><p><strong>Datum snimanja / Erfassungsdatum<br />
</strong>01.01.2000 00:00:00</p>
<hr />
<p><strong>Informacije</strong></p>
<p>Na Velikom otoku, kako se je u XV st.nazivao Sv.Klement, postojim kapela ovog sveca. Crkva sv. Klementa na istoimenom škoju pred Hvarom također se spominje tek u Statutu iz 1331. g., no nije sačuvana u izvornom obliku, nego tek u pregradnjama 16.-19. st.</p></div></div><div class='content-column one_half last_column'><div style="padding-right:0px;padding-left:6px;"><p><strong>Stupanj zaštite</strong><strong> / Schutzstellung<br />
</strong>Z-6448, RST 403-1969, RST 877, P-1509</p>
<hr />
<p><strong>Info</strong></p>
<p>Auf der Großen Insel, wie im 15. Jh. die Insel Sv. Klement genannt wurde, befindet sich die kleine Kirche des hl. Klemens. Die Kirche wird auch im Statut von 1331 erwähnt. Sie ist aber nicht in ihrer ursprünglichen Form, sondern nur in Umbauten des 16. und 19. Jahrhunderts erhalten.</p></div></div><div class='clear_column'></div><div class='content-column one_half'><div style="padding-right:6px;"><p>Jednobrodna građevina s pravokutnom apsidom, sagrađena u 16. stoljeću. Od 16. stoljeća, točnije 1539. g. dominikanci su na Svetom Klementu imali hospicij. Povezana je s dominkanskim hospicijem na otoku kojem je ujedno bila bogomolja. Uz isti hospicij je povezan i nastanak sela, a crkva je postala seoska crkva. Izvrstan oltar s palom koja prikazuje sv. Klementa i sv. Dominika od nepoznatog autora.</p></div></div><div class='content-column one_half last_column'><div style="padding-right:0px;padding-left:6px;"><p>Das einschiffige Bauwerk mit rechteckiger Apsis stammt aus dem 16. Jahrhundert. Seit dem 16. Jahrhundert, genauer gesagt dem Jahr 1539 hatten die Dominikaner in St. Klement ein Hospiz. Die Kirche ist mit dem dominikanischen Hospiz auf einer Insel verbunden, die auch eine Kultstätte war. Neben dem Hospiz entsteht auch eine Siedlung, sodass die Kirche zu einer Dorfkirche wird. Im Inneren steht ein ausgezeichneter Altar mit einem Altarbild, das von einem unbekannten Künstler geschaffen wurde und die hl. Klemens und Dominik zeigt.</p></div></div><div class='clear_column'></div><div class='content-column one_half'><div style="padding-right:6px;"><p>Crkva se naziva i sv. Klement, po crkvi posvećenoj zaštitniku mornara (restaurirana u spomen Viškog boja 1866. i potonuća fregate „Radetzky” 1869. U crkvi je nedavno postavljena vitrina s podacima o Viškoj bitci i tragediji austrijske fregate Radetzky kod Velog Vodnjoka, u kojoj je život izgubilo 325 ljudi, od čega 4 Hvaranina.</p></div></div><div class='content-column one_half last_column'><div style="padding-right:0px;padding-left:6px;"><p>Die Kirche ist dem hl. Klement, dem Schutzpatron der Seefahrer gewidmet. Sie wurde 1869 restauriert in Erinnerung an die Schlacht von Vis (1866) und den Untergang der Fregatte „Radetzky“ (1869). In der Kirche wurde vor kurzem eine Vitrine mit Informationen über die Schlacht von Vis (Issa) im und die Tragödie der österreichischen Fregatte Radetzky bei Velog Vodnjoka aufgestellt, bei der 325 Menschen starben und von denen 4 aus Hvar waren.</p></div></div><div class='clear_column'></div><div class='content-column one_half'><div style="padding-right:6px;"><p>Unutrašnjost crkvice je i nadalje u žalosnom stanju, unatoč nedavnoj obnovi i stalnim nastojanjima da se odgovorni natjeraju da isprave pogreške učinjene pri obnovi (2011).</p></div></div><div class='content-column one_half last_column'><div style="padding-right:0px;padding-left:6px;"><p>Das Innere der Kirche ist immer noch in einem traurigen Zustand, trotz des jüngsten Wiederaufbaus und ständiger Bemühungen, die Verantwortlichen für die Korrektur der beim Wiederaufbau entstandenen Fehler verantwortlich zu machen (2011).</p></div></div><div class='clear_column'></div><div class='content-column one_half'><div style="padding-right:6px;"><p>Registar kulturnih dobara Republike Hrvatske br. 01/2015.<br />
Datum tiskanog izdanja: 22.1.2015.<br />
Broj registra Z-6448</p></div></div><div class='content-column one_half last_column'><div style="padding-right:0px;padding-left:6px;"><p>Register der Kulturgüter der Republik Kroatien Nr. 01/2015<br />
Veröffentlichungsdatum: 22.1.2015.<br />
Registriernummer Z-6448</p></div></div><div class='clear_column'></div></p>
<hr />
<div class='content-column one_half'><div style="padding-right:6px;"><p>Ako želite doživjeti ljepote Vlake, preporučujemo posjet tradicionalnom lokalnom festivalu na praznik svetog Klementa, zaštitnika otoka, koji se održava posljednje nedjelje u srpnju.</p></div></div><div class='content-column one_half last_column'><div style="padding-right:0px;padding-left:6px;"><p>Falls Sie die Schönheit von Vlaka erleben möchten, so empfehlen wir den Besuch des traditionellen einheimischen Festes am Feiertag des Hl. Klement, dem Schutzpatron der Insel, welches am letzten Sonntag im Juli stattfindet.</p></div></div><div class='clear_column'></div></p>
<div id="attachment_40684" style="width: 380px" class="wp-caption aligncenter"><img loading="lazy" decoding="async" aria-describedby="caption-attachment-40684" class="wp-image-40684 size-full" src="https://www.topohvar.at/wp-content/uploads/2020/08/op-ci-01-3.jpg" alt="" width="370" height="247" srcset="https://www.topohvar.at/wp-content/uploads/2020/08/op-ci-01-3.jpg 370w, https://www.topohvar.at/wp-content/uploads/2020/08/op-ci-01-3-300x200.jpg 300w" sizes="auto, (max-width: 370px) 100vw, 370px" /><p id="caption-attachment-40684" class="wp-caption-text">(Slika / Bild: https://pakleniotoci.eu)</p></div>
<p style="text-align: right;"><span style="color: #3366ff;"><a style="color: #3366ff;" href="#seite_oben">natrag na vrh / Seitenanfang</a></span></p>
<hr />
<div class='content-column one_half'><div style="padding-right:6px;"><p><strong>Sveti Klement</strong></p>
<p>Sveti Klement I. (latinski Clemens Romanus), je bio četvrti papa i treći nasljednik svetog Petra, nakon Lina i Anakleta. Rođenjem Rimljanin, podrijetlom je bio Židov iz dijaspore, a kulturom Helen. Po tradiciji učenik apostola Petra i Pavla, vladao je od 92. do 101. (po nekima od 88. do 99). Umro je u progonstvu, vjerojatno u Kersonezu (tada Taurica, danas poluotok Krim). Ubrajaju ga u apostolske oce, po tradiciji neposredne učenike apostola i autore crkvenih spisa iz I. i II. stoljeća.</p></div></div><div class='content-column one_half last_column'><div style="padding-right:0px;padding-left:6px;"><p><strong>Der hl. Klemens</strong></p>
<p>Der hl. Klemens I. (lateinisch Clemens Romanus) war der vierte Papst und der dritte Nachfolger des heiligen Petrus nach Lina und Anaklet. Als Römer geboren war er ursprünglich ein Jude aus der Diaspora und kulturell Hellenist. Nach der Tradition war er ein Schüler der Apostel Petrus und Paulus von 92 bis 101 (einige von 88 bis 99). Er starb im Exil, wahrscheinlich in Kersonez (damals Taurica, heute Krim-Halbinsel). Er zählt zu den apostolischen Vätern, nach der Tradition als unmittelbaren Jünger der Apostel und Autor kirchlicher Schriften des I und II. Jahrhunderts.</p></div></div><div class='clear_column'></div><div class='content-column one_half'><div style="padding-right:6px;"><p>Po kasnijim legendama od IV. stoljeća štovan je kao mučenik, umoren za vrijeme Trajanovih progona. Po tim legendama radio je u kamenolomu i na čudesan način pribavio žednim zatvorenicima vodu. Obratio je na kršćanstvo mnoge pogane te je zbog toga privezan za sidro i s jednog broda bačen u Crno more. Njegovo tijelo sa sidrom pronašli su u IX. stoljeću na Crnom moru sveti Ćiril i Metod i donijeli u Rim, gdje danas počiva u bazilici svetog Klementa.</p></div></div><div class='content-column one_half last_column'><div style="padding-right:0px;padding-left:6px;"><p>Nach einer späteren Legende aus dem 4. Jh. wird er als Märtyrer verehrt, müde von Trajans Verfolgung. Nach dieser Legende arbeitete er in einem Steinbruch und brachte auf wundersame Weise Wasser zu den durstigen Gefangenen. Er hat viele Heiden zum Christentum bekehrt und ist dafür, an einem Anker gebunden vom Schiff aus ins Schwarze Meer geworfen worden. Sein Körper mit dem Anker wurde im 9. Jh. gefunden. Die Heiligen Cyril und Method brachten ihn nach Rom, wo er heute in der Basilika St. Clement aufbewahrt wird.</p></div></div><div class='clear_column'></div><div class='content-column one_half'><div style="padding-right:6px;"><p>Zaštitnik je lađara, mornara, klesara, kamenorezaca, vodara, bolesne djece i mnogih naselja, župa, crkava i kapela po cijelom svijetu i u hrvatskim krajevima (Kelemen kraj Jalžabeta, Klimno na Krku, Kaštel Sućurac, Sitno Gornje kod Splita, Pražnica na Braču, Hrtkovci kod Rume, najveći otok u skupini srednjedalmatinskih Paklenih otoka).</p></div></div><div class='content-column one_half last_column'><div style="padding-right:0px;padding-left:6px;"><p>Er ist Schutzherr der Reeder, Seefahrer, Steinmetze, Steinbildhauer und Wasserträger, der kranken Kinder, vieler Orte, Pfarren, Kirchen und Kapellen auf der ganzen Welt und in Kroatien (Kelemen bei Jalžabeta, Klimno auf Krk, Kaštel Sućurac, Sitno Gornje bei Split, Hrtkovci in der Nähe von Ruma und der größten Insel des Pakleni-Archipels).</p></div></div><div class='clear_column'></div></p>
<p style="text-align: right;"><span style="color: #3366ff;"><a style="color: #3366ff;" href="#seite_oben">natrag na vrh / Seitenanfang</a></span></p>
<hr />
<p><strong>Linkovi / Links</strong></p>
<p>&#8211;</p>
