{"id":12822,"date":"2018-10-07T08:41:14","date_gmt":"2018-10-07T06:41:14","guid":{"rendered":"https:\/\/www.topohvar.at\/?page_id=12822"},"modified":"2021-12-01T14:07:25","modified_gmt":"2021-12-01T13:07:25","slug":"op-os-04-1","status":"publish","type":"page","link":"https:\/\/www.topohvar.at\/topo\/orte\/op\/op-os-04-1\/","title":{"rendered":"OTOK GALI\u0160NIK &#8211; Objekt \u00bbSvjetionik Gali\u0161nik\u00ab"},"content":{"rendered":"<p><a name=\"seite_oben\"><\/a><br \/>\n<img loading=\"lazy\" decoding=\"async\" class=\"alignnone wp-image-12816 size-large\" src=\"https:\/\/www.topohvar.at\/wp-content\/uploads\/2018\/10\/og-os-01-0-1024x503.jpg\" alt=\"\" width=\"640\" height=\"314\" srcset=\"https:\/\/www.topohvar.at\/wp-content\/uploads\/2018\/10\/og-os-01-0-1024x503.jpg 1024w, https:\/\/www.topohvar.at\/wp-content\/uploads\/2018\/10\/og-os-01-0-300x147.jpg 300w, https:\/\/www.topohvar.at\/wp-content\/uploads\/2018\/10\/og-os-01-0-768x377.jpg 768w, https:\/\/www.topohvar.at\/wp-content\/uploads\/2018\/10\/og-os-01-0.jpg 1080w\" sizes=\"auto, (max-width: 640px) 100vw, 640px\" \/><\/p>\n<p><strong>Ime \/ Name<br \/>\n<\/strong>Svjetionik \/ Leuchtturm \u00bbGali\u0161nik\u00ab<\/p>\n<p><strong>Code: <\/strong>OP-OS-04\u00a0 \u00a0 \u00a0 \u00a0 \u00a0 \u00a0 \u00a0 \u00a0 \u00a0 \u00a0 \u00a0 \u00a0 \u00a0 \u00a0 \u00a0 \u00a0\u00a0<strong>\u00a0<a href=\"https:\/\/www.topohvar.at\/orte\/op\/op-op-01-1\/\"><img loading=\"lazy\" decoding=\"async\" class=\"alignnone wp-image-12300 size-full\" src=\"https:\/\/www.topohvar.at\/wp-content\/uploads\/2018\/09\/push-vor-30.jpg\" alt=\"\" width=\"61\" height=\"30\" \/><\/a><\/strong> <strong> <a href=\"https:\/\/www.topohvar.at\/orte\/op\/op-os-03\/\"><img loading=\"lazy\" decoding=\"async\" class=\"alignnone wp-image-533 size-full\" src=\"https:\/\/www.topohvar.at\/wp-content\/uploads\/2018\/07\/push-l-30.jpg\" alt=\"\" width=\"61\" height=\"30\" \/><\/a> <a href=\"https:\/\/www.topohvar.at\/orte\/op\/\"><img loading=\"lazy\" decoding=\"async\" class=\"alignnone wp-image-535 size-full\" src=\"https:\/\/www.topohvar.at\/wp-content\/uploads\/2018\/07\/push-o-30.jpg\" alt=\"\" width=\"61\" height=\"30\" \/><\/a> <a href=\"https:\/\/www.topohvar.at\/orte\/op\/op-os-05-1\/\"><img loading=\"lazy\" decoding=\"async\" class=\"alignnone wp-image-536 size-full\" src=\"https:\/\/www.topohvar.at\/wp-content\/uploads\/2018\/07\/push-r-30.jpg\" alt=\"\" width=\"61\" height=\"30\" \/><\/a> <a href=\"https:\/\/www.topohvar.at\/orte\/op\/op-ov-01-1\/\"><img loading=\"lazy\" decoding=\"async\" class=\"alignnone wp-image-12299 size-full\" src=\"https:\/\/www.topohvar.at\/wp-content\/uploads\/2018\/09\/push-next-30.jpg\" alt=\"\" width=\"61\" height=\"30\" \/><\/a> <\/strong><\/p>\n<hr \/>\n<p><strong>Adresa \/ Adresse<br \/>\n<\/strong>Oto\u010di\u0107 Gali\u0161nik<\/p>\n<p><strong>Lokacija \/ Position<a href=\"https:\/\/goo.gl\/maps\/xNKUg632Y4zA6cLLA\"><img loading=\"lazy\" decoding=\"async\" class=\"alignright wp-image-12835\" src=\"https:\/\/www.topohvar.at\/wp-content\/uploads\/2018\/10\/1448.jpg\" alt=\"\" width=\"134\" height=\"100\" \/><\/a><br \/>\n<\/strong><span style=\"color: #3366ff;\"><a style=\"color: #3366ff;\" href=\"https:\/\/goo.gl\/maps\/xNKUg632Y4zA6cLLA\">Latitude: N 43,16537\u00b0\u00a0 \u00a0Longitude: E 16,43834\u00b0<\/a> <\/span><strong><br \/>\n<\/strong>Visina \/ H\u00f6he: 1 m<\/p>\n<p><strong>Katastarska \u010destica <\/strong><strong>\/ Grundst\u00fccke<br \/>\n<\/strong>3910 <div class='content-column one_half'><div style=\"padding-right:6px;\"><p><strong>Datum snimanja \/ Erfassungsdatum<br \/>\n<\/strong>28.02.2017 09:08:00<\/p>\n<hr \/>\n<p><strong>Informacije<\/strong><\/p>\n<p>Kamena kula pripada tipologiji austrijskih svjetionika u Dalmaciji s kraja 19. stolje\u0107a. Svjetionik s oznakom E3406 nalazi se na jugozapadnoj strani otoka Gali\u0161nika ispred luke Hvar. Pravokutna kamena kula visoka je 6 m. Svjetlo svjetionika nalazi se na visini od 11 m nadmorske visine. Svake 3 s pojavljuje se zelena bljeskalica. Svjetlo je vidljivo udaljeno 5NM. Identifikator svjetionika je Z Bl 3s 11m 5M. Svjetionici E34036 i ID618.<\/p><\/div><\/div><div class='content-column one_half last_column'><div style=\"padding-right:0px;padding-left:6px;\"><p><strong>Stupanj za\u0161tite<\/strong><strong> \/ Schutzstellung<br \/>\n<\/strong>&#8211;<\/p>\n<hr \/>\n<p><strong>Info<\/strong><\/p>\n<p>Der steinerne Turm geh\u00f6rt zur Typologie der \u00f6sterreichischen Leuchtt\u00fcrme in Dalmatien aus dem Ende des 19. Jahrhundert. Der mit E3406 gekennzeichnete Leuchtturm befindet sich auf der S\u00fcdwestseite der Insel Gali\u0161nik vor dem Hafen von Hvar. Der rechteckige Steinturm ist 6 m hoch. Das Leuchtturmlicht befindet sich auf einer H\u00f6he von 11 m \u00fcber dem Meeresspiegel. Es gibt alle 3 s einen gr\u00fcnen Blitz ab. Das Licht ist 5NM entfernt sichtbar. Die Kennung des Leuchtturms ist Z Bl 3s 11m 5M. Leuchtturmcodes E34036 und ID618.<\/p><\/div><\/div><div class='clear_column'><\/div><\/p>\n<p style=\"text-align: right;\"><span style=\"color: #3366ff;\"><a style=\"color: #3366ff;\" href=\"#seite_oben\">natrag na vrh \/ Seitenanfang<\/a><\/span><\/p>\n<hr \/>\n<p><strong>Linkovi \/ Links<\/strong><\/p>\n<p><span style=\"color: #3366ff;\"><a style=\"color: #3366ff;\" href=\"https:\/\/www.topohvar.at\/topo\/orte\/op\/op-td-01-1\/\">Biv\u0161a tvr\u0111ava \u00bbBaterija Gale\u0161nik\u00ab (Gali\u0161nik) \/ Ehemalige Festung \u00bbBatterie Gale\u0161nik\u00ab (Gali\u0161nik)<\/a><\/span><\/p>\n","protected":false},"excerpt":{"rendered":"<p>Ime \/ Name Svjetionik \/ Leuchtturm \u00bbGali\u0161nik\u00ab Code: OP-OS-04\u00a0 \u00a0 \u00a0 \u00a0 \u00a0 \u00a0 \u00a0 \u00a0 \u00a0 \u00a0 \u00a0 \u00a0 \u00a0 \u00a0 \u00a0 \u00a0\u00a0\u00a0 Adresa \/ Adresse Oto\u010di\u0107 Gali\u0161nik Lokacija \/ Position Latitude: N 43,16537\u00b0\u00a0 \u00a0Longitude: E 16,43834\u00b0 Visina \/ &hellip; <a href=\"https:\/\/www.topohvar.at\/topo\/orte\/op\/op-os-04-1\/\">Weiterlesen <span class=\"meta-nav\">&rarr;<\/span><\/a><\/p>\n","protected":false},"author":1,"featured_media":0,"parent":123,"menu_order":0,"comment_status":"closed","ping_status":"closed","template":"","meta":{"footnotes":""},"class_list":["post-12822","page","type-page","status-publish","hentry"],"_links":{"self":[{"href":"https:\/\/www.topohvar.at\/topo\/wp-json\/wp\/v2\/pages\/12822","targetHints":{"allow":["GET"]}}],"collection":[{"href":"https:\/\/www.topohvar.at\/topo\/wp-json\/wp\/v2\/pages"}],"about":[{"href":"https:\/\/www.topohvar.at\/topo\/wp-json\/wp\/v2\/types\/page"}],"author":[{"embeddable":true,"href":"https:\/\/www.topohvar.at\/topo\/wp-json\/wp\/v2\/users\/1"}],"replies":[{"embeddable":true,"href":"https:\/\/www.topohvar.at\/topo\/wp-json\/wp\/v2\/comments?post=12822"}],"version-history":[{"count":13,"href":"https:\/\/www.topohvar.at\/topo\/wp-json\/wp\/v2\/pages\/12822\/revisions"}],"predecessor-version":[{"id":54130,"href":"https:\/\/www.topohvar.at\/topo\/wp-json\/wp\/v2\/pages\/12822\/revisions\/54130"}],"up":[{"embeddable":true,"href":"https:\/\/www.topohvar.at\/topo\/wp-json\/wp\/v2\/pages\/123"}],"wp:attachment":[{"href":"https:\/\/www.topohvar.at\/topo\/wp-json\/wp\/v2\/media?parent=12822"}],"curies":[{"name":"wp","href":"https:\/\/api.w.org\/{rel}","templated":true}]}}