{"id":12841,"date":"2018-10-07T13:00:40","date_gmt":"2018-10-07T11:00:40","guid":{"rendered":"https:\/\/www.topohvar.at\/?page_id=12841"},"modified":"2022-07-25T18:01:57","modified_gmt":"2022-07-25T16:01:57","slug":"od-ao-01-1","status":"publish","type":"page","link":"https:\/\/www.topohvar.at\/topo\/orte\/od\/od-ao-01-1\/","title":{"rendered":"OTO\u010cI\u0106 DUGA"},"content":{"rendered":"<p><a name=\"seite_oben\"><\/a><br \/>\n<img loading=\"lazy\" decoding=\"async\" class=\"alignnone wp-image-35728 size-full\" src=\"https:\/\/www.topohvar.at\/wp-content\/uploads\/2020\/04\/od-ao-01-1.jpg\" alt=\"\" width=\"1080\" height=\"530\" srcset=\"https:\/\/www.topohvar.at\/wp-content\/uploads\/2020\/04\/od-ao-01-1.jpg 1080w, https:\/\/www.topohvar.at\/wp-content\/uploads\/2020\/04\/od-ao-01-1-300x147.jpg 300w, https:\/\/www.topohvar.at\/wp-content\/uploads\/2020\/04\/od-ao-01-1-1024x503.jpg 1024w, https:\/\/www.topohvar.at\/wp-content\/uploads\/2020\/04\/od-ao-01-1-768x377.jpg 768w\" sizes=\"auto, (max-width: 1080px) 100vw, 1080px\" \/><\/p>\n<p><strong>Ime \/ Name<br \/>\n<\/strong>Oto\u010di\u0107 Duga<\/p>\n<p><strong>Code: <\/strong>OD-AO-01\u00a0 \u00a0 \u00a0 \u00a0 \u00a0 \u00a0 \u00a0 \u00a0 \u00a0 \u00a0 \u00a0 \u00a0 \u00a0 \u00a0 \u00a0 \u00a0 \u00a0 \u00a0 <strong>\u00a0<\/strong> <strong> <a href=\"https:\/\/www.topohvar.at\/orte\/od\/\"><img loading=\"lazy\" decoding=\"async\" class=\"alignnone wp-image-535 size-full\" src=\"https:\/\/www.topohvar.at\/wp-content\/uploads\/2018\/07\/push-o-30.jpg\" alt=\"\" width=\"61\" height=\"30\" \/><\/a> <\/strong><\/p>\n<hr \/>\n<p><strong>Adresa \/ Adresse<br \/>\n<\/strong>Oto\u010di\u0107 Duga<\/p>\n<p><strong>Lokacija \/ Position<a href=\"https:\/\/goo.gl\/maps\/RpqJvDeqWYbP88Q67\"><img loading=\"lazy\" decoding=\"async\" class=\"alignright wp-image-35729\" src=\"https:\/\/www.topohvar.at\/wp-content\/uploads\/2020\/04\/2521.jpg\" alt=\"\" width=\"134\" height=\"100\" \/><\/a><br \/>\n<\/strong><a href=\"https:\/\/goo.gl\/maps\/RpqJvDeqWYbP88Q67\"><span style=\"color: #3366ff;\">Latitude: N 43,19645\u00b0\u00a0 \u00a0Longitude: E 16,40567\u00b0 <\/span><\/a><strong><br \/>\n<\/strong>Visina \/ H\u00f6he: 5 m<\/p>\n<p><strong>Katastarska \u010destica <\/strong><strong>\/ Grundst\u00fccke<br \/>\n<\/strong>4052, 4053 (DKP Hvar) <div class='content-column one_half'><div style=\"padding-right:6px;\"><p><strong>Datum snimanja \/ Erfassungsdatum<br \/>\n<\/strong>01.01.2000 00:00:00<\/p>\n<hr \/>\n<p><strong>Informacije<\/strong><\/p>\n<p>Oto\u010di\u0107 Duga je nenaseljeni otok na sjevernoj strani otoka Hvara. Njegova povr\u0161ina iznosi 0,017 km\u00b2. Du\u017eina obalne crte iznosi 0,5 km.<\/p><\/div><\/div><div class='content-column one_half last_column'><div style=\"padding-right:0px;padding-left:6px;\"><p><strong>Stupanj za\u0161tite<\/strong><strong> \/ Schutzstellung<br \/>\n<\/strong>&#8211;<\/p>\n<hr \/>\n<p><strong>Info<\/strong><\/p>\n<p>Die kleine Insel Duga ist eine unbewohnte Insel an der Nordseite der Insel Hvar. Ihre Fl\u00e4che betr\u00e4gt 0,017 km\u00b2. Die L\u00e4nge der K\u00fcste betr\u00e4gt 0,5 km.<\/p><\/div><\/div><div class='clear_column'><\/div> <\/p>\n<p style=\"text-align: right;\"><span style=\"color: #3366ff;\"><a style=\"color: #3366ff;\" href=\"#seite_oben\">natrag na vrh \/ Seitenanfang<\/a><\/span><\/p>\n<hr \/>\n<p><strong>Linkovi \/ Links<\/strong><\/p>\n<p>&#8211;<\/p>\n","protected":false},"excerpt":{"rendered":"<p>Ime \/ Name Oto\u010di\u0107 Duga Code: OD-AO-01\u00a0 \u00a0 \u00a0 \u00a0 \u00a0 \u00a0 \u00a0 \u00a0 \u00a0 \u00a0 \u00a0 \u00a0 \u00a0 \u00a0 \u00a0 \u00a0 \u00a0 \u00a0 \u00a0 Adresa \/ Adresse Oto\u010di\u0107 Duga Lokacija \/ Position Latitude: N 43,19645\u00b0\u00a0 \u00a0Longitude: E 16,40567\u00b0 Visina &hellip; <a href=\"https:\/\/www.topohvar.at\/topo\/orte\/od\/od-ao-01-1\/\">Weiterlesen <span class=\"meta-nav\">&rarr;<\/span><\/a><\/p>\n","protected":false},"author":1,"featured_media":0,"parent":127,"menu_order":0,"comment_status":"closed","ping_status":"closed","template":"","meta":{"footnotes":""},"class_list":["post-12841","page","type-page","status-publish","hentry"],"_links":{"self":[{"href":"https:\/\/www.topohvar.at\/topo\/wp-json\/wp\/v2\/pages\/12841","targetHints":{"allow":["GET"]}}],"collection":[{"href":"https:\/\/www.topohvar.at\/topo\/wp-json\/wp\/v2\/pages"}],"about":[{"href":"https:\/\/www.topohvar.at\/topo\/wp-json\/wp\/v2\/types\/page"}],"author":[{"embeddable":true,"href":"https:\/\/www.topohvar.at\/topo\/wp-json\/wp\/v2\/users\/1"}],"replies":[{"embeddable":true,"href":"https:\/\/www.topohvar.at\/topo\/wp-json\/wp\/v2\/comments?post=12841"}],"version-history":[{"count":23,"href":"https:\/\/www.topohvar.at\/topo\/wp-json\/wp\/v2\/pages\/12841\/revisions"}],"predecessor-version":[{"id":60368,"href":"https:\/\/www.topohvar.at\/topo\/wp-json\/wp\/v2\/pages\/12841\/revisions\/60368"}],"up":[{"embeddable":true,"href":"https:\/\/www.topohvar.at\/topo\/wp-json\/wp\/v2\/pages\/127"}],"wp:attachment":[{"href":"https:\/\/www.topohvar.at\/topo\/wp-json\/wp\/v2\/media?parent=12841"}],"curies":[{"name":"wp","href":"https:\/\/api.w.org\/{rel}","templated":true}]}}