{"id":1364,"date":"2018-07-29T12:10:08","date_gmt":"2018-07-29T10:10:08","guid":{"rendered":"https:\/\/www.topohvar.at\/?page_id=1364"},"modified":"2025-04-17T17:20:24","modified_gmt":"2025-04-17T15:20:24","slug":"br-po-01-2","status":"publish","type":"page","link":"https:\/\/www.topohvar.at\/topo\/orte\/br\/br-po-01-2\/","title":{"rendered":"BRUSJE &#8211; Prapovijesna lokalitet \u00bbLompi\u0107\u00ab"},"content":{"rendered":"<p><a name=\"seite_oben\"><\/a><br \/>\n<strong><img loading=\"lazy\" decoding=\"async\" class=\"alignnone wp-image-1367 size-large\" src=\"https:\/\/www.topohvar.at\/wp-content\/uploads\/2018\/07\/br-po-01-1-1024x503.jpg\" alt=\"\" width=\"640\" height=\"314\" srcset=\"https:\/\/www.topohvar.at\/wp-content\/uploads\/2018\/07\/br-po-01-1-1024x503.jpg 1024w, https:\/\/www.topohvar.at\/wp-content\/uploads\/2018\/07\/br-po-01-1-300x147.jpg 300w, https:\/\/www.topohvar.at\/wp-content\/uploads\/2018\/07\/br-po-01-1-768x377.jpg 768w\" sizes=\"auto, (max-width: 640px) 100vw, 640px\" \/><\/strong><\/p>\n<p><strong>Ime \/ Name<br \/>\n<\/strong>Prapovijesna lokalitet \u00bbLompi\u0107\u00ab \/ Pr\u00e4historischer Ort \u00bbLompi\u0107\u00ab<\/p>\n<p><strong>Code: <\/strong>BR-PO-01\u00a0 \u00a0 \u00a0 \u00a0 \u00a0 \u00a0 \u00a0 \u00a0 \u00a0 \u00a0 \u00a0 \u00a0 \u00a0 \u00a0 \u00a0 \u00a0 \u00a0 \u00a0 \u00a0 \u00a0 \u00a0 \u00a0 \u00a0 \u00a0 \u00a0\u00a0<strong>\u00a0<a href=\"https:\/\/www.topohvar.at\/orte\/br\/\"><img loading=\"lazy\" decoding=\"async\" class=\"alignnone wp-image-535 size-full\" src=\"https:\/\/www.topohvar.at\/wp-content\/uploads\/2018\/07\/push-o-30.jpg\" alt=\"\" width=\"61\" height=\"30\" \/><\/a>\u00a0<\/strong><\/p>\n<hr \/>\n<p><strong>Adresa \/ Adresse<br \/>\n<\/strong>Uvala Gra\u010di\u0161\u0107e, rt Lompi\u0107, Lompe\u0161 \/ Bucht Gra\u010di\u0161\u0107e, Kap Lompi\u0107, Lompe\u0161<\/p>\n<p><strong>Lokacija<\/strong><strong> \/ Position<a href=\"https:\/\/goo.gl\/maps\/YvNatqkKVc1HRZ7r9\"><img loading=\"lazy\" decoding=\"async\" class=\"alignright wp-image-1369\" src=\"https:\/\/www.topohvar.at\/wp-content\/uploads\/2018\/07\/0617.jpg\" alt=\"\" width=\"134\" height=\"100\" \/><\/a><br \/>\n<\/strong><span style=\"color: #3366ff;\"><a style=\"color: #3366ff;\" href=\"https:\/\/goo.gl\/maps\/YvNatqkKVc1HRZ7r9\">Latitude: N 43,19907\u00b0\u00a0 \u00a0Longitude: E 16,53094\u00b0<\/a> <\/span><strong><br \/>\n<\/strong>Visina \/ H\u00f6he: 75 m<\/p>\n<p><strong>Katastarska \u010destica<\/strong><strong> \/ Grundst\u00fccke<br \/>\n<\/strong>6279\/1<div class='content-column one_half'><div style=\"padding-right:6px;\"><p><strong>Datum snimanja \/ Erfassungsdatum<br \/>\n<\/strong>04.05.2017 16:15:00<\/p>\n<hr \/>\n<p><strong>Informacije<\/strong><\/p>\n<p>\u017deljeznom dobu pripada gradina Lompi\u0107 na samom ulazu u Starogradski zaljev. Radi se o utvrdi uz more na rtu Lompi\u0107, koji le\u017ei skoro 6 km zapadno od Starog Grada, na ju\u017enoj obali dubokog Starogradskog zaljeva.<\/p><\/div><\/div><div class='content-column one_half last_column'><div style=\"padding-right:0px;padding-left:6px;\"><p><strong>Stupanj za\u0161tite<\/strong><strong> \/ Schutzstellung<br \/>\n<\/strong>&#8211;<\/p>\n<hr \/>\n<p><strong>Info<\/strong><\/p>\n<p>Lompi\u0107 hat seinen Ursprung in der Eisenzeit. Es ist eine Festung in der N\u00e4he des Meeres auf der Klippe Lompi\u0107, fast 6 km westlich von Stari Grad an der S\u00fcdk\u00fcste der tiefen Starigrader Bucht.<\/p><\/div><\/div><div class='clear_column'><\/div><div class='content-column one_half'><div style=\"padding-right:6px;\"><p>Sa zapadne strane rta nalazi se istoimena uvala, a potom bre\u017euljak Gra\u010di\u0161\u0107e (gdje usprkos karakteristi\u010dnom toponimu nema nikakvih arheolo\u0161kih ostataka), s istoimenom uvalom i ve\u0107im \u017ealom, iznad kojeg je staza koja vodi do sela Brusja, uz plodnu strmu udolinu u kojoj je neko\u0107 bilo oko 5.000 loza. S isto\u010dne strane rta Lompi\u0107 nalazi se uvala Baluni\u0107, pogodna za pristajanje manjih brodova. Kupasto kameno uzvi\u0161enje Lompi\u0107a, prema jugu je kratkim sedlom povezano za vi\u0161i oto\u010dni masiv.<\/p><\/div><\/div><div class='content-column one_half last_column'><div style=\"padding-right:0px;padding-left:6px;\"><p>Auf der westlichen Seite des Kaps gibt es eine Bucht, und dann den H\u00fcgel Gra\u010di\u0161\u0107e wo trotz des typischen Namens keine arch\u00e4ologischen \u00dcberreste gefunden wurden. Von der gleichnamigen Bucht und den gr\u00f6\u00dferen Ufern f\u00fchrt ein Pfad durch ein fruchtbares steiles Tal, in dem einmal etwa 5.000 Rebst\u00f6cke standen, zum Dorf Brusje. Auf der Ostseite des Kap Lompi\u0107 liegt die Baluni\u0107-Bucht, geeignet f\u00fcr kleinere Schiffe. Der konische Steinh\u00fcgel Lompi\u0107 ist Richtung S\u00fcden mit einem kurzen Sattel mit dem h\u00f6heren Inselbereich verbunden.<\/p><\/div><\/div><div class='clear_column'><\/div><div class='content-column one_half'><div style=\"padding-right:6px;\"><p>Na samom uzvi\u0161enju (75 m nad morem) je mali plato ispod kojeg se prema zapadu pru\u017ea veliki odron kamena, dug oko 20 m. Sasvim je mogu\u0107e da poti\u010de od podzida i platforme kojom se nekad \u0161irila korisna povr\u0161ina na vrhu. Odavde prema sjeveru polazi bedem, koji slijedi greben u du\u017eini od 85 m, koji zatim, pod o\u0161trim kutom, skre\u0107e prema istoku i, prate\u0107i konfiguraciju terena, zavr\u0161ava uz rub strme litice nad uvalom Baluni\u0107. Ova litica \u010dini pristup jugoisto\u010dnoj strani utvrde skoro nemogu\u0107im. Na ovaj na\u010din suhozidni bedemi zatvaraju prostor od preko 0,5 hektara povr\u0161ine s prosje\u010dnim padom od 25\u00b0, gdje je razlika izme\u0111u najvi\u0161e i najni\u017ee to\u010dke 35 &#8211; 40 m. Zapadni bedem je gra\u0111en od nepravilnih blokova vapnenca u suhozidu i danas ima visinu od 1 do 1,5 m, a \u0161irinu od 2 do 2,5 m.<\/p><\/div><\/div><div class='content-column one_half last_column'><div style=\"padding-right:0px;padding-left:6px;\"><p>Auf der Erhebung (75 m \u00fcber dem Meeresspiegel) ist ein kleines Plateau unter dem sich westw\u00e4rts eine etwa 20 m lange Steinb\u00f6schung erstreckt. Es ist durchaus m\u00f6glich, dass durch die St\u00fctzwand eine Plattform gebildet wurde, die die nutzbare Fl\u00e4che auf der Oberseite erweiterte. Von hier aus verl\u00e4uft n\u00f6rdlich ein Wall, gefolgt von einem 85 m langen Grat. Dieser dreht sich dann in einem spitzen Winkel nach Osten, und endet gem\u00e4\u00df der Konfiguration des Gel\u00e4ndes am Rand der steilen Klippe \u00fcber der Baluni\u0107 Bucht. Diese Klippe macht den Zugang zur s\u00fcd\u00f6stlichen Seite der Festung fast unm\u00f6glich. Auf diese Weise umschlie\u00dfen die W\u00e4lle eine Fl\u00e4che von \u00fcber 0,5 Hektar bei einem durchschnittlichen Gef\u00e4lle von 25\u00b0, wobei die Differenz zwischen dem h\u00f6chsten und dem tiefsten Punkt. 35 &#8211; 40 m betr\u00e4gt. Der Westwall besteht aus unregelm\u00e4\u00dfigen Trockenstein-Kalksteinbl\u00f6cken und hat heute eine H\u00f6he von 1 bis 1,5 m und eine Breite von 2 bis 2,5 m.<\/p><\/div><\/div><div class='clear_column'><\/div><div class='content-column one_half'><div style=\"padding-right:6px;\"><p>Uz bedeme i oko njih na\u0111eno je vi\u0161e ulomaka grube prethistorjske keramike (\u017eeljeznodobne?) i, \u0161to je posebno zna\u010dajno, tri ulomka ju\u017enoitalske geometrijske keramike, koji najvjerojatnije pripadaju vremenu 6.\/5. st. pr. Kr. Gr\u010dko-rimska keramika sasvim je malobrojna. Bez sumnje, u pitanju je nalazi\u0161te koje bi moglo pru\u017eiti dragocjene podatke o prethistorijskom periodu ovog dijela otoka, ako bi se ovdje izvr\u0161ila iskopavanja, \u0161to je mogu\u0107e na nekoliko mjesta. Naime, radi se o utvrdi koja ima nesumnjiv strate\u0161ki zna\u010daj. To dokazuje i \u010dinjenica da u blizini Lompi\u0107a nema plodnih povr\u0161ina kojima bi ova gradina pripadala, a \u0161to je slu\u010daj s ve\u0107inom gradina na Hvaru.<\/p><\/div><\/div><div class='content-column one_half last_column'><div style=\"padding-right:0px;padding-left:6px;\"><p>In den W\u00e4llen und um sie herum wurden mehrere Fragmente von groben pr\u00e4historischen Keramiken (Eisenzeit?) und vor allem drei Fragmente s\u00fcdlitalienischer geometrischer Keramik gefunden, die h\u00f6chstwahrscheinlich der Zeit 6.\/5. Jh. v. Chr. angeh\u00f6ren. Griechisch-r\u00f6mische Keramiken sind recht klein. Ohne Zweifel ist dies ein Ort, der wertvolle Informationen \u00fcber die pr\u00e4historische Zeit dieses Teils der Insel liefern k\u00f6nnte, wenn hier an mehreren Stellen Ausgrabungen durchgef\u00fchrt werden w\u00fcrde. Es handelt sich n\u00e4mlich um eine Festung, die unleugbar strategische Bedeutung hat. Dies wird durch die Tatsache belegt, dass in der Umgebung von Lompi\u0107 keine fruchtbaren Gebiete liegen, zu denen dieser Ort geh\u00f6rt, wie es bei den meisten Orten Hvars der Fall ist.<\/p><\/div><\/div><div class='clear_column'><\/div><div class='content-column one_half'><div style=\"padding-right:6px;\"><p>Ona o\u010dito \u0161titi ulaz u zaljev.\u00a0Ono \u0161to je zanimljivo je i to, da se s nje ne vidi pristup zaljevu iz pravca Pelegrina (zapadni rt otoka Hvara) budu\u0107i da vidik zaklanja obli\u017enje i vi\u0161e Gra\u010di\u0161\u0107e. To bi moglo zna\u010diti da opasnost nije mogla dolaziti iz tog pravca, podru\u010dje koje je o\u010dito kontroliralo \u017eeljeznodobno naselje na mjestu dana\u0161njeg grada Hvara, najve\u0107e naselje toga doba na otoku.<\/p><\/div><\/div><div class='content-column one_half last_column'><div style=\"padding-right:0px;padding-left:6px;\"><p>Lompi\u0107 sch\u00fctzte offensichtlich den Eingang zur Bucht. Interessant ist, dass der Zugang zur Bucht aus Richtung Pelegrina (am Westende der Insel Hvar) nicht zu sehen ist, da die Aussicht in der N\u00e4he versperrt wird, besonders von Gra\u010di\u0161\u0107e aus. Das k\u00f6nnte bedeuten, dass die Gefahr nicht aus dieser Richtung h\u00e4tte kommen k\u00f6nnen, und dieser Bereich offensichtlich von einer eisenzeitlichen Siedlung an Stelle der heutigen Stadt Hvar kontrolliert wurde, der gr\u00f6\u00dften Siedlung dieser Zeit auf der Insel.<\/p><\/div><\/div><div class='clear_column'><\/div><div class='content-column one_half'><div style=\"padding-right:6px;\"><p>S Lompi\u0107a se vidi dolazak brodova iz pravca Splitskih vrata, odnosno \u0160olte i zapadnog dijela Bra\u010da, te onih koji se pojave kod rta Kabal dolaze\u0107i s isto\u010dnog dijela Hvarskog kanala. Ova gradina nadzire cijeli zaljev sve do samog Starog Grada.<\/p><\/div><\/div><div class='content-column one_half last_column'><div style=\"padding-right:0px;padding-left:6px;\"><p>Von Lompi\u0107 aus sieht man die Ankunft der Schiffe aus Richtung der Meerenge zwischen \u0160olta und des westlichen Teils von Bra\u010d sowie diejenigen, die am Kap Kabal aus dem \u00f6stlichen Teil des Hvar-Kanals erscheinen. Diese Festung kontrolliert die gesamte Bucht bis nach Stari Grad.<\/p><\/div><\/div><div class='clear_column'><\/div><div class='content-column one_half'><div style=\"padding-right:6px;\"><p>Gradinu na Lompi\u0107u sigurno je podigla zajednica kojoj je bilo u interesu sa\u010duvati plodni prostor Starogradskog polja i lokalno stanovni\u0161tvo koje je tu \u017eivjelo. Ona je imala vizualnu komunikaciju osobito s gradinom na Glavici povrh Starog Grada.<\/p><\/div><\/div><div class='content-column one_half last_column'><div style=\"padding-right:0px;padding-left:6px;\"><p>Die Festung Lompi\u0107 wurde zweifellos von einer Gemeinschaft erbaut, deren Interesse war, den fruchtbaren Raum der Starigrader Ebene und der dort lebenden Bev\u00f6lkerung zu bewaren. Sie hatte eine visuelle Kommunikation vor allem mit Glavica, dem H\u00fcgel \u00fcber Stari Grad.<\/p><\/div><\/div><div class='clear_column'><\/div><\/p>\n<p style=\"text-align: center;\"><em>(izvor \/ Quelle: http:\/\/starogradsko-polje.net\/)<\/em><\/p>\n<p><img loading=\"lazy\" decoding=\"async\" class=\"aligncenter size-full wp-image-71584\" src=\"https:\/\/www.topohvar.at\/wp-content\/uploads\/2025\/04\/br-po-01-10.jpg\" alt=\"\" width=\"1080\" height=\"530\" srcset=\"https:\/\/www.topohvar.at\/wp-content\/uploads\/2025\/04\/br-po-01-10.jpg 1080w, https:\/\/www.topohvar.at\/wp-content\/uploads\/2025\/04\/br-po-01-10-300x147.jpg 300w, https:\/\/www.topohvar.at\/wp-content\/uploads\/2025\/04\/br-po-01-10-1024x503.jpg 1024w, https:\/\/www.topohvar.at\/wp-content\/uploads\/2025\/04\/br-po-01-10-768x377.jpg 768w\" sizes=\"auto, (max-width: 1080px) 100vw, 1080px\" \/><\/p>\n<p style=\"text-align: right;\"><a href=\"#seite_oben\">natrag na vrh \/ Seitenanfang<\/a><\/p>\n<hr \/>\n<p><strong>Linkovi \/ Links<\/strong><\/p>\n<p><span style=\"color: #3366ff;\"><a style=\"color: #3366ff;\" href=\"https:\/\/www.topohvar.at\/topo\/orte\/br\/br-ar-10-1\/#br-20\">Rt Lompi\u0107 \/ Kap Lompi\u0107<\/a><br \/>\n<a style=\"color: #3366ff;\" href=\"http:\/\/starogradsko-polje.net\/index.php?p=79\">Starogradsko Polje &#8211; Lompi\u0107<\/a>\u00a0<\/span><\/p>\n","protected":false},"excerpt":{"rendered":"<p>Ime \/ Name Prapovijesna lokalitet \u00bbLompi\u0107\u00ab \/ Pr\u00e4historischer Ort \u00bbLompi\u0107\u00ab Code: BR-PO-01\u00a0 \u00a0 \u00a0 \u00a0 \u00a0 \u00a0 \u00a0 \u00a0 \u00a0 \u00a0 \u00a0 \u00a0 \u00a0 \u00a0 \u00a0 \u00a0 \u00a0 \u00a0 \u00a0 \u00a0 \u00a0 \u00a0 \u00a0 \u00a0 \u00a0\u00a0\u00a0\u00a0 Adresa \/ Adresse Uvala &hellip; <a href=\"https:\/\/www.topohvar.at\/topo\/orte\/br\/br-po-01-2\/\">Weiterlesen <span class=\"meta-nav\">&rarr;<\/span><\/a><\/p>\n","protected":false},"author":1,"featured_media":0,"parent":65,"menu_order":0,"comment_status":"closed","ping_status":"closed","template":"","meta":{"footnotes":""},"class_list":["post-1364","page","type-page","status-publish","hentry"],"_links":{"self":[{"href":"https:\/\/www.topohvar.at\/topo\/wp-json\/wp\/v2\/pages\/1364","targetHints":{"allow":["GET"]}}],"collection":[{"href":"https:\/\/www.topohvar.at\/topo\/wp-json\/wp\/v2\/pages"}],"about":[{"href":"https:\/\/www.topohvar.at\/topo\/wp-json\/wp\/v2\/types\/page"}],"author":[{"embeddable":true,"href":"https:\/\/www.topohvar.at\/topo\/wp-json\/wp\/v2\/users\/1"}],"replies":[{"embeddable":true,"href":"https:\/\/www.topohvar.at\/topo\/wp-json\/wp\/v2\/comments?post=1364"}],"version-history":[{"count":14,"href":"https:\/\/www.topohvar.at\/topo\/wp-json\/wp\/v2\/pages\/1364\/revisions"}],"predecessor-version":[{"id":71585,"href":"https:\/\/www.topohvar.at\/topo\/wp-json\/wp\/v2\/pages\/1364\/revisions\/71585"}],"up":[{"embeddable":true,"href":"https:\/\/www.topohvar.at\/topo\/wp-json\/wp\/v2\/pages\/65"}],"wp:attachment":[{"href":"https:\/\/www.topohvar.at\/topo\/wp-json\/wp\/v2\/media?parent=1364"}],"curies":[{"name":"wp","href":"https:\/\/api.w.org\/{rel}","templated":true}]}}