{"id":1388,"date":"2018-07-29T17:09:33","date_gmt":"2018-07-29T15:09:33","guid":{"rendered":"https:\/\/www.topohvar.at\/?page_id=1388"},"modified":"2021-04-15T11:26:55","modified_gmt":"2021-04-15T09:26:55","slug":"gd-aa-01-2","status":"publish","type":"page","link":"https:\/\/www.topohvar.at\/topo\/orte\/gd\/gd-aa-01-2\/","title":{"rendered":"GROMIN DOLAC &#8211; Ruralna cjelina \u00bbGromin Dolac\u00ab"},"content":{"rendered":"<p><a name=\"seite_oben\"><\/a><br \/>\n<strong><img loading=\"lazy\" decoding=\"async\" class=\"alignright wp-image-27985 size-large\" src=\"https:\/\/www.topohvar.at\/wp-content\/uploads\/2020\/01\/gd-aa-01-20-1024x503.jpg\" alt=\"\" width=\"640\" height=\"314\" srcset=\"https:\/\/www.topohvar.at\/wp-content\/uploads\/2020\/01\/gd-aa-01-20-1024x503.jpg 1024w, https:\/\/www.topohvar.at\/wp-content\/uploads\/2020\/01\/gd-aa-01-20-300x147.jpg 300w, https:\/\/www.topohvar.at\/wp-content\/uploads\/2020\/01\/gd-aa-01-20-768x377.jpg 768w, https:\/\/www.topohvar.at\/wp-content\/uploads\/2020\/01\/gd-aa-01-20.jpg 1100w\" sizes=\"auto, (max-width: 640px) 100vw, 640px\" \/><\/strong><\/p>\n<p><strong>Ime \/ Name<br \/>\n<\/strong>Ruralna cjelina \u00bbGromin Dolac\u00ab \/ L\u00e4ndliches Ensemble \u00bbGromin Dolac\u00ab<\/p>\n<p><strong>Code: <\/strong>GD-AA-01\u00a0 \u00a0 \u00a0 \u00a0 \u00a0 \u00a0 \u00a0 \u00a0 \u00a0 \u00a0 \u00a0 \u00a0 \u00a0 \u00a0 \u00a0 \u00a0 \u00a0 \u00a0 \u00a0 \u00a0 \u00a0 \u00a0 \u00a0\u00a0<strong> <a href=\"https:\/\/www.topohvar.at\/orte\/gd\/\"><img loading=\"lazy\" decoding=\"async\" class=\"alignnone wp-image-535 size-full\" src=\"https:\/\/www.topohvar.at\/wp-content\/uploads\/2018\/07\/push-o-30.jpg\" alt=\"\" width=\"61\" height=\"30\" \/><\/a> <a href=\"https:\/\/www.topohvar.at\/orte\/gd\/gd-ai-01-1\/\"><img loading=\"lazy\" decoding=\"async\" class=\"alignnone wp-image-536 size-full\" src=\"https:\/\/www.topohvar.at\/wp-content\/uploads\/2018\/07\/push-r-30.jpg\" alt=\"\" width=\"61\" height=\"30\" \/><\/a> <a href=\"https:\/\/www.topohvar.at\/orte\/gd\/gd-au-10-1\/\"><img loading=\"lazy\" decoding=\"async\" class=\"alignnone wp-image-12299 size-full\" src=\"https:\/\/www.topohvar.at\/wp-content\/uploads\/2018\/09\/push-next-30.jpg\" alt=\"\" width=\"61\" height=\"30\" \/><\/a> <\/strong><\/p>\n<hr \/>\n<p><strong>Adresa \/ Adresse<br \/>\n<\/strong>Gromin Dolac<\/p>\n<p><strong>Lokacija \/ Position<a href=\"https:\/\/goo.gl\/maps\/LytuToD6sNvL4SYe8\"><img loading=\"lazy\" decoding=\"async\" class=\"alignright wp-image-1393\" src=\"https:\/\/www.topohvar.at\/wp-content\/uploads\/2018\/07\/1635.jpg\" alt=\"\" width=\"134\" height=\"100\" \/><\/a><br \/>\n<\/strong><span style=\"color: #3366ff;\"><a style=\"color: #3366ff;\" href=\"https:\/\/goo.gl\/maps\/LytuToD6sNvL4SYe8\">Latitude: N 43,12906\u00b0\u00a0 \u00a0Longitude: E 16,72820\u00b0<\/a> <\/span><strong><br \/>\n<\/strong>Visina \/ H\u00f6he: &#8211; m<\/p>\n<p><strong>Katastarska \u010destica \/ Grundst\u00fccke<br \/>\n<\/strong>(DKP Jelsa) <div class='content-column one_half'><div style=\"padding-right:6px;\"><p><strong>Datum snimanja \/ Erfassungsdatum<br \/>\n<\/strong>25.05.2015 09:20:00<\/p>\n<hr \/>\n<p><strong>Informacije<\/strong><\/p>\n<p>Gromin Dolac je oblikovano, smje\u0161tajno i prostorno osobito naselje ju\u017ene obale otoka Hvara. Naselje nastaje na poprje\u010dnom putu sjever-jug iz smjera Jelse preko grebena koji dijeli sjeverni i ju\u017eni dio otoka. Nalazi se na oko 75 m nad morem. To je uobi\u010dajena nadmorska visina za sva stara naselja ju\u017ene strane otoka. Udaljeno je od mora 500 m. Prema predanju prija\u0161nje se naselje nalazilo sjevero-isto\u010dno od dana\u0161njeg, u blizini \u0161pilje Gromin Dolac. \u0160pilja Gromin Dolac nalazi se izme\u0111u Gromin Dolca i Grap\u010deve \u0161pilje, isto\u010dno od poprje\u010dnog puta sjever-jug, na nadmorskoj visini 220 m i oko 1.000 m je udaljena od mora. Pretpostavlja se da je ta \u0161pilja mogla biti nastanjena i kori\u0161tena u doba prapovijesti ovog podru\u010dja.<\/p><\/div><\/div><div class='content-column one_half last_column'><div style=\"padding-right:0px;padding-left:6px;\"><p><strong>Stupanj za\u0161tite \/ Schutzstellung<br \/>\n<\/strong>&#8211;<\/p>\n<hr \/>\n<p><strong>Info<\/strong><\/p>\n<p>Gromin Dolac ist ein Wohn- und vor allem Ferienort an der S\u00fcdk\u00fcste der Insel Hvar. Die Siedlung liegt am alten Nord-S\u00fcd-Weg, der von Jelsa \u00fcber den Berg \u2013 der den n\u00f6rdlichen und s\u00fcdlichen Teil der Insel teilt &#8211; kommt. Es liegt etwa 75 m \u00fcber dem Meer. Dies ist die \u00fcbliche H\u00f6he f\u00fcr alle alten Siedlungen auf der S\u00fcdseite der Insel. Es ist etwa 500 m vom Meer entfernt und befindet sich in der N\u00e4he der H\u00f6hle Gromin Dolac. Diese H\u00f6hle befindet sich zwischen Gromin Dolac und der Grap\u010deva-H\u00f6hle, \u00f6stlich des Nord-S\u00fcd-Weges, in einer H\u00f6he von 220 m und ca. 1.000 m vom Meer entfernt. Es wird angenommen, dass diese H\u00f6hle bereits in der pr\u00e4historischen Zeit bewohnt und genutzt wurde.<\/p><\/div><\/div><div class='clear_column'><\/div><div class='content-column one_half'><div style=\"padding-right:6px;\"><p>Gromin Dolac je ruralno naselje koje nastaje kolonizacijom 16. st. Selo nastaje kao \u201eal-dom\u201c sela Vrisnika i tijekom vremena \u0161iri se od osnovne, sjeverne aglomeracije prema moru. Aglomeracija gornjeg sjevernog dijela naselja svojim oblikovanjem i amfiteatralnom postavom oblikuje ustrojbu naselja uklopjenog u krajolik.<\/p><\/div><\/div><div class='content-column one_half last_column'><div style=\"padding-right:0px;padding-left:6px;\"><p>Gromin Dolac ist eine l\u00e4ndliche Siedlung, die durch Kolonisation im 16. Jh. entstanden ist. Die Siedlung entstand als \u201eZweitsitz\u201c des Dorfes Vrisnik und breitete sich im Laufe der Zeit von Norden in Richtung Meer aus. Der obere, n\u00f6rdliche Teil der Siedlung hat eine Struktur \u00e4hnlich eines in die Landschaft eingebetteten Amphitheaters.<\/p><\/div><\/div><div class='clear_column'><\/div><div class='content-column one_half'><div style=\"padding-right:6px;\"><p>Ivan Obradi\u0107 iz Jelse dobio je oko 1660. investituru op\u0107inske zemlje za zasluge u borbi s Turcima (pod Splitom 1657. i dr.), ali s obvezom da sagradi kulu radi obrane i kontrole ju\u017ene obale od iskrcaja gusara s leda, pa je tako nastao zaselak sastavljen od nekoliko jel\u0161anskih i nekoliko vrisni\u010dkih obitelji.<\/p><\/div><\/div><div class='content-column one_half last_column'><div style=\"padding-right:0px;padding-left:6px;\"><p>Ivan Obradi\u0107 von Jelsa erhielt um 1660 als Investor Gemeindeland f\u00fcr seine Dienste im Kampf gegen die T\u00fcrken (unter Split 1657 usw.), jedoch mit der Verpflichtung, einen Turm zu errichten, um die S\u00fcdk\u00fcste vor der Landung von Piraten zu verteidigen und zu kontrollieren. Der Weiler bestehend aus mehreren Familien aus Jelsa und Vrisnik.<\/p><\/div><\/div><div class='clear_column'><\/div><div class='content-column one_half'><div style=\"padding-right:6px;\"><p>U XVII. st. Izgra\u0111ena je kula Machiedo promatra\u010dnica od koje se zvjezdasto \u0161ire putovi naselja i oko koje se novoji dio naselja nastavio graditi. Rubna zona naselja je \u0161uma. Naselje je zaostalo u svom razvoju. Nezadovoljavaju\u010da povezanost s ostalim dijelom otoka dovela je do napu\u0161tanja mjesta tako da Gromin Dolac danas slu\u017ei samo za privremeni i povremeni boravak.<\/p><\/div><\/div><div class='content-column one_half last_column'><div style=\"padding-right:0px;padding-left:6px;\"><p>Im 17. Jh. wurde der Turm Machiedo als Wachturm erbaut, von dem aus breitere Stra\u00dfen der Siedlung durchquerten und um den herum ein neuer Teil der Siedlung entstand. Am Siedlungsrand ist Wald. Die Siedlung ist in ihrer Entwicklung stehengeblieben. Die unbefriedigende Verbindung mit dem Rest der Insel f\u00fchrte zum Verlassen des Ortes, so dass Gromin Dolac heute nur noch f\u00fcr vor\u00fcbergehende und gelegentliche Aufenthalte dient.<\/p><\/div><\/div><div class='clear_column'><\/div><div class='content-column one_half'><div style=\"padding-right:6px;\"><p>Ruralna cjelina Gromin Dolac je kulturno-povijesna cjelina. Oznaka za\u0161tite: Zakona o za\u0161titi i o\u010duvanju kulturnih dobara, ve\u0107 se \u0161tite kroz va\u017ee\u0107u prostorno\u2013 plansku dokumentaciju.<\/p><\/div><\/div><div class='content-column one_half last_column'><div style=\"padding-right:0px;padding-left:6px;\"><p>Die l\u00e4ndliche Einheit Gromin Dolac ist ein kulturhistorisches Ensemble. Die gesetzlichen Grundlagen zum Schutz und zur Erhaltung des Kulturgutes sind durch g\u00fcltige Raumplanungsdokumente gegeben.<\/p><\/div><\/div><div class='clear_column'><\/div><\/p>\n<p style=\"text-align: right;\"><img loading=\"lazy\" decoding=\"async\" class=\"alignright wp-image-1397 size-large\" src=\"https:\/\/www.topohvar.at\/wp-content\/uploads\/2018\/07\/GD-AA-01-1-1024x503.jpg\" alt=\"\" width=\"640\" height=\"314\" \/><a href=\"#seite_oben\">natrag na vrh \/ Seitenanfang<\/a><\/p>\n<hr \/>\n<p><strong>Linkovi \/ Links<\/strong><\/p>\n<p><span style=\"color: #3366ff;\"><a style=\"color: #3366ff;\" href=\"https:\/\/www.topohvar.at\/topo\/orte\/gd\/gd-td-01-2\/\">Kula \/ Turm Obradi\u0107-Bevilaqua<\/a><\/span><\/p>\n","protected":false},"excerpt":{"rendered":"<p>Ime \/ Name Ruralna cjelina \u00bbGromin Dolac\u00ab \/ L\u00e4ndliches Ensemble \u00bbGromin Dolac\u00ab Code: GD-AA-01\u00a0 \u00a0 \u00a0 \u00a0 \u00a0 \u00a0 \u00a0 \u00a0 \u00a0 \u00a0 \u00a0 \u00a0 \u00a0 \u00a0 \u00a0 \u00a0 \u00a0 \u00a0 \u00a0 \u00a0 \u00a0 \u00a0 \u00a0\u00a0 Adresa \/ Adresse Gromin &hellip; <a href=\"https:\/\/www.topohvar.at\/topo\/orte\/gd\/gd-aa-01-2\/\">Weiterlesen <span class=\"meta-nav\">&rarr;<\/span><\/a><\/p>\n","protected":false},"author":1,"featured_media":0,"parent":70,"menu_order":0,"comment_status":"closed","ping_status":"closed","template":"","meta":{"footnotes":""},"class_list":["post-1388","page","type-page","status-publish","hentry"],"_links":{"self":[{"href":"https:\/\/www.topohvar.at\/topo\/wp-json\/wp\/v2\/pages\/1388","targetHints":{"allow":["GET"]}}],"collection":[{"href":"https:\/\/www.topohvar.at\/topo\/wp-json\/wp\/v2\/pages"}],"about":[{"href":"https:\/\/www.topohvar.at\/topo\/wp-json\/wp\/v2\/types\/page"}],"author":[{"embeddable":true,"href":"https:\/\/www.topohvar.at\/topo\/wp-json\/wp\/v2\/users\/1"}],"replies":[{"embeddable":true,"href":"https:\/\/www.topohvar.at\/topo\/wp-json\/wp\/v2\/comments?post=1388"}],"version-history":[{"count":23,"href":"https:\/\/www.topohvar.at\/topo\/wp-json\/wp\/v2\/pages\/1388\/revisions"}],"predecessor-version":[{"id":47886,"href":"https:\/\/www.topohvar.at\/topo\/wp-json\/wp\/v2\/pages\/1388\/revisions\/47886"}],"up":[{"embeddable":true,"href":"https:\/\/www.topohvar.at\/topo\/wp-json\/wp\/v2\/pages\/70"}],"wp:attachment":[{"href":"https:\/\/www.topohvar.at\/topo\/wp-json\/wp\/v2\/media?parent=1388"}],"curies":[{"name":"wp","href":"https:\/\/api.w.org\/{rel}","templated":true}]}}