{"id":1415,"date":"2018-07-29T17:43:14","date_gmt":"2018-07-29T15:43:14","guid":{"rendered":"https:\/\/www.topohvar.at\/?page_id=1415"},"modified":"2021-04-15T11:38:57","modified_gmt":"2021-04-15T09:38:57","slug":"gd-td-01-2","status":"publish","type":"page","link":"https:\/\/www.topohvar.at\/topo\/orte\/gd\/gd-td-01-2\/","title":{"rendered":"GROMIN DOLAC &#8211; Kula \u00bbObradi\u0107-Bevilaqua (danas Machiedo)\u00ab"},"content":{"rendered":"<p><a name=\"seite_oben\"><\/a><br \/>\n<strong><img loading=\"lazy\" decoding=\"async\" class=\"alignnone wp-image-1420 size-large\" src=\"https:\/\/www.topohvar.at\/wp-content\/uploads\/2018\/07\/gd-td-01-1-1024x503.jpg\" alt=\"\" width=\"640\" height=\"314\" srcset=\"https:\/\/www.topohvar.at\/wp-content\/uploads\/2018\/07\/gd-td-01-1-1024x503.jpg 1024w, https:\/\/www.topohvar.at\/wp-content\/uploads\/2018\/07\/gd-td-01-1-300x147.jpg 300w, https:\/\/www.topohvar.at\/wp-content\/uploads\/2018\/07\/gd-td-01-1-768x377.jpg 768w\" sizes=\"auto, (max-width: 640px) 100vw, 640px\" \/><\/strong><\/p>\n<p><strong>Ime \/ Name<br \/>\n<\/strong>Kula \u00bbObradi\u0107-Bevilaqua (danas Machiedo)\u00ab \/ Turm \u00bbObradi\u0107-Bevilaqua (heute Machiedo)\u00ab<\/p>\n<p><strong>Code: <\/strong>GD-TD-01\u00a0 \u00a0 \u00a0 \u00a0 \u00a0 \u00a0 \u00a0 \u00a0 \u00a0 \u00a0 \u00a0 \u00a0 \u00a0 \u00a0 \u00a0 \u00a0 \u00a0 \u00a0 \u00a0 \u00a0 \u00a0 \u00a0 \u00a0\u00a0<strong> <a href=\"https:\/\/www.topohvar.at\/orte\/gd\/\"><img loading=\"lazy\" decoding=\"async\" class=\"alignnone wp-image-535 size-full\" src=\"https:\/\/www.topohvar.at\/wp-content\/uploads\/2018\/07\/push-o-30.jpg\" alt=\"\" width=\"61\" height=\"30\" \/><\/a> <\/strong><\/p>\n<hr \/>\n<p><strong>Adresa \/ Adresse<br \/>\n<\/strong>Gromin Dolac<\/p>\n<p><strong>Lokacija \/ Position<a href=\"https:\/\/goo.gl\/maps\/612yutAVJQU5KyfH6\"><img loading=\"lazy\" decoding=\"async\" class=\"alignright wp-image-1421\" src=\"https:\/\/www.topohvar.at\/wp-content\/uploads\/2018\/07\/0108.jpg\" alt=\"\" width=\"134\" height=\"100\" \/><\/a><br \/>\n<\/strong><span style=\"color: #3366ff;\"><a style=\"color: #3366ff;\" href=\"https:\/\/goo.gl\/maps\/612yutAVJQU5KyfH6\">Latitude: N 43,12933\u00b0\u00a0 \u00a0Longitude: E 16,72766\u00b0<\/a> <\/span><strong><br \/>\n<\/strong>Visina \/ H\u00f6he: 63 m<\/p>\n<p><strong>Katastarska \u010destica \/ Grundst\u00fccke<br \/>\n<\/strong>*413, *653 (DKP Jelsa)<div class='content-column one_half'><div style=\"padding-right:6px;\"><p><strong>Datum snimanja \/ Erfassungsdatum<br \/>\n<\/strong>25.05.2015 09:31:00<\/p>\n<hr \/>\n<p><strong>Informacije<\/strong><\/p>\n<p>Kulu Machiedo, smje\u0161tenu u sredi\u0161tu naselja Gromin Dolca, sagrdio je oko 1660.g. Ivan Obradi\u0107 kao obrambenu gra\u0111evinu. Ivan Obradi\u0107 Bevilaqua (1619-1673) je bio brodovlasnik koji se istakao u sudjelovanju u obrani Dalmacij e od Turaka. Njegova ku\u0107a bila je u Jelsi.<\/p><\/div><\/div><div class='content-column one_half last_column'><div style=\"padding-right:0px;padding-left:6px;\"><p><strong>Stupanj za\u0161tite \/ Schutzstellung<br \/>\n<\/strong>Z-4945<\/p>\n<hr \/>\n<p><strong>Info<\/strong><\/p>\n<p>Der Turm Machiedo, im Zentrum der Siedlung Gromin Dolac gelegen, wurde um 1660 von Ivan Obradic zur Verteidigung errichtet.\u00a0Ivan Obradi\u0107 Bevilaqua (1619-1673) war Reeder und machte sich bei der Verteidigung Dalmatiens von den die T\u00fcrken verdient. Sein Haus befand sich in Jelsa.<\/p><\/div><\/div><div class='clear_column'><\/div><div class='content-column one_half'><div style=\"padding-right:6px;\"><p>On je poslije uspje\u0161nog sudjelovanja u obrani Splita 1657. godine, progla\u0161en vitezom Sv. Marka, a za nagradu je dobio posjed oko Gromin Dolca. Nedugo poslije investiture gradi ovu kulu kao gospodarsko i obrambeno sredi\u0161te posjeda.<\/p><\/div><\/div><div class='content-column one_half last_column'><div style=\"padding-right:0px;padding-left:6px;\"><p>Nach seiner erfolgreichen Teilnahme an der Verteidigung von Split im Jahre 1657 wurde er zum Ritter des hl. Mark geschlagen, und als Belohnung kam er in den Besitz von Gromin Dolac. Kurz danach wurde dieser Turm als Wirtschafts- und Verteidigungszentrum des Anwesens errichtet.<\/p><\/div><\/div><div class='clear_column'><\/div><div class='content-column one_half'><div style=\"padding-right:6px;\"><p>Osim kule na svojem posjedu Bevilaqua je sudjelovao u gradnji fortifikacija na otokum, o \u010demu svjedo\u010di tekst diplome o promaknu\u0107u u \u010dast viteza Sv. Marka iz 1670. Godine.<\/p><\/div><\/div><div class='content-column one_half last_column'><div style=\"padding-right:0px;padding-left:6px;\"><p>Neben dem Turmbau auf seinem Grundst\u00fcck nahm er an der Errichtung von Befestigungsanlagen auf der Insel teil, wie aus dem Text eines Bef\u00f6rderungsdiploms zu Ehren des Ritters des hl. Mark aus dem Jahr 1670 hervorgeht:<\/p><\/div><\/div><div class='clear_column'><\/div><div class='content-column one_half'><div style=\"padding-right:6px;\"><p>Kula je jedan od starih arhitektonskih oblika u narodnoj arhitekturi. To je osebujni tip utvr\u0111ene ku\u0107e po pravilu kvadrati\u010dnog tlocrta. Kula je kvadrati\u010dnog tlocrta veli\u010dine 6,7 x 6,7 m s prizemljem i dva kata, a glavni je ulaz zapadne strane. S isto\u010dne strane ima sporedan ulaz. Kula je gra\u0111ena od kamena, s kovom na \u010detiri vode.<\/p><\/div><\/div><div class='content-column one_half last_column'><div style=\"padding-right:0px;padding-left:6px;\"><p>Der Turm hat die typischen Formen alter Volksarchitektur. Er hat die unverwechselbare Struktur eines befestigten Hauses mit quadratischen Grundriss. Der Turm hat ein quadratisches Erdgeschoss von 6,7 x 6,7 m und zwei obere Etagen. Der Haupteingang befindet sich auf der Westseite. Auf der Ostseite gibt es einen Seiteneingang. Der Turm ist aus Stein errichtet und besitzt ein Zeltdach.<\/p><\/div><\/div><div class='clear_column'><\/div><div class='content-column one_half'><div style=\"padding-right:6px;\"><p>Nagib tla i njegovo pravilno kori\u0161tenje omogu\u0107ili su dva ulaza u kulu s razine tla. Gospodarski ulaz je s glavnog puta naselja, a drugi reprezentativniji za zaklonjenog pro\u0161irenja puta koji vodi do zajedni\u010dke gustirne. Na drugi kat dolazi se unutarnjim stubi\u0161tem u prostor podijeljen drvenim pregradama. Maleni otvori na kuli orijentirani su na sve \u010detiri strane svijeta i jo\u0161 vi\u0161e potvr\u0111uju njenu obrambenu funkciju.<\/p><\/div><\/div><div class='content-column one_half last_column'><div style=\"padding-right:0px;padding-left:6px;\"><p>Die Gel\u00e4ndeneigung erm\u00f6glichten den direkten Eintritt in zwei Gescho\u00dfe des Turms. Der Wirtschaftseingang von der Hauptstra\u00dfe her, und der andere, der repr\u00e4sentativere von der gesch\u00fctzten Verl\u00e4ngerung der Stra\u00dfe her, die zur gemeinsamen Zisterne f\u00fchrt. In den zweiten Stock kommt man \u00fcber eine interne Treppe zu einem Raum, der durch h\u00f6lzerne Trennw\u00e4nde geteilt wird. Kleine \u00d6ffnungen sind an allen vier Himmelrichtungen und best\u00e4tigen die Verteidigungsfunktion noch st\u00e4rker.<\/p><\/div><\/div><div class='clear_column'><\/div><div class='content-column one_half'><div style=\"padding-right:6px;\"><p>Danas je kula obnovljena. Kula Machiedo svojom je arhitekturom dala oblije\u017eje naselju Gromin Dolac i pored toga \u0161to arhitektonski izraz nije izraz tradicijske arhitekture, ali ona koristi neke tog podru\u010dja. Kula Machiedo jedna je od rijetkih zdanja te namjene na otoku Hvaru. Sli\u010dan toranj nalazi u uvali Ko\u017eija u Gdinj.<\/p><\/div><\/div><div class='content-column one_half last_column'><div style=\"padding-right:0px;padding-left:6px;\"><p>Heute ist der Turm renoviert. Der Turm Machiedo hat Gromin Dolac etwas von seiner Architektur gegeben. Trotz der Tatsache, dass seine Architektur nicht Ausdruck der traditionellen Architektur ist, zeigt er etwas aus der Gegend. Der Turm ist eines der wenigen Geb\u00e4ude dieser Art auf der Insel Hvar. Ein \u00e4hnlicher Turm befindet sich in der Bucht Ko\u017eija in Gdinj.<\/p><\/div><\/div><div class='clear_column'><\/div><div class='content-column one_half'><div style=\"padding-right:6px;\"><p>Registar kulturnih dobara Republike Hrvatske br. 01\/2011. Datum tiskanog izdanja: 04. 08. 2011. Broj registra Z-4945<\/p><\/div><\/div><div class='content-column one_half last_column'><div style=\"padding-right:0px;padding-left:6px;\"><p>Register der Kulturg\u00fcter der Republik Kroatien Nr. 01\/2011. Ver\u00f6ffentlichungsdatum: 04. 08. 2011. Registriernummer Z-4945<\/p><\/div><\/div><div class='clear_column'><\/div><\/p>\n<p style=\"text-align: right;\"><span style=\"color: #3366ff;\"><a style=\"color: #3366ff;\" href=\"#seite_oben\">natrag na vrh \/ Seitenanfang<\/a><\/span><a name=\"po\"><\/a><\/p>\n<hr \/>\n<p><strong>Linkovi \/ Links<\/strong><\/p>\n<p><span style=\"color: #3366ff;\"><a style=\"color: #3366ff;\" href=\"https:\/\/www.topohvar.at\/orte\/je\/je-tg-17-1\/\">Ku\u0107a Ivana Obradi\u0107 Bevilaqua\u00a0\/ Haus des Ivan Obradi\u0107 Bevilaqua<\/a><\/span><br \/>\n<span style=\"color: #3366ff;\"><a style=\"color: #3366ff;\" href=\"https:\/\/www.topohvar.at\/orte\/gj\/gj-td-01-1\/\">Gdinj &#8211; Kula u uvali Ko\u017eija \/ Turm in der Bucht Ko\u017eija<\/a><\/span><\/p>\n","protected":false},"excerpt":{"rendered":"<p>Ime \/ Name Kula \u00bbObradi\u0107-Bevilaqua (danas Machiedo)\u00ab \/ Turm \u00bbObradi\u0107-Bevilaqua (heute Machiedo)\u00ab Code: GD-TD-01\u00a0 \u00a0 \u00a0 \u00a0 \u00a0 \u00a0 \u00a0 \u00a0 \u00a0 \u00a0 \u00a0 \u00a0 \u00a0 \u00a0 \u00a0 \u00a0 \u00a0 \u00a0 \u00a0 \u00a0 \u00a0 \u00a0 \u00a0\u00a0 Adresa \/ Adresse Gromin &hellip; <a href=\"https:\/\/www.topohvar.at\/topo\/orte\/gd\/gd-td-01-2\/\">Weiterlesen <span class=\"meta-nav\">&rarr;<\/span><\/a><\/p>\n","protected":false},"author":1,"featured_media":0,"parent":70,"menu_order":0,"comment_status":"closed","ping_status":"closed","template":"","meta":{"footnotes":""},"class_list":["post-1415","page","type-page","status-publish","hentry"],"_links":{"self":[{"href":"https:\/\/www.topohvar.at\/topo\/wp-json\/wp\/v2\/pages\/1415","targetHints":{"allow":["GET"]}}],"collection":[{"href":"https:\/\/www.topohvar.at\/topo\/wp-json\/wp\/v2\/pages"}],"about":[{"href":"https:\/\/www.topohvar.at\/topo\/wp-json\/wp\/v2\/types\/page"}],"author":[{"embeddable":true,"href":"https:\/\/www.topohvar.at\/topo\/wp-json\/wp\/v2\/users\/1"}],"replies":[{"embeddable":true,"href":"https:\/\/www.topohvar.at\/topo\/wp-json\/wp\/v2\/comments?post=1415"}],"version-history":[{"count":18,"href":"https:\/\/www.topohvar.at\/topo\/wp-json\/wp\/v2\/pages\/1415\/revisions"}],"predecessor-version":[{"id":47891,"href":"https:\/\/www.topohvar.at\/topo\/wp-json\/wp\/v2\/pages\/1415\/revisions\/47891"}],"up":[{"embeddable":true,"href":"https:\/\/www.topohvar.at\/topo\/wp-json\/wp\/v2\/pages\/70"}],"wp:attachment":[{"href":"https:\/\/www.topohvar.at\/topo\/wp-json\/wp\/v2\/media?parent=1415"}],"curies":[{"name":"wp","href":"https:\/\/api.w.org\/{rel}","templated":true}]}}

GROMIN DOLAC &#8211; Kula »Obradić-Bevilaqua (danas Machiedo)«

<p><a name="seite_oben"></a><br />
<strong><img loading="lazy" decoding="async" class="alignnone wp-image-1420 size-large" src="https://www.topohvar.at/wp-content/uploads/2018/07/gd-td-01-1-1024x503.jpg" alt="" width="640" height="314" srcset="https://www.topohvar.at/wp-content/uploads/2018/07/gd-td-01-1-1024x503.jpg 1024w, https://www.topohvar.at/wp-content/uploads/2018/07/gd-td-01-1-300x147.jpg 300w, https://www.topohvar.at/wp-content/uploads/2018/07/gd-td-01-1-768x377.jpg 768w" sizes="auto, (max-width: 640px) 100vw, 640px" /></strong></p>
<p><strong>Ime / Name<br />
</strong>Kula »Obradić-Bevilaqua (danas Machiedo)« / Turm »Obradić-Bevilaqua (heute Machiedo)«</p>
<p><strong>Code: </strong>GD-TD-01                                              <strong> <a href="https://www.topohvar.at/orte/gd/"><img loading="lazy" decoding="async" class="alignnone wp-image-535 size-full" src="https://www.topohvar.at/wp-content/uploads/2018/07/push-o-30.jpg" alt="" width="61" height="30" /></a> </strong></p>
<hr />
<p><strong>Adresa / Adresse<br />
</strong>Gromin Dolac</p>
<p><strong>Lokacija / Position<a href="https://goo.gl/maps/612yutAVJQU5KyfH6"><img loading="lazy" decoding="async" class="alignright wp-image-1421" src="https://www.topohvar.at/wp-content/uploads/2018/07/0108.jpg" alt="" width="134" height="100" /></a><br />
</strong><span style="color: #3366ff;"><a style="color: #3366ff;" href="https://goo.gl/maps/612yutAVJQU5KyfH6">Latitude: N 43,12933°   Longitude: E 16,72766°</a> </span><strong><br />
</strong>Visina / Höhe: 63 m</p>
<p><strong>Katastarska čestica / Grundstücke<br />
</strong>*413, *653 (DKP Jelsa)<div class='content-column one_half'><div style="padding-right:6px;"><p><strong>Datum snimanja / Erfassungsdatum<br />
</strong>25.05.2015 09:31:00</p>
<hr />
<p><strong>Informacije</strong></p>
<p>Kulu Machiedo, smještenu u središtu naselja Gromin Dolca, sagrdio je oko 1660.g. Ivan Obradić kao obrambenu građevinu. Ivan Obradić Bevilaqua (1619-1673) je bio brodovlasnik koji se istakao u sudjelovanju u obrani Dalmacij e od Turaka. Njegova kuća bila je u Jelsi.</p></div></div><div class='content-column one_half last_column'><div style="padding-right:0px;padding-left:6px;"><p><strong>Stupanj zaštite / Schutzstellung<br />
</strong>Z-4945</p>
<hr />
<p><strong>Info</strong></p>
<p>Der Turm Machiedo, im Zentrum der Siedlung Gromin Dolac gelegen, wurde um 1660 von Ivan Obradic zur Verteidigung errichtet. Ivan Obradić Bevilaqua (1619-1673) war Reeder und machte sich bei der Verteidigung Dalmatiens von den die Türken verdient. Sein Haus befand sich in Jelsa.</p></div></div><div class='clear_column'></div><div class='content-column one_half'><div style="padding-right:6px;"><p>On je poslije uspješnog sudjelovanja u obrani Splita 1657. godine, proglašen vitezom Sv. Marka, a za nagradu je dobio posjed oko Gromin Dolca. Nedugo poslije investiture gradi ovu kulu kao gospodarsko i obrambeno središte posjeda.</p></div></div><div class='content-column one_half last_column'><div style="padding-right:0px;padding-left:6px;"><p>Nach seiner erfolgreichen Teilnahme an der Verteidigung von Split im Jahre 1657 wurde er zum Ritter des hl. Mark geschlagen, und als Belohnung kam er in den Besitz von Gromin Dolac. Kurz danach wurde dieser Turm als Wirtschafts- und Verteidigungszentrum des Anwesens errichtet.</p></div></div><div class='clear_column'></div><div class='content-column one_half'><div style="padding-right:6px;"><p>Osim kule na svojem posjedu Bevilaqua je sudjelovao u gradnji fortifikacija na otokum, o čemu svjedoči tekst diplome o promaknuću u čast viteza Sv. Marka iz 1670. Godine.</p></div></div><div class='content-column one_half last_column'><div style="padding-right:0px;padding-left:6px;"><p>Neben dem Turmbau auf seinem Grundstück nahm er an der Errichtung von Befestigungsanlagen auf der Insel teil, wie aus dem Text eines Beförderungsdiploms zu Ehren des Ritters des hl. Mark aus dem Jahr 1670 hervorgeht:</p></div></div><div class='clear_column'></div><div class='content-column one_half'><div style="padding-right:6px;"><p>Kula je jedan od starih arhitektonskih oblika u narodnoj arhitekturi. To je osebujni tip utvrđene kuće po pravilu kvadratičnog tlocrta. Kula je kvadratičnog tlocrta veličine 6,7 x 6,7 m s prizemljem i dva kata, a glavni je ulaz zapadne strane. S istočne strane ima sporedan ulaz. Kula je građena od kamena, s kovom na četiri vode.</p></div></div><div class='content-column one_half last_column'><div style="padding-right:0px;padding-left:6px;"><p>Der Turm hat die typischen Formen alter Volksarchitektur. Er hat die unverwechselbare Struktur eines befestigten Hauses mit quadratischen Grundriss. Der Turm hat ein quadratisches Erdgeschoss von 6,7 x 6,7 m und zwei obere Etagen. Der Haupteingang befindet sich auf der Westseite. Auf der Ostseite gibt es einen Seiteneingang. Der Turm ist aus Stein errichtet und besitzt ein Zeltdach.</p></div></div><div class='clear_column'></div><div class='content-column one_half'><div style="padding-right:6px;"><p>Nagib tla i njegovo pravilno korištenje omogućili su dva ulaza u kulu s razine tla. Gospodarski ulaz je s glavnog puta naselja, a drugi reprezentativniji za zaklonjenog proširenja puta koji vodi do zajedničke gustirne. Na drugi kat dolazi se unutarnjim stubištem u prostor podijeljen drvenim pregradama. Maleni otvori na kuli orijentirani su na sve četiri strane svijeta i još više potvrđuju njenu obrambenu funkciju.</p></div></div><div class='content-column one_half last_column'><div style="padding-right:0px;padding-left:6px;"><p>Die Geländeneigung ermöglichten den direkten Eintritt in zwei Geschoße des Turms. Der Wirtschaftseingang von der Hauptstraße her, und der andere, der repräsentativere von der geschützten Verlängerung der Straße her, die zur gemeinsamen Zisterne führt. In den zweiten Stock kommt man über eine interne Treppe zu einem Raum, der durch hölzerne Trennwände geteilt wird. Kleine Öffnungen sind an allen vier Himmelrichtungen und bestätigen die Verteidigungsfunktion noch stärker.</p></div></div><div class='clear_column'></div><div class='content-column one_half'><div style="padding-right:6px;"><p>Danas je kula obnovljena. Kula Machiedo svojom je arhitekturom dala obliježje naselju Gromin Dolac i pored toga što arhitektonski izraz nije izraz tradicijske arhitekture, ali ona koristi neke tog područja. Kula Machiedo jedna je od rijetkih zdanja te namjene na otoku Hvaru. Sličan toranj nalazi u uvali Kožija u Gdinj.</p></div></div><div class='content-column one_half last_column'><div style="padding-right:0px;padding-left:6px;"><p>Heute ist der Turm renoviert. Der Turm Machiedo hat Gromin Dolac etwas von seiner Architektur gegeben. Trotz der Tatsache, dass seine Architektur nicht Ausdruck der traditionellen Architektur ist, zeigt er etwas aus der Gegend. Der Turm ist eines der wenigen Gebäude dieser Art auf der Insel Hvar. Ein ähnlicher Turm befindet sich in der Bucht Kožija in Gdinj.</p></div></div><div class='clear_column'></div><div class='content-column one_half'><div style="padding-right:6px;"><p>Registar kulturnih dobara Republike Hrvatske br. 01/2011. Datum tiskanog izdanja: 04. 08. 2011. Broj registra Z-4945</p></div></div><div class='content-column one_half last_column'><div style="padding-right:0px;padding-left:6px;"><p>Register der Kulturgüter der Republik Kroatien Nr. 01/2011. Veröffentlichungsdatum: 04. 08. 2011. Registriernummer Z-4945</p></div></div><div class='clear_column'></div></p>
<p style="text-align: right;"><span style="color: #3366ff;"><a style="color: #3366ff;" href="#seite_oben">natrag na vrh / Seitenanfang</a></span><a name="po"></a></p>
<hr />
<p><strong>Linkovi / Links</strong></p>
<p><span style="color: #3366ff;"><a style="color: #3366ff;" href="https://www.topohvar.at/orte/je/je-tg-17-1/">Kuća Ivana Obradić Bevilaqua / Haus des Ivan Obradić Bevilaqua</a></span><br />
<span style="color: #3366ff;"><a style="color: #3366ff;" href="https://www.topohvar.at/orte/gj/gj-td-01-1/">Gdinj &#8211; Kula u uvali Kožija / Turm in der Bucht Kožija</a></span></p>

<p>Ime / Name Kula »Obradić-Bevilaqua (danas Machiedo)« / Turm »Obradić-Bevilaqua (heute Machiedo)« Code: GD-TD-01                                               Adresa / Adresse Gromin &hellip; <a href="https://www.topohvar.at/topo/orte/gd/gd-td-01-2/">Weiterlesen <span class="meta-nav">&rarr;</span></a></p>
