{"id":14167,"date":"2018-12-29T07:31:53","date_gmt":"2018-12-29T06:31:53","guid":{"rendered":"https:\/\/www.topohvar.at\/?page_id=14167"},"modified":"2021-11-10T11:28:44","modified_gmt":"2021-11-10T10:28:44","slug":"hv-ca-06-1","status":"publish","type":"page","link":"https:\/\/www.topohvar.at\/topo\/orte\/hv\/hv-ca-06-1\/","title":{"rendered":"HVAR &#8211; Biv\u0161i benediktinski samostan \u00bbSv. Marije od Lesnje\u00ab"},"content":{"rendered":"<p><a name=\"seite_oben\"><\/a><br \/>\n<img loading=\"lazy\" decoding=\"async\" class=\"alignnone wp-image-387 size-full\" src=\"https:\/\/www.topohvar.at\/wp-content\/uploads\/2018\/07\/00-00-00-1.jpg\" alt=\"\" width=\"114\" height=\"56\" \/><\/p>\n<p><strong>Ime \/ Name<br \/>\n<\/strong>Biv\u0161i benediktinski samostan \u00bbSv. Marije od Lesnje\u00ab \/ ehemaliges Benediktinerkloster der hl. Maria von Hvar<\/p>\n<p><strong>Code: <\/strong>HV-CA-06\u00a0 \u00a0 \u00a0 \u00a0 \u00a0 \u00a0 \u00a0 \u00a0 \u00a0 \u00a0 \u00a0 \u00a0 \u00a0 \u00a0 \u00a0 \u00a0 \u00a0 \u00a0\u00a0<a href=\"https:\/\/www.topohvar.at\/orte\/hv\/hv-ck-01-1\/\"><img loading=\"lazy\" decoding=\"async\" class=\"alignnone wp-image-12300 size-full\" src=\"https:\/\/www.topohvar.at\/wp-content\/uploads\/2018\/09\/push-vor-30.jpg\" alt=\"\" width=\"61\" height=\"30\" \/><\/a>\u00a0<strong><a href=\"https:\/\/www.topohvar.at\/orte\/hv\/hv-ca-05-1\/\"><img loading=\"lazy\" decoding=\"async\" class=\"alignnone wp-image-533 size-full\" src=\"https:\/\/www.topohvar.at\/wp-content\/uploads\/2018\/07\/push-l-30.jpg\" alt=\"\" width=\"61\" height=\"30\" \/><\/a> <a href=\"https:\/\/www.topohvar.at\/orte\/hv\/\"><img loading=\"lazy\" decoding=\"async\" class=\"alignnone wp-image-535 size-full\" src=\"https:\/\/www.topohvar.at\/wp-content\/uploads\/2018\/07\/push-o-30.jpg\" alt=\"\" width=\"61\" height=\"30\" \/><\/a> <a href=\"https:\/\/www.topohvar.at\/orte\/hv\/hv-ca-01-1\/\"><img loading=\"lazy\" decoding=\"async\" class=\"alignnone wp-image-536 size-full\" src=\"https:\/\/www.topohvar.at\/wp-content\/uploads\/2018\/07\/push-r-30.jpg\" alt=\"\" width=\"61\" height=\"30\" \/><\/a>\u00a0<a href=\"https:\/\/www.topohvar.at\/orte\/hv\/hv-ci-01-1\/\"><img loading=\"lazy\" decoding=\"async\" class=\"alignnone wp-image-12299 size-full\" src=\"https:\/\/www.topohvar.at\/wp-content\/uploads\/2018\/09\/push-next-30.jpg\" alt=\"\" width=\"61\" height=\"30\" \/><\/a><\/strong><\/p>\n<hr \/>\n<p><strong>Adresa \/ Adresse<br \/>\n<\/strong>Grad Hvar,\u00a0Trg sv. Stjepana 26, Biskopija<\/p>\n<p><strong>Lokacija \/ Position<a href=\"https:\/\/goo.gl\/maps\/bCrhXJcxtTGL5WWK7\"><img loading=\"lazy\" decoding=\"async\" class=\"alignright wp-image-15618\" src=\"https:\/\/www.topohvar.at\/wp-content\/uploads\/2019\/01\/0316.jpg\" alt=\"\" width=\"134\" height=\"100\" \/><\/a><br \/>\n<\/strong><a href=\"https:\/\/goo.gl\/maps\/bCrhXJcxtTGL5WWK7\">Latitude: N 43,17233\u00b0\u00a0 \u00a0Longitude: E 16,44345\u00b0<\/a> <strong><br \/>\n<\/strong>Visina \/ H\u00f6he: 4 m<\/p>\n<p><strong>Katastarska \u010destica <\/strong><strong>\/ Grundst\u00fccke<br \/>\n<\/strong>*173, 403<div class='content-column one_half'><div style=\"padding-right:6px;\"><p><strong>Datum snimanja \/ Erfassungsdatum<br \/>\n<\/strong>27.05.2013 17:00:00<\/p>\n<hr \/>\n<p><strong>Informacije<\/strong><\/p>\n<p>Srednjovjekovni benediktinski samostan s crkvom sv Marie od Lesne je bila smje\u0161tena na mjestu gdje je danas katedrala sv Papa Stefan.<\/p><\/div><\/div><div class='content-column one_half last_column'><div style=\"padding-right:0px;padding-left:6px;\"><p><strong>Stupanj za\u0161tite<\/strong><strong> \/ Schutzstellung<br \/>\n<\/strong>&#8211;<\/p>\n<hr \/>\n<p><strong>Info<\/strong><\/p>\n<p>Das mittelalterliche Benediktinerkloster mit der Kirche der hl. Maria von Hvar befand sich an der Stelle, wo heute die Kathedrale des hl. Papstes Stefan steht.<\/p><\/div><\/div><div class='clear_column'><\/div><div class='content-column one_half'><div style=\"padding-right:6px;\"><p>Starost imena Sv. Marije od Lesne mogla bi se mo\u017eda odre\u0111ivati po vremenu osnivanja benediktinskog samostana u Hvaru, \u0161to na\u017ealost nije poznato, ali najranije u 6. st., kada je osnovan red.<\/p><\/div><\/div><div class='content-column one_half last_column'><div style=\"padding-right:0px;padding-left:6px;\"><p>Das Alter des Namens Sv. Maria von Lesne k\u00f6nnte auf die Zeit der Gr\u00fcndung des Benediktinerklosters in Hvar bestimmt werden. Der Zeitpunkt der Gr\u00fcndung ist leider nicht bekannt, w\u00e4re aber fr\u00fchestens im 6. Jahrhundert, als der Orden gegr\u00fcndet wurde, anzusetzen.<\/p><\/div><\/div><div class='clear_column'><\/div><div class='content-column one_half'><div style=\"padding-right:6px;\"><p>Crkva je bio vjerojatno bizantskog, lu\u010dkog, odnosno, pomorskog sveti\u0161ta. Od svog po\u010detka do 13. stolje\u0107a je bio pomorsko uto\u010di\u0161te. benediktinske crkve je morala imati nekakvu utvrdu za obranu u neposrednoj blizini ili ba\u0161 zvonik.<\/p><\/div><\/div><div class='content-column one_half last_column'><div style=\"padding-right:0px;padding-left:6px;\"><p>Die Kirche war wahrscheinlich ein byzantinisches, Hafen- oder Marienheiligtum. Seit seiner Gr\u00fcndung bis zum 13. Jahrhundert war es ein maritimer Zufluchtsort. Sie musste in unmittelbarer N\u00e4he eine Art Verteidigungsfestung oder nur einen Glockenturm haben.<\/p><\/div><\/div><div class='clear_column'><\/div><div class='content-column one_half'><div style=\"padding-right:6px;\"><p>Benediktinskog samostana i crkve Sv. Marije od Lesne odavno vi\u0161e nema, a na mjestu na kojemu su se nalazili stolje\u0107ima su biskupski dvor i Katedrala.<\/p><\/div><\/div><div class='content-column one_half last_column'><div style=\"padding-right:0px;padding-left:6px;\"><p>Das Benediktinerkloster und die Kirche der hl. Maria von Hvar sind heute l\u00e4ngst verschwunden, und an ihrer Stelle wurden Bischofspalast und die Kathedrale errichtet.<\/p><\/div><\/div><div class='clear_column'><\/div><\/p>\n<p style=\"text-align: right;\"><span style=\"color: #3366ff;\"><a style=\"color: #3366ff;\" href=\"#seite_oben\">natrag na vrh \/ Seitenanfang<\/a><\/span><\/p>\n<hr \/>\n<p><strong>Linkovi \/ Links<\/strong><\/p>\n<p><span style=\"color: #3366ff;\"><a style=\"color: #3366ff;\" href=\"https:\/\/www.topohvar.at\/topo\/orte\/hv\/hv-ci-01-1\/\">Katedrala \u00bbSv. Stjepan I. papostola i mu\u010denik\u00ab \/ Kathedrale des hl. Stefan I., Papst und M\u00e4rtyrer<\/a><br \/>\n<a style=\"color: #3366ff;\" href=\"https:\/\/www.topohvar.at\/orte\/hv\/hv-tg-75-1\/\">Zgrada \u00bbBiskupski Dvor\u00ab \/ Geb\u00e4ude Bischofspalast<\/a><\/span><br \/>\n<span style=\"color: #3366ff;\"><a style=\"color: #3366ff;\" href=\"https:\/\/www.topohvar.at\/orte\/hv\/hv-ig-09-1\/\">Grb \u00bbiznad\u00a0ulaza u biskupski dvor\u00ab \/ Wappen \u00fcber dem Eingang zum Bischofspalast<\/a><\/span><br \/>\n<span style=\"color: #3366ff;\"><a style=\"color: #3366ff;\" href=\"https:\/\/www.topohvar.at\/orte\/hv\/hv-ig-47-1\/\">Grb \u00bbu dvori\u0161tu biskupskog dvora (1)\u00ab \/ Wappen im Hof des Bischofspalastes (1)<\/a><\/span><br \/>\n<span style=\"color: #3366ff;\"><a style=\"color: #3366ff;\" href=\"https:\/\/www.topohvar.at\/orte\/hv\/hv-ig-48-1\/\">Grb \u00bbu dvori\u0161tu biskupskog dvora (2)\u00ab \/ Wappen im Hof des Bischofspalastes (2)<\/a><\/span><br \/>\n<span style=\"color: #3366ff;\"><a style=\"color: #3366ff;\" href=\"https:\/\/www.topohvar.at\/orte\/hv\/hv-ir-49-1\/\">Reljef plo\u010da \/ Reliefplatte \u00bbIUBILAEUM A.D. 2000\u00ab<\/a><\/span><br \/>\n<span style=\"color: #3366ff;\"><a style=\"color: #3366ff;\" href=\"https:\/\/www.topohvar.at\/orte\/hv\/hv-is-40-1\/\">Spomen plo\u010da \/ Gedenktafel \u00bbIstas riboli sic Petrus &#8230;\u00ab<\/a><\/span><br \/>\n<span style=\"color: #3366ff;\"><a style=\"color: #3366ff;\" href=\"https:\/\/www.topohvar.at\/orte\/hv\/hv-is-41-1\/\">Spomen plo\u010da \/ Gedenktafel \u00bbGeorgius Dubokovich\u00ab<\/a><\/span><br \/>\n<span style=\"color: #3366ff;\"><a style=\"color: #3366ff;\" href=\"https:\/\/www.topohvar.at\/orte\/hv\/hv-mo-16-1\/\">Bista \/ B\u00fcste \u00bbMsgr. Mihi Pusicu\u00ab<\/a><\/span><br \/>\n<span style=\"color: #3366ff;\"><a style=\"color: #3366ff;\" href=\"https:\/\/www.topohvar.at\/orte\/hv\/hv-op-10-1\/\">Objekt \u00bb3 gustirne u vrtu biskupskog dvora\u00ab \/ 3 Brunnen im Garten des Bischofpalastes<\/a><\/span><\/p>\n","protected":false},"excerpt":{"rendered":"<p>Ime \/ Name Biv\u0161i benediktinski samostan \u00bbSv. Marije od Lesnje\u00ab \/ ehemaliges Benediktinerkloster der hl. Maria von Hvar Code: HV-CA-06\u00a0 \u00a0 \u00a0 \u00a0 \u00a0 \u00a0 \u00a0 \u00a0 \u00a0 \u00a0 \u00a0 \u00a0 \u00a0 \u00a0 \u00a0 \u00a0 \u00a0 \u00a0\u00a0\u00a0 \u00a0 Adresa \/ &hellip; <a href=\"https:\/\/www.topohvar.at\/topo\/orte\/hv\/hv-ca-06-1\/\">Weiterlesen <span class=\"meta-nav\">&rarr;<\/span><\/a><\/p>\n","protected":false},"author":1,"featured_media":0,"parent":80,"menu_order":0,"comment_status":"closed","ping_status":"closed","template":"","meta":{"footnotes":""},"class_list":["post-14167","page","type-page","status-publish","hentry"],"_links":{"self":[{"href":"https:\/\/www.topohvar.at\/topo\/wp-json\/wp\/v2\/pages\/14167","targetHints":{"allow":["GET"]}}],"collection":[{"href":"https:\/\/www.topohvar.at\/topo\/wp-json\/wp\/v2\/pages"}],"about":[{"href":"https:\/\/www.topohvar.at\/topo\/wp-json\/wp\/v2\/types\/page"}],"author":[{"embeddable":true,"href":"https:\/\/www.topohvar.at\/topo\/wp-json\/wp\/v2\/users\/1"}],"replies":[{"embeddable":true,"href":"https:\/\/www.topohvar.at\/topo\/wp-json\/wp\/v2\/comments?post=14167"}],"version-history":[{"count":14,"href":"https:\/\/www.topohvar.at\/topo\/wp-json\/wp\/v2\/pages\/14167\/revisions"}],"predecessor-version":[{"id":53384,"href":"https:\/\/www.topohvar.at\/topo\/wp-json\/wp\/v2\/pages\/14167\/revisions\/53384"}],"up":[{"embeddable":true,"href":"https:\/\/www.topohvar.at\/topo\/wp-json\/wp\/v2\/pages\/80"}],"wp:attachment":[{"href":"https:\/\/www.topohvar.at\/topo\/wp-json\/wp\/v2\/media?parent=14167"}],"curies":[{"name":"wp","href":"https:\/\/api.w.org\/{rel}","templated":true}]}}

HVAR &#8211; Bivši benediktinski samostan »Sv. Marije od Lesnje«

<p><a name="seite_oben"></a><br />
<img loading="lazy" decoding="async" class="alignnone wp-image-387 size-full" src="https://www.topohvar.at/wp-content/uploads/2018/07/00-00-00-1.jpg" alt="" width="114" height="56" /></p>
<p><strong>Ime / Name<br />
</strong>Bivši benediktinski samostan »Sv. Marije od Lesnje« / ehemaliges Benediktinerkloster der hl. Maria von Hvar</p>
<p><strong>Code: </strong>HV-CA-06                                    <a href="https://www.topohvar.at/orte/hv/hv-ck-01-1/"><img loading="lazy" decoding="async" class="alignnone wp-image-12300 size-full" src="https://www.topohvar.at/wp-content/uploads/2018/09/push-vor-30.jpg" alt="" width="61" height="30" /></a> <strong><a href="https://www.topohvar.at/orte/hv/hv-ca-05-1/"><img loading="lazy" decoding="async" class="alignnone wp-image-533 size-full" src="https://www.topohvar.at/wp-content/uploads/2018/07/push-l-30.jpg" alt="" width="61" height="30" /></a> <a href="https://www.topohvar.at/orte/hv/"><img loading="lazy" decoding="async" class="alignnone wp-image-535 size-full" src="https://www.topohvar.at/wp-content/uploads/2018/07/push-o-30.jpg" alt="" width="61" height="30" /></a> <a href="https://www.topohvar.at/orte/hv/hv-ca-01-1/"><img loading="lazy" decoding="async" class="alignnone wp-image-536 size-full" src="https://www.topohvar.at/wp-content/uploads/2018/07/push-r-30.jpg" alt="" width="61" height="30" /></a> <a href="https://www.topohvar.at/orte/hv/hv-ci-01-1/"><img loading="lazy" decoding="async" class="alignnone wp-image-12299 size-full" src="https://www.topohvar.at/wp-content/uploads/2018/09/push-next-30.jpg" alt="" width="61" height="30" /></a></strong></p>
<hr />
<p><strong>Adresa / Adresse<br />
</strong>Grad Hvar, Trg sv. Stjepana 26, Biskopija</p>
<p><strong>Lokacija / Position<a href="https://goo.gl/maps/bCrhXJcxtTGL5WWK7"><img loading="lazy" decoding="async" class="alignright wp-image-15618" src="https://www.topohvar.at/wp-content/uploads/2019/01/0316.jpg" alt="" width="134" height="100" /></a><br />
</strong><a href="https://goo.gl/maps/bCrhXJcxtTGL5WWK7">Latitude: N 43,17233°   Longitude: E 16,44345°</a> <strong><br />
</strong>Visina / Höhe: 4 m</p>
<p><strong>Katastarska čestica </strong><strong>/ Grundstücke<br />
</strong>*173, 403<div class='content-column one_half'><div style="padding-right:6px;"><p><strong>Datum snimanja / Erfassungsdatum<br />
</strong>27.05.2013 17:00:00</p>
<hr />
<p><strong>Informacije</strong></p>
<p>Srednjovjekovni benediktinski samostan s crkvom sv Marie od Lesne je bila smještena na mjestu gdje je danas katedrala sv Papa Stefan.</p></div></div><div class='content-column one_half last_column'><div style="padding-right:0px;padding-left:6px;"><p><strong>Stupanj zaštite</strong><strong> / Schutzstellung<br />
</strong>&#8211;</p>
<hr />
<p><strong>Info</strong></p>
<p>Das mittelalterliche Benediktinerkloster mit der Kirche der hl. Maria von Hvar befand sich an der Stelle, wo heute die Kathedrale des hl. Papstes Stefan steht.</p></div></div><div class='clear_column'></div><div class='content-column one_half'><div style="padding-right:6px;"><p>Starost imena Sv. Marije od Lesne mogla bi se možda određivati po vremenu osnivanja benediktinskog samostana u Hvaru, što nažalost nije poznato, ali najranije u 6. st., kada je osnovan red.</p></div></div><div class='content-column one_half last_column'><div style="padding-right:0px;padding-left:6px;"><p>Das Alter des Namens Sv. Maria von Lesne könnte auf die Zeit der Gründung des Benediktinerklosters in Hvar bestimmt werden. Der Zeitpunkt der Gründung ist leider nicht bekannt, wäre aber frühestens im 6. Jahrhundert, als der Orden gegründet wurde, anzusetzen.</p></div></div><div class='clear_column'></div><div class='content-column one_half'><div style="padding-right:6px;"><p>Crkva je bio vjerojatno bizantskog, lučkog, odnosno, pomorskog svetišta. Od svog početka do 13. stoljeća je bio pomorsko utočište. benediktinske crkve je morala imati nekakvu utvrdu za obranu u neposrednoj blizini ili baš zvonik.</p></div></div><div class='content-column one_half last_column'><div style="padding-right:0px;padding-left:6px;"><p>Die Kirche war wahrscheinlich ein byzantinisches, Hafen- oder Marienheiligtum. Seit seiner Gründung bis zum 13. Jahrhundert war es ein maritimer Zufluchtsort. Sie musste in unmittelbarer Nähe eine Art Verteidigungsfestung oder nur einen Glockenturm haben.</p></div></div><div class='clear_column'></div><div class='content-column one_half'><div style="padding-right:6px;"><p>Benediktinskog samostana i crkve Sv. Marije od Lesne odavno više nema, a na mjestu na kojemu su se nalazili stoljećima su biskupski dvor i Katedrala.</p></div></div><div class='content-column one_half last_column'><div style="padding-right:0px;padding-left:6px;"><p>Das Benediktinerkloster und die Kirche der hl. Maria von Hvar sind heute längst verschwunden, und an ihrer Stelle wurden Bischofspalast und die Kathedrale errichtet.</p></div></div><div class='clear_column'></div></p>
<p style="text-align: right;"><span style="color: #3366ff;"><a style="color: #3366ff;" href="#seite_oben">natrag na vrh / Seitenanfang</a></span></p>
<hr />
<p><strong>Linkovi / Links</strong></p>
<p><span style="color: #3366ff;"><a style="color: #3366ff;" href="https://www.topohvar.at/topo/orte/hv/hv-ci-01-1/">Katedrala »Sv. Stjepan I. papostola i mučenik« / Kathedrale des hl. Stefan I., Papst und Märtyrer</a><br />
<a style="color: #3366ff;" href="https://www.topohvar.at/orte/hv/hv-tg-75-1/">Zgrada »Biskupski Dvor« / Gebäude Bischofspalast</a></span><br />
<span style="color: #3366ff;"><a style="color: #3366ff;" href="https://www.topohvar.at/orte/hv/hv-ig-09-1/">Grb »iznad ulaza u biskupski dvor« / Wappen über dem Eingang zum Bischofspalast</a></span><br />
<span style="color: #3366ff;"><a style="color: #3366ff;" href="https://www.topohvar.at/orte/hv/hv-ig-47-1/">Grb »u dvorištu biskupskog dvora (1)« / Wappen im Hof des Bischofspalastes (1)</a></span><br />
<span style="color: #3366ff;"><a style="color: #3366ff;" href="https://www.topohvar.at/orte/hv/hv-ig-48-1/">Grb »u dvorištu biskupskog dvora (2)« / Wappen im Hof des Bischofspalastes (2)</a></span><br />
<span style="color: #3366ff;"><a style="color: #3366ff;" href="https://www.topohvar.at/orte/hv/hv-ir-49-1/">Reljef ploča / Reliefplatte »IUBILAEUM A.D. 2000«</a></span><br />
<span style="color: #3366ff;"><a style="color: #3366ff;" href="https://www.topohvar.at/orte/hv/hv-is-40-1/">Spomen ploča / Gedenktafel »Istas riboli sic Petrus &#8230;«</a></span><br />
<span style="color: #3366ff;"><a style="color: #3366ff;" href="https://www.topohvar.at/orte/hv/hv-is-41-1/">Spomen ploča / Gedenktafel »Georgius Dubokovich«</a></span><br />
<span style="color: #3366ff;"><a style="color: #3366ff;" href="https://www.topohvar.at/orte/hv/hv-mo-16-1/">Bista / Büste »Msgr. Mihi Pusicu«</a></span><br />
<span style="color: #3366ff;"><a style="color: #3366ff;" href="https://www.topohvar.at/orte/hv/hv-op-10-1/">Objekt »3 gustirne u vrtu biskupskog dvora« / 3 Brunnen im Garten des Bischofpalastes</a></span></p>

<p>Ime / Name Bivši benediktinski samostan »Sv. Marije od Lesnje« / ehemaliges Benediktinerkloster der hl. Maria von Hvar Code: HV-CA-06                                        Adresa / &hellip; <a href="https://www.topohvar.at/topo/orte/hv/hv-ca-06-1/">Weiterlesen <span class="meta-nav">&rarr;</span></a></p>
