{"id":14258,"date":"2018-12-29T12:48:25","date_gmt":"2018-12-29T11:48:25","guid":{"rendered":"https:\/\/www.topohvar.at\/?page_id=14258"},"modified":"2021-11-10T11:49:22","modified_gmt":"2021-11-10T10:49:22","slug":"hv-ck-05-1","status":"publish","type":"page","link":"https:\/\/www.topohvar.at\/topo\/orte\/hv\/hv-ck-05-1\/","title":{"rendered":"HVAR &#8211; Ostaci crkvice \u00bbSv. Pelegrina\u00ab"},"content":{"rendered":"<p><a name=\"seite_oben\"><\/a><br \/>\n<img loading=\"lazy\" decoding=\"async\" class=\"alignleft wp-image-40919 size-full\" src=\"https:\/\/www.topohvar.at\/wp-content\/uploads\/2020\/09\/hv-ck-05-11.jpg\" alt=\"\" width=\"640\" height=\"315\" srcset=\"https:\/\/www.topohvar.at\/wp-content\/uploads\/2020\/09\/hv-ck-05-11.jpg 640w, https:\/\/www.topohvar.at\/wp-content\/uploads\/2020\/09\/hv-ck-05-11-300x148.jpg 300w\" sizes=\"auto, (max-width: 640px) 100vw, 640px\" \/><\/p>\n<p><strong>Ime \/ Name<br \/>\n<\/strong>Ostaci crkvice \u00bbSv. Pelegrina\u00ab \/ Reste der Kirche St. Pelegrin<\/p>\n<p><strong>Code: <\/strong>HV-CK-05\u00a0 \u00a0 \u00a0 \u00a0 \u00a0 \u00a0 \u00a0 \u00a0 \u00a0 \u00a0 \u00a0 \u00a0 \u00a0 \u00a0 \u00a0 \u00a0 \u00a0 \u00a0\u00a0<a href=\"https:\/\/www.topohvar.at\/hv-ci-01-1\/\"><img loading=\"lazy\" decoding=\"async\" class=\"alignnone wp-image-12300 size-full\" src=\"https:\/\/www.topohvar.at\/wp-content\/uploads\/2018\/09\/push-vor-30.jpg\" alt=\"\" width=\"61\" height=\"30\" \/><\/a>\u00a0<strong><a href=\"https:\/\/www.topohvar.at\/orte\/hv\/hv-ck-02-1\/\"><img loading=\"lazy\" decoding=\"async\" class=\"alignnone wp-image-533 size-full\" src=\"https:\/\/www.topohvar.at\/wp-content\/uploads\/2018\/07\/push-l-30.jpg\" alt=\"\" width=\"61\" height=\"30\" \/><\/a> <a href=\"https:\/\/www.topohvar.at\/orte\/hv\/\"><img loading=\"lazy\" decoding=\"async\" class=\"alignnone wp-image-535 size-full\" src=\"https:\/\/www.topohvar.at\/wp-content\/uploads\/2018\/07\/push-o-30.jpg\" alt=\"\" width=\"61\" height=\"30\" \/><\/a> <a href=\"https:\/\/www.topohvar.at\/orte\/hv\/hv-ck-06-1\/\"><img loading=\"lazy\" decoding=\"async\" class=\"alignnone wp-image-536 size-full\" src=\"https:\/\/www.topohvar.at\/wp-content\/uploads\/2018\/07\/push-r-30.jpg\" alt=\"\" width=\"61\" height=\"30\" \/><\/a>\u00a0<a href=\"https:\/\/www.topohvar.at\/hv-ca-01-1\/\"><img loading=\"lazy\" decoding=\"async\" class=\"alignnone wp-image-12299 size-full\" src=\"https:\/\/www.topohvar.at\/wp-content\/uploads\/2018\/09\/push-next-30.jpg\" alt=\"\" width=\"61\" height=\"30\" \/><\/a><\/strong><\/p>\n<hr \/>\n<p><strong>Adresa \/ Adresse<br \/>\n<\/strong>Hvar,\u00a0Rt \/ Kap Pelegrin<\/p>\n<p><strong>Lokacija \/ Position<a href=\"https:\/\/goo.gl\/maps\/Bdawq6qxjFvXt5Ku5\"><img loading=\"lazy\" decoding=\"async\" class=\"alignright wp-image-15765\" src=\"https:\/\/www.topohvar.at\/wp-content\/uploads\/2019\/01\/0235.jpg\" alt=\"\" width=\"134\" height=\"100\" \/><\/a><br \/>\n<\/strong><span style=\"color: #3366ff;\"><a style=\"color: #3366ff;\" href=\"https:\/\/goo.gl\/maps\/Bdawq6qxjFvXt5Ku5\">Latitude: N 43,19538\u00b0\u00a0 \u00a0Longitude: E 16,36747\u00b0<\/a> <\/span><strong><br \/>\n<\/strong>Visina \/ H\u00f6he: 25 m<\/p>\n<p><strong>Katastarska \u010destica<\/strong><strong>\u00a0\/ Grundst\u00fccke<br \/>\n<\/strong>*1<div class='content-column one_half'><div style=\"padding-right:6px;\"><p><strong>Datum snimanja \/ Erfassungsdatum<br \/>\n<\/strong>01.01.2000 00:00:00<\/p>\n<hr \/>\n<p><strong>Informacije<\/strong><\/p>\n<p>Na rtu Pelegrin, na zapadnom rtu otoka Hvara, nalaze se ostaci jednobrodne crkve \u010detverokutnog oblika (5,10 x 9 m) s izdu\u017eenom \u010detvrtastom apsidom. Zidovi su zidani pravilnim \u010detvrtastim kamenom u pravilnim nizovima. Nisu sa\u010duvani tragova otvora, kao ni pro\u010delni zid. Nisu vidljivi ni tragovi plo\u010dnika u unutra\u0161njosti. Apsida crkve se nalazi na istoku. Po pravilnom na\u010dinu zidanja u slojevima i tlocrtom obliku datira se u razdoblje XV. \u2013 XVI. stolje\u0107a. Ali crkva se spominje u hvarskom Statutu iz 1331.<\/p><\/div><\/div><div class='content-column one_half last_column'><div style=\"padding-right:0px;padding-left:6px;\"><p><strong>Stupanj za\u0161tite<\/strong><strong> \/ Schutzstellung<br \/>\n<\/strong>Z-5875, RST 476-1970, RST 875, RST 876<strong><br \/>\n<\/strong><\/p>\n<hr \/>\n<p><strong>Info<\/strong><\/p>\n<p>Am Kap Pelegrin, an der westlichen Spitze der Insel Hvar befinden sich die \u00dcberreste einer einschiffigen Kirche (5,10 x 9 m) mit l\u00e4nglicher viereckiger Apsis. Die W\u00e4nde sind mit regelm\u00e4\u00dfigen quadratischen Steinen in regelm\u00e4\u00dfigen Reihen gebaut. Von der \u00d6ffnung war keine Spur erhalten, ebenso wenig wie die Vorderwand. Im Innenraum sind keine Spuren des Pflasters sichtbar. Die Apsis der Kirche befindet sich im Osten. Nach der richtigen Methode des Mauerwerks in Schichten und Layout stammt es aus der Zeit XV. &#8211; 16. Jahrhundert. Die Kirche wird allerdings bereits im Hvarer Statut von 1331 erw\u00e4hnt.<\/p><\/div><\/div><div class='clear_column'><\/div><\/p>\n<hr \/>\n<div class='content-column one_half'><div style=\"padding-right:6px;\"><p>\u017dupnik je sa suradnicima obi\u0161ao ovu crkvu u o\u017eujku 2013. kada je o\u010di\u0161\u0107ena od raslinja, a postojala je ideja ds se uredi i staza do nje te da se jednom na godinu uz nju slavi misa (usp. <em>Kruvenica<\/em> 25\/2013., 45). No, na realizaciju te ideje se jo\u0161 \u010deka Blagoslov novopostavljenog kri\u017ea bila bi lijepa prigoda za prvu misu u ostacima crkve nakon mnogo stolje\u0107a.<\/p><\/div><\/div><div class='content-column one_half last_column'><div style=\"padding-right:0px;padding-left:6px;\"><p>Der Pfarrer besuchte mit seinen Mitarbeitern diese Kirche im M\u00e4rz 2013. Sie wurde von Bewuchs befreit, und es gab die Idee, sie zu pflegen und einmal im Jahr sich auf den Weg zu machen um dort zu feiern (vgl. Kruvenica 25\/2013, 45). Aber die Verwirklichung dieser Idee steht noch aus. Die Segnung eines neu errichteten Kreuzes w\u00e4re eine sch\u00f6ne Gelegenheit f\u00fcr die erste Messe in den Resten der Kirche nach vielen Jahrhunderten.<\/p><\/div><\/div><div class='clear_column'><\/div><\/p>\n<p style=\"text-align: center;\"><em>(Izvor \/ Quelle: Jo\u0161ko Bracanovi\u0107, Kruvenica)<\/em><\/p>\n<hr \/>\n<p style=\"text-align: left;\"><div class='content-column one_half'><div style=\"padding-right:6px;\"><p>No pri\u010da o Pelegrinu ima i svoju tu\u017enu stranu. Od osnutka Republike Hrvatske prostor Pelegrina je podr\u017eavljen i dan Hrvatskim \u0161umama. Tako se dogodilo da je prostor koji je cijelo vrijeme pripadao Hvaru to vi\u0161e nije. Jedan dio Pelegrina dan je u koncesiju stranim i doma\u0107im bogatim poduzetnicima. Kako su posljednjih godina prenosili mediji, koncesija je vrlo malena, niti simboli\u010dna \u2013 iznosi 107 000 kn godi\u0161nje, \u0161to na 6km \u010detvornih ispada 2 lipe po kvadratu.<\/p><\/div><\/div><div class='content-column one_half last_column'><div style=\"padding-right:0px;padding-left:6px;\"><p>Aber die Geschichte von Pelegrin hat auch ihre traurige Seite. Seit der Gr\u00fcndung der Republik Kroatien wurde das Gebiet von Pelegrin f\u00fcr &#8222;Tag der kroatischen W\u00e4lder&#8220; verstaatlicht. So kam es, dass das Gebiet, das die ganze Zeit zur Stadt Hvar geh\u00f6rte, nicht mehr zug\u00e4nglich ist. Ein Teil von Pelegrin wurde als Konzession an ausl\u00e4ndische und inl\u00e4ndische reiche Unternehmer vergeben. Wie die Medien in den letzten Jahren berichtet haben, sind die Kosten f\u00fcr die Konzession sehr klein und symbolisch &#8211; sie bel\u00e4uft sich auf 107.000 kn pro Jahr, was 6 Cent pro Quadratmeter f\u00fcr die 6 km\u00b2 entspricht.<\/p><\/div><\/div><div class='clear_column'><\/div><\/p>\n<p style=\"text-align: center;\"><em>(Izvor \/ Quelle: Blog &#8211; blues za dobri otok)<\/em><\/p>\n<p style=\"text-align: right;\"><span style=\"color: #3366ff;\"><a style=\"color: #3366ff;\" href=\"#seite_oben\">natrag na vrh \/ Seitenanfang<\/a><\/span><\/p>\n<hr \/>\n<p><strong>Linkovi \/ Links<\/strong><\/p>\n<p><span style=\"color: #3366ff;\"><a style=\"color: #3366ff;\" href=\"https:\/\/www.topohvar.at\/orte\/hv\/hv-cz-05-1\/\">Kameni kri\u017e na rtu \/ Steinkreuz amKap<\/a><\/span><br \/>\n<span style=\"color: #3366ff;\"><a style=\"color: #3366ff;\" href=\"https:\/\/www.topohvar.at\/orte\/hv\/hv-cz-06-1\/\">Kri\u017e kod crkve sv. Pelegrina \/ Kreuz bei der Kirche des hl. Pelegrin kod crkve sv. Pelegrina<\/a>\u00a0<\/span><br \/>\n<span style=\"color: #3366ff;\"><a style=\"color: #3366ff;\" href=\"https:\/\/www.topohvar.at\/orte\/hv\/hv-os-01-1\/\">Objekt \u00bbSvjetionik na Rt. Pelegrin\u00ab \/ Leuchtfeuer am Kap Pelegrin<\/a><\/span><\/p>\n","protected":false},"excerpt":{"rendered":"<p>Ime \/ Name Ostaci crkvice \u00bbSv. Pelegrina\u00ab \/ Reste der Kirche St. Pelegrin Code: HV-CK-05\u00a0 \u00a0 \u00a0 \u00a0 \u00a0 \u00a0 \u00a0 \u00a0 \u00a0 \u00a0 \u00a0 \u00a0 \u00a0 \u00a0 \u00a0 \u00a0 \u00a0 \u00a0\u00a0\u00a0 \u00a0 Adresa \/ Adresse Hvar,\u00a0Rt \/ Kap Pelegrin &hellip; <a href=\"https:\/\/www.topohvar.at\/topo\/orte\/hv\/hv-ck-05-1\/\">Weiterlesen <span class=\"meta-nav\">&rarr;<\/span><\/a><\/p>\n","protected":false},"author":1,"featured_media":0,"parent":80,"menu_order":0,"comment_status":"closed","ping_status":"closed","template":"","meta":{"footnotes":""},"class_list":["post-14258","page","type-page","status-publish","hentry"],"_links":{"self":[{"href":"https:\/\/www.topohvar.at\/topo\/wp-json\/wp\/v2\/pages\/14258","targetHints":{"allow":["GET"]}}],"collection":[{"href":"https:\/\/www.topohvar.at\/topo\/wp-json\/wp\/v2\/pages"}],"about":[{"href":"https:\/\/www.topohvar.at\/topo\/wp-json\/wp\/v2\/types\/page"}],"author":[{"embeddable":true,"href":"https:\/\/www.topohvar.at\/topo\/wp-json\/wp\/v2\/users\/1"}],"replies":[{"embeddable":true,"href":"https:\/\/www.topohvar.at\/topo\/wp-json\/wp\/v2\/comments?post=14258"}],"version-history":[{"count":18,"href":"https:\/\/www.topohvar.at\/topo\/wp-json\/wp\/v2\/pages\/14258\/revisions"}],"predecessor-version":[{"id":53405,"href":"https:\/\/www.topohvar.at\/topo\/wp-json\/wp\/v2\/pages\/14258\/revisions\/53405"}],"up":[{"embeddable":true,"href":"https:\/\/www.topohvar.at\/topo\/wp-json\/wp\/v2\/pages\/80"}],"wp:attachment":[{"href":"https:\/\/www.topohvar.at\/topo\/wp-json\/wp\/v2\/media?parent=14258"}],"curies":[{"name":"wp","href":"https:\/\/api.w.org\/{rel}","templated":true}]}}

<p><a name="seite_oben"></a><br />
<img loading="lazy" decoding="async" class="alignleft wp-image-40919 size-full" src="https://www.topohvar.at/wp-content/uploads/2020/09/hv-ck-05-11.jpg" alt="" width="640" height="315" srcset="https://www.topohvar.at/wp-content/uploads/2020/09/hv-ck-05-11.jpg 640w, https://www.topohvar.at/wp-content/uploads/2020/09/hv-ck-05-11-300x148.jpg 300w" sizes="auto, (max-width: 640px) 100vw, 640px" /></p>
<p><strong>Ime / Name<br />
</strong>Ostaci crkvice »Sv. Pelegrina« / Reste der Kirche St. Pelegrin</p>
<p><strong>Code: </strong>HV-CK-05                                    <a href="https://www.topohvar.at/hv-ci-01-1/"><img loading="lazy" decoding="async" class="alignnone wp-image-12300 size-full" src="https://www.topohvar.at/wp-content/uploads/2018/09/push-vor-30.jpg" alt="" width="61" height="30" /></a> <strong><a href="https://www.topohvar.at/orte/hv/hv-ck-02-1/"><img loading="lazy" decoding="async" class="alignnone wp-image-533 size-full" src="https://www.topohvar.at/wp-content/uploads/2018/07/push-l-30.jpg" alt="" width="61" height="30" /></a> <a href="https://www.topohvar.at/orte/hv/"><img loading="lazy" decoding="async" class="alignnone wp-image-535 size-full" src="https://www.topohvar.at/wp-content/uploads/2018/07/push-o-30.jpg" alt="" width="61" height="30" /></a> <a href="https://www.topohvar.at/orte/hv/hv-ck-06-1/"><img loading="lazy" decoding="async" class="alignnone wp-image-536 size-full" src="https://www.topohvar.at/wp-content/uploads/2018/07/push-r-30.jpg" alt="" width="61" height="30" /></a> <a href="https://www.topohvar.at/hv-ca-01-1/"><img loading="lazy" decoding="async" class="alignnone wp-image-12299 size-full" src="https://www.topohvar.at/wp-content/uploads/2018/09/push-next-30.jpg" alt="" width="61" height="30" /></a></strong></p>
<hr />
<p><strong>Adresa / Adresse<br />
</strong>Hvar, Rt / Kap Pelegrin</p>
<p><strong>Lokacija / Position<a href="https://goo.gl/maps/Bdawq6qxjFvXt5Ku5"><img loading="lazy" decoding="async" class="alignright wp-image-15765" src="https://www.topohvar.at/wp-content/uploads/2019/01/0235.jpg" alt="" width="134" height="100" /></a><br />
</strong><span style="color: #3366ff;"><a style="color: #3366ff;" href="https://goo.gl/maps/Bdawq6qxjFvXt5Ku5">Latitude: N 43,19538°   Longitude: E 16,36747°</a> </span><strong><br />
</strong>Visina / Höhe: 25 m</p>
<p><strong>Katastarska čestica</strong><strong> / Grundstücke<br />
</strong>*1<div class='content-column one_half'><div style="padding-right:6px;"><p><strong>Datum snimanja / Erfassungsdatum<br />
</strong>01.01.2000 00:00:00</p>
<hr />
<p><strong>Informacije</strong></p>
<p>Na rtu Pelegrin, na zapadnom rtu otoka Hvara, nalaze se ostaci jednobrodne crkve četverokutnog oblika (5,10 x 9 m) s izduženom četvrtastom apsidom. Zidovi su zidani pravilnim četvrtastim kamenom u pravilnim nizovima. Nisu sačuvani tragova otvora, kao ni pročelni zid. Nisu vidljivi ni tragovi pločnika u unutrašnjosti. Apsida crkve se nalazi na istoku. Po pravilnom načinu zidanja u slojevima i tlocrtom obliku datira se u razdoblje XV. – XVI. stoljeća. Ali crkva se spominje u hvarskom Statutu iz 1331.</p></div></div><div class='content-column one_half last_column'><div style="padding-right:0px;padding-left:6px;"><p><strong>Stupanj zaštite</strong><strong> / Schutzstellung<br />
</strong>Z-5875, RST 476-1970, RST 875, RST 876<strong><br />
</strong></p>
<hr />
<p><strong>Info</strong></p>
<p>Am Kap Pelegrin, an der westlichen Spitze der Insel Hvar befinden sich die Überreste einer einschiffigen Kirche (5,10 x 9 m) mit länglicher viereckiger Apsis. Die Wände sind mit regelmäßigen quadratischen Steinen in regelmäßigen Reihen gebaut. Von der Öffnung war keine Spur erhalten, ebenso wenig wie die Vorderwand. Im Innenraum sind keine Spuren des Pflasters sichtbar. Die Apsis der Kirche befindet sich im Osten. Nach der richtigen Methode des Mauerwerks in Schichten und Layout stammt es aus der Zeit XV. &#8211; 16. Jahrhundert. Die Kirche wird allerdings bereits im Hvarer Statut von 1331 erwähnt.</p></div></div><div class='clear_column'></div></p>
<hr />
<div class='content-column one_half'><div style="padding-right:6px;"><p>Župnik je sa suradnicima obišao ovu crkvu u ožujku 2013. kada je očišćena od raslinja, a postojala je ideja ds se uredi i staza do nje te da se jednom na godinu uz nju slavi misa (usp. <em>Kruvenica</em> 25/2013., 45). No, na realizaciju te ideje se još čeka Blagoslov novopostavljenog križa bila bi lijepa prigoda za prvu misu u ostacima crkve nakon mnogo stoljeća.</p></div></div><div class='content-column one_half last_column'><div style="padding-right:0px;padding-left:6px;"><p>Der Pfarrer besuchte mit seinen Mitarbeitern diese Kirche im März 2013. Sie wurde von Bewuchs befreit, und es gab die Idee, sie zu pflegen und einmal im Jahr sich auf den Weg zu machen um dort zu feiern (vgl. Kruvenica 25/2013, 45). Aber die Verwirklichung dieser Idee steht noch aus. Die Segnung eines neu errichteten Kreuzes wäre eine schöne Gelegenheit für die erste Messe in den Resten der Kirche nach vielen Jahrhunderten.</p></div></div><div class='clear_column'></div></p>
<p style="text-align: center;"><em>(Izvor / Quelle: Joško Bracanović, Kruvenica)</em></p>
<hr />
<p style="text-align: left;"><div class='content-column one_half'><div style="padding-right:6px;"><p>No priča o Pelegrinu ima i svoju tužnu stranu. Od osnutka Republike Hrvatske prostor Pelegrina je podržavljen i dan Hrvatskim šumama. Tako se dogodilo da je prostor koji je cijelo vrijeme pripadao Hvaru to više nije. Jedan dio Pelegrina dan je u koncesiju stranim i domaćim bogatim poduzetnicima. Kako su posljednjih godina prenosili mediji, koncesija je vrlo malena, niti simbolična – iznosi 107 000 kn godišnje, što na 6km četvornih ispada 2 lipe po kvadratu.</p></div></div><div class='content-column one_half last_column'><div style="padding-right:0px;padding-left:6px;"><p>Aber die Geschichte von Pelegrin hat auch ihre traurige Seite. Seit der Gründung der Republik Kroatien wurde das Gebiet von Pelegrin für &#8222;Tag der kroatischen Wälder&#8220; verstaatlicht. So kam es, dass das Gebiet, das die ganze Zeit zur Stadt Hvar gehörte, nicht mehr zugänglich ist. Ein Teil von Pelegrin wurde als Konzession an ausländische und inländische reiche Unternehmer vergeben. Wie die Medien in den letzten Jahren berichtet haben, sind die Kosten für die Konzession sehr klein und symbolisch &#8211; sie beläuft sich auf 107.000 kn pro Jahr, was 6 Cent pro Quadratmeter für die 6 km² entspricht.</p></div></div><div class='clear_column'></div></p>
<p style="text-align: center;"><em>(Izvor / Quelle: Blog &#8211; blues za dobri otok)</em></p>
<p style="text-align: right;"><span style="color: #3366ff;"><a style="color: #3366ff;" href="#seite_oben">natrag na vrh / Seitenanfang</a></span></p>
<hr />
<p><strong>Linkovi / Links</strong></p>
<p><span style="color: #3366ff;"><a style="color: #3366ff;" href="https://www.topohvar.at/orte/hv/hv-cz-05-1/">Kameni križ na rtu / Steinkreuz amKap</a></span><br />
<span style="color: #3366ff;"><a style="color: #3366ff;" href="https://www.topohvar.at/orte/hv/hv-cz-06-1/">Križ kod crkve sv. Pelegrina / Kreuz bei der Kirche des hl. Pelegrin kod crkve sv. Pelegrina</a> </span><br />
<span style="color: #3366ff;"><a style="color: #3366ff;" href="https://www.topohvar.at/orte/hv/hv-os-01-1/">Objekt »Svjetionik na Rt. Pelegrin« / Leuchtfeuer am Kap Pelegrin</a></span></p>
