{"id":14331,"date":"2018-12-30T08:34:58","date_gmt":"2018-12-30T07:34:58","guid":{"rendered":"https:\/\/www.topohvar.at\/?page_id=14331"},"modified":"2021-11-12T15:31:01","modified_gmt":"2021-11-12T14:31:01","slug":"hv-cs-04-1","status":"publish","type":"page","link":"https:\/\/www.topohvar.at\/topo\/orte\/hv\/hv-cs-04-1\/","title":{"rendered":"HVAR &#8211; Kapelica \u00bbSv. Jelena\u00ab"},"content":{"rendered":"<p><a name=\"seite_oben\"><\/a><br \/>\n<img loading=\"lazy\" decoding=\"async\" class=\"alignnone wp-image-14320 size-large\" src=\"https:\/\/www.topohvar.at\/wp-content\/uploads\/2018\/12\/hv-cs-04-1-1024x503.jpg\" alt=\"\" width=\"640\" height=\"314\" srcset=\"https:\/\/www.topohvar.at\/wp-content\/uploads\/2018\/12\/hv-cs-04-1-1024x503.jpg 1024w, https:\/\/www.topohvar.at\/wp-content\/uploads\/2018\/12\/hv-cs-04-1-300x147.jpg 300w, https:\/\/www.topohvar.at\/wp-content\/uploads\/2018\/12\/hv-cs-04-1-768x377.jpg 768w, https:\/\/www.topohvar.at\/wp-content\/uploads\/2018\/12\/hv-cs-04-1.jpg 1080w\" sizes=\"auto, (max-width: 640px) 100vw, 640px\" \/><\/p>\n<p><strong>Ime \/ Name<br \/>\n<\/strong>Kapelica \u00bbSv. Jelena\u00ab \/ Bildstock der hl. Helena<\/p>\n<p><strong>Code: <\/strong>HV-CS-04\u00a0 \u00a0 \u00a0 \u00a0 \u00a0 \u00a0 \u00a0 \u00a0 \u00a0 \u00a0 \u00a0 \u00a0 \u00a0 \u00a0 \u00a0 \u00a0 \u00a0 \u00a0 \u00a0<strong><a href=\"https:\/\/www.topohvar.at\/orte\/hv\/hv-cs-05-1\/\"><img loading=\"lazy\" decoding=\"async\" class=\"alignnone wp-image-533 size-full\" src=\"https:\/\/www.topohvar.at\/wp-content\/uploads\/2018\/07\/push-l-30.jpg\" alt=\"\" width=\"61\" height=\"30\" \/><\/a> <a href=\"https:\/\/www.topohvar.at\/orte\/hv\/\"><img loading=\"lazy\" decoding=\"async\" class=\"alignnone wp-image-535 size-full\" src=\"https:\/\/www.topohvar.at\/wp-content\/uploads\/2018\/07\/push-o-30.jpg\" alt=\"\" width=\"61\" height=\"30\" \/><\/a> <a href=\"https:\/\/www.topohvar.at\/orte\/hv\/hv-cs-06-1\/\"><img loading=\"lazy\" decoding=\"async\" class=\"alignnone wp-image-536 size-full\" src=\"https:\/\/www.topohvar.at\/wp-content\/uploads\/2018\/07\/push-r-30.jpg\" alt=\"\" width=\"61\" height=\"30\" \/><\/a>\u00a0<\/strong><\/p>\n<hr \/>\n<p><strong>Adresa \/ Adresse<br \/>\n<\/strong>Grad Hvar,\u00a0Trg sv. Stjepana 33, ku\u0107a Novak-Kogo<\/p>\n<p><strong>Lokacija \/ Position<a href=\"https:\/\/goo.gl\/maps\/uLGNNjUTf3mGpR6k7\"><img loading=\"lazy\" decoding=\"async\" class=\"alignright wp-image-15860\" src=\"https:\/\/www.topohvar.at\/wp-content\/uploads\/2019\/01\/0240.jpg\" alt=\"\" width=\"134\" height=\"100\" \/><\/a><br \/>\n<\/strong><span style=\"color: #3366ff;\"><a style=\"color: #3366ff;\" href=\"https:\/\/goo.gl\/maps\/uLGNNjUTf3mGpR6k7\">Latitude: N 43,17216\u00b0\u00a0 \u00a0Longitude: E 16,44241\u00b0<\/a> <\/span><strong><br \/>\n<\/strong>Visina \/ H\u00f6he: 2 m<\/p>\n<p><strong>Katastarska \u010destica \/ Grundst\u00fccke<br \/>\n<\/strong>*195<div class='content-column one_half'><div style=\"padding-right:6px;\"><p><strong>Datum snimanja \/ Erfassungsdatum<br \/>\n<\/strong>16.02.2015 11:20:26<\/p>\n<hr \/>\n<p><strong>Informacije<\/strong><\/p>\n<p>Reljef sv. Jelene s kri\u017eem i natpisom S. ELENA na razmotanom svitku nalazi se na ku\u0107i Novak-Kogo na Pjaci u ni\u0161i na isto\u010dnom rubu sjevernog pro\u010delja u visini spoja prizemlja i prvog kata.<\/p><\/div><\/div><div class='content-column one_half last_column'><div style=\"padding-right:0px;padding-left:6px;\"><p><strong>Stupanj za\u0161tite \/ Schutzstellung<br \/>\n<\/strong>&#8211;<\/p>\n<hr \/>\n<p><strong>Info<\/strong><\/p>\n<p>Das Relief der hl. Jelena mit Kreuz und der Inschrift S. ELENA auf einer gerundeten Schriftrolle befindet sich am Haus Novak-Kogo auf der Piazza in einer Nische am \u00f6stlichen Rand der Nordfassade auf der H\u00f6he des Erdgeschosses und der ersten Etage.<\/p><\/div><\/div><div class='clear_column'><\/div><div class='content-column one_half'><div style=\"padding-right:6px;\"><p>Kako su uz ovu ku\u0107u ve\u0107 du\u017ee vrijeme vezane gostione i restorani, pojedinci su reljef proglasili sv. Martinelom \/ \u017eenska varijanta sv. Martina \/ tj. za\u0161titnicom lokalnih vinopija).<\/p><\/div><\/div><div class='content-column one_half last_column'><div style=\"padding-right:0px;padding-left:6px;\"><p>Da Gasth\u00e4user und Restaurants seit langem mit diesem Haus verbunden sind, gab es oft einzelne Reliefs mit dem hl. Martin oder der weiblichen Variante der hl. Martina, dh. den Schutzpatronen der lokalen Weintrinker.<\/p><\/div><\/div><div class='clear_column'><\/div><\/p>\n<p style=\"text-align: right;\"><span style=\"color: #3366ff;\"><a style=\"color: #3366ff;\" href=\"#seite_oben\">natrag na vrh \/ Seitenanfang<\/a><\/span><\/p>\n<hr \/>\n<p><strong>Linkovi \/ Links<\/strong><\/p>\n<p><span style=\"color: #3366ff;\">&#8211;<\/span><\/p>\n","protected":false},"excerpt":{"rendered":"<p>Ime \/ Name Kapelica \u00bbSv. Jelena\u00ab \/ Bildstock der hl. Helena Code: HV-CS-04\u00a0 \u00a0 \u00a0 \u00a0 \u00a0 \u00a0 \u00a0 \u00a0 \u00a0 \u00a0 \u00a0 \u00a0 \u00a0 \u00a0 \u00a0 \u00a0 \u00a0 \u00a0 \u00a0 \u00a0 Adresa \/ Adresse Grad Hvar,\u00a0Trg sv. Stjepana 33, &hellip; <a href=\"https:\/\/www.topohvar.at\/topo\/orte\/hv\/hv-cs-04-1\/\">Weiterlesen <span class=\"meta-nav\">&rarr;<\/span><\/a><\/p>\n","protected":false},"author":1,"featured_media":0,"parent":80,"menu_order":0,"comment_status":"closed","ping_status":"closed","template":"","meta":{"footnotes":""},"class_list":["post-14331","page","type-page","status-publish","hentry"],"_links":{"self":[{"href":"https:\/\/www.topohvar.at\/topo\/wp-json\/wp\/v2\/pages\/14331","targetHints":{"allow":["GET"]}}],"collection":[{"href":"https:\/\/www.topohvar.at\/topo\/wp-json\/wp\/v2\/pages"}],"about":[{"href":"https:\/\/www.topohvar.at\/topo\/wp-json\/wp\/v2\/types\/page"}],"author":[{"embeddable":true,"href":"https:\/\/www.topohvar.at\/topo\/wp-json\/wp\/v2\/users\/1"}],"replies":[{"embeddable":true,"href":"https:\/\/www.topohvar.at\/topo\/wp-json\/wp\/v2\/comments?post=14331"}],"version-history":[{"count":10,"href":"https:\/\/www.topohvar.at\/topo\/wp-json\/wp\/v2\/pages\/14331\/revisions"}],"predecessor-version":[{"id":53432,"href":"https:\/\/www.topohvar.at\/topo\/wp-json\/wp\/v2\/pages\/14331\/revisions\/53432"}],"up":[{"embeddable":true,"href":"https:\/\/www.topohvar.at\/topo\/wp-json\/wp\/v2\/pages\/80"}],"wp:attachment":[{"href":"https:\/\/www.topohvar.at\/topo\/wp-json\/wp\/v2\/media?parent=14331"}],"curies":[{"name":"wp","href":"https:\/\/api.w.org\/{rel}","templated":true}]}}

<p><a name="seite_oben"></a><br />
<img loading="lazy" decoding="async" class="alignnone wp-image-14320 size-large" src="https://www.topohvar.at/wp-content/uploads/2018/12/hv-cs-04-1-1024x503.jpg" alt="" width="640" height="314" srcset="https://www.topohvar.at/wp-content/uploads/2018/12/hv-cs-04-1-1024x503.jpg 1024w, https://www.topohvar.at/wp-content/uploads/2018/12/hv-cs-04-1-300x147.jpg 300w, https://www.topohvar.at/wp-content/uploads/2018/12/hv-cs-04-1-768x377.jpg 768w, https://www.topohvar.at/wp-content/uploads/2018/12/hv-cs-04-1.jpg 1080w" sizes="auto, (max-width: 640px) 100vw, 640px" /></p>
<p><strong>Ime / Name<br />
</strong>Kapelica »Sv. Jelena« / Bildstock der hl. Helena</p>
<p><strong>Code: </strong>HV-CS-04                                     <strong><a href="https://www.topohvar.at/orte/hv/hv-cs-05-1/"><img loading="lazy" decoding="async" class="alignnone wp-image-533 size-full" src="https://www.topohvar.at/wp-content/uploads/2018/07/push-l-30.jpg" alt="" width="61" height="30" /></a> <a href="https://www.topohvar.at/orte/hv/"><img loading="lazy" decoding="async" class="alignnone wp-image-535 size-full" src="https://www.topohvar.at/wp-content/uploads/2018/07/push-o-30.jpg" alt="" width="61" height="30" /></a> <a href="https://www.topohvar.at/orte/hv/hv-cs-06-1/"><img loading="lazy" decoding="async" class="alignnone wp-image-536 size-full" src="https://www.topohvar.at/wp-content/uploads/2018/07/push-r-30.jpg" alt="" width="61" height="30" /></a> </strong></p>
<hr />
<p><strong>Adresa / Adresse<br />
</strong>Grad Hvar, Trg sv. Stjepana 33, kuća Novak-Kogo</p>
<p><strong>Lokacija / Position<a href="https://goo.gl/maps/uLGNNjUTf3mGpR6k7"><img loading="lazy" decoding="async" class="alignright wp-image-15860" src="https://www.topohvar.at/wp-content/uploads/2019/01/0240.jpg" alt="" width="134" height="100" /></a><br />
</strong><span style="color: #3366ff;"><a style="color: #3366ff;" href="https://goo.gl/maps/uLGNNjUTf3mGpR6k7">Latitude: N 43,17216°   Longitude: E 16,44241°</a> </span><strong><br />
</strong>Visina / Höhe: 2 m</p>
<p><strong>Katastarska čestica / Grundstücke<br />
</strong>*195<div class='content-column one_half'><div style="padding-right:6px;"><p><strong>Datum snimanja / Erfassungsdatum<br />
</strong>16.02.2015 11:20:26</p>
<hr />
<p><strong>Informacije</strong></p>
<p>Reljef sv. Jelene s križem i natpisom S. ELENA na razmotanom svitku nalazi se na kući Novak-Kogo na Pjaci u niši na istočnom rubu sjevernog pročelja u visini spoja prizemlja i prvog kata.</p></div></div><div class='content-column one_half last_column'><div style="padding-right:0px;padding-left:6px;"><p><strong>Stupanj zaštite / Schutzstellung<br />
</strong>&#8211;</p>
<hr />
<p><strong>Info</strong></p>
<p>Das Relief der hl. Jelena mit Kreuz und der Inschrift S. ELENA auf einer gerundeten Schriftrolle befindet sich am Haus Novak-Kogo auf der Piazza in einer Nische am östlichen Rand der Nordfassade auf der Höhe des Erdgeschosses und der ersten Etage.</p></div></div><div class='clear_column'></div><div class='content-column one_half'><div style="padding-right:6px;"><p>Kako su uz ovu kuću već duže vrijeme vezane gostione i restorani, pojedinci su reljef proglasili sv. Martinelom / ženska varijanta sv. Martina / tj. zaštitnicom lokalnih vinopija).</p></div></div><div class='content-column one_half last_column'><div style="padding-right:0px;padding-left:6px;"><p>Da Gasthäuser und Restaurants seit langem mit diesem Haus verbunden sind, gab es oft einzelne Reliefs mit dem hl. Martin oder der weiblichen Variante der hl. Martina, dh. den Schutzpatronen der lokalen Weintrinker.</p></div></div><div class='clear_column'></div></p>
<p style="text-align: right;"><span style="color: #3366ff;"><a style="color: #3366ff;" href="#seite_oben">natrag na vrh / Seitenanfang</a></span></p>
<hr />
<p><strong>Linkovi / Links</strong></p>
<p><span style="color: #3366ff;">&#8211;</span></p>
