{"id":14343,"date":"2018-12-30T09:21:45","date_gmt":"2018-12-30T08:21:45","guid":{"rendered":"https:\/\/www.topohvar.at\/?page_id=14343"},"modified":"2021-11-12T15:36:43","modified_gmt":"2021-11-12T14:36:43","slug":"hv-cz-02-1","status":"publish","type":"page","link":"https:\/\/www.topohvar.at\/topo\/orte\/hv\/hv-cz-02-1\/","title":{"rendered":"HVAR &#8211; Kri\u017e \u00bbKamenkri\u017ea\u00ab"},"content":{"rendered":"<p><a name=\"seite_oben\"><\/a><br \/>\n<img loading=\"lazy\" decoding=\"async\" class=\"alignnone wp-image-14346 size-large\" src=\"https:\/\/www.topohvar.at\/wp-content\/uploads\/2018\/12\/HV-CZ-02-1-1024x503.jpg\" alt=\"\" width=\"640\" height=\"314\" srcset=\"https:\/\/www.topohvar.at\/wp-content\/uploads\/2018\/12\/HV-CZ-02-1-1024x503.jpg 1024w, https:\/\/www.topohvar.at\/wp-content\/uploads\/2018\/12\/HV-CZ-02-1-300x147.jpg 300w, https:\/\/www.topohvar.at\/wp-content\/uploads\/2018\/12\/HV-CZ-02-1-768x377.jpg 768w, https:\/\/www.topohvar.at\/wp-content\/uploads\/2018\/12\/HV-CZ-02-1.jpg 1080w\" sizes=\"auto, (max-width: 640px) 100vw, 640px\" \/><\/p>\n<p><strong>Ime \/ Name<br \/>\n<\/strong>Kri\u017e \u00bbKamenkri\u017ea\u00ab \/ Kreuz Steinkreuz<\/p>\n<p><strong>Code: <\/strong>HV-CZ-02\u00a0 \u00a0 \u00a0 \u00a0 \u00a0 \u00a0 \u00a0 \u00a0 \u00a0 \u00a0 \u00a0 \u00a0 \u00a0 \u00a0 \u00a0 \u00a0 \u00a0 \u00a0 \u00a0<strong><a href=\"https:\/\/www.topohvar.at\/orte\/hv\/hv-cz-07-1\/\"><img loading=\"lazy\" decoding=\"async\" class=\"alignnone wp-image-533 size-full\" src=\"https:\/\/www.topohvar.at\/wp-content\/uploads\/2018\/07\/push-l-30.jpg\" alt=\"\" width=\"61\" height=\"30\" \/><\/a> <a href=\"https:\/\/www.topohvar.at\/orte\/hv\/\"><img loading=\"lazy\" decoding=\"async\" class=\"alignnone wp-image-535 size-full\" src=\"https:\/\/www.topohvar.at\/wp-content\/uploads\/2018\/07\/push-o-30.jpg\" alt=\"\" width=\"61\" height=\"30\" \/><\/a> <a href=\"https:\/\/www.topohvar.at\/orte\/hv\/hv-cz-03-1\/\"><img loading=\"lazy\" decoding=\"async\" class=\"alignnone wp-image-536 size-full\" src=\"https:\/\/www.topohvar.at\/wp-content\/uploads\/2018\/07\/push-r-30.jpg\" alt=\"\" width=\"61\" height=\"30\" \/><\/a>\u00a0<\/strong><\/p>\n<hr \/>\n<p><strong>Adresa \/ Adresse<br \/>\n<\/strong>Grad Hvar,\u00a0Gojova sv. Marak<\/p>\n<p><strong>Lokacija<\/strong><strong> \/ Position<a href=\"https:\/\/goo.gl\/maps\/mQ8RKZPuXiYfBfxY7\"><img loading=\"lazy\" decoding=\"async\" class=\"alignright wp-image-15886\" src=\"https:\/\/www.topohvar.at\/wp-content\/uploads\/2019\/01\/0257.jpg\" alt=\"\" width=\"134\" height=\"100\" \/><\/a><br \/>\n<\/strong><span style=\"color: #3366ff;\"><a style=\"color: #3366ff;\" href=\"https:\/\/goo.gl\/maps\/mQ8RKZPuXiYfBfxY7\">Latitude: N 43,17240\u00b0\u00a0 \u00a0Longitude: E 16,43866\u00b0<\/a> <\/span><strong><br \/>\n<\/strong>Visina \/ H\u00f6he: 32 m<\/p>\n<p><strong>Katastarska \u010destica<\/strong><strong> \/ Grundst\u00fccke<br \/>\n<\/strong>168\/15<div class='content-column one_half'><div style=\"padding-right:6px;\"><p><strong>Datum snimanja \/ Erfassungsdatum<br \/>\n<\/strong>28.10.2014 11:21:53<\/p>\n<hr \/>\n<p><strong>Informacije<\/strong><\/p>\n<p><strong>Kameni Kri\u017e<\/strong><\/p>\n<p>Naziv se odnosi i na sam kri\u017e, na hrid na kojoj stoji, pa i na okolni predio.\u00a0Veli\u010dine je od oko 4,6 m za 1,95 m, a debljine krakova od oko 0,24 metra.\u00a0Svakako je stariji od 1571. g., kad ga na prikazu grada Hvara donosi Gian Francesco Camotio u svom leta\u010dkom atlas u portolanu Isole famose, porti, fortezze e terre marittime \u2026<\/p><\/div><\/div><div class='content-column one_half last_column'><div style=\"padding-right:0px;padding-left:6px;\"><p><strong>Stupanj za\u0161tite<\/strong><strong> \/ Schutzstellung<br \/>\n<\/strong>&#8211;<\/p>\n<hr \/>\n<p><strong>Info<\/strong><\/p>\n<p><strong>Das steinerne Kreuz<\/strong><\/p>\n<p>Der Name bezieht sich auch nicht nur auf das Kreuz selbst, sondern auch auf den Felsen auf dem es steht und dessen Umgebung.\u00a0Die Gr\u00f6\u00dfe betr\u00e4gt etwa 4,6 m x 1,95 m, die Balkenst\u00e4rke etwa 0,24 Meter.\u00a0Es ist sicherlich \u00e4lter als aus dem Jahr 1571, als es von Gian Francesco Camotio in seinem Atlas der H\u00e4fen und Festungen des Mittelmeeres dargestellt wurde &#8230;<\/p><\/div><\/div><div class='clear_column'><\/div><div class='content-column one_half'><div style=\"padding-right:6px;\"><p>O njegovu podignu\u0107u zasad nema pisanih izvora, a natpis na popre\u010dnoj gredi ispod standardnog INRI na \u201etitulusu&#8220; glasi:<\/p><\/div><\/div><div class='content-column one_half last_column'><div style=\"padding-right:0px;padding-left:6px;\"><p>Es gibt keine schriftlichen Quellen f\u00fcr seine Errichtung. Die Inschrift auf dem Querbalken unter der Standardinschrift INRI lautet:<\/p><\/div><\/div><div class='clear_column'><\/div><\/p>\n<p style=\"text-align: center;\">LIG. CRVC. DNI ET. M. S. RE. INT\u00b4<br \/>\n(LIGnum CRUCis DomiNI ET Mariae Salutis REparatae \/ repertae IN Testimonium)<\/p>\n<div class='content-column one_half'><div style=\"padding-right:6px;\"><p>(= drvo kri\u017ea Gospodinova i Marijina, na svjedo\u010danstvo ponovno ste\u010denog spasenja \/ zdravlja)<\/p><\/div><\/div><div class='content-column one_half last_column'><div style=\"padding-right:0px;padding-left:6px;\"><p>(= Holz des Kreuzes des Herrn und Mariens, als Zeugnis der Errettung \/ und wiederhergestellter Gesundheit)<\/p><\/div><\/div><div class='clear_column'><\/div><div class='content-column one_half'><div style=\"padding-right:6px;\"><p>U natpisu se, vjerujem, krije namjerna dvozna\u010dnost: ,,salus&#8220; (ako kratica \u201eS.&#8220; ne zna\u010di: ,,sanitas&#8220;) jest duhovno spasenje \u010dovje\u010danstva, ste\u010deno Isusovom \u017ertvom na kri\u017eu s Marijom kao su\u017ertvom, i time suotkupiteljicom) -no, ujedno ozna\u010dava i tjelesno zdravlje, to\u010dnije, prestanak kuge, polu\u010den\/o zagovorom Krista i Bogorodice.<\/p><\/div><\/div><div class='content-column one_half last_column'><div style=\"padding-right:0px;padding-left:6px;\"><p>In der Inschrift k\u00f6nnte auch zweideutig sein: &#8222;salus&#8220; (wenn das &#8222;S.&#8220; nicht &#8222;sanitas&#8220; bedeutet) ist die geistliche Errettung der Menschheit, die durch Jesu Kreuzesopfer mit Maria als Vorbild erlangt wurde, bedeutet also auch k\u00f6rperliche Gesundheit, genauer gesagt, die Beendigung der Pest, die F\u00fcrsprache Christi und der Gottesmutter.<\/p><\/div><\/div><div class='clear_column'><\/div><\/p>\n<p style=\"text-align: right;\"><span style=\"color: #3366ff;\"><a style=\"color: #3366ff;\" href=\"#seite_oben\">natrag na vrh \/ Seitenanfang<\/a><\/span><\/p>\n<hr \/>\n<p><strong>Linkovi \/ Links<\/strong><\/p>\n<p><span style=\"color: #3366ff;\">&#8211;<\/span><\/p>\n","protected":false},"excerpt":{"rendered":"<p>Ime \/ Name Kri\u017e \u00bbKamenkri\u017ea\u00ab \/ Kreuz Steinkreuz Code: HV-CZ-02\u00a0 \u00a0 \u00a0 \u00a0 \u00a0 \u00a0 \u00a0 \u00a0 \u00a0 \u00a0 \u00a0 \u00a0 \u00a0 \u00a0 \u00a0 \u00a0 \u00a0 \u00a0 \u00a0 \u00a0 Adresa \/ Adresse Grad Hvar,\u00a0Gojova sv. Marak Lokacija \/ Position Latitude: &hellip; <a href=\"https:\/\/www.topohvar.at\/topo\/orte\/hv\/hv-cz-02-1\/\">Weiterlesen <span class=\"meta-nav\">&rarr;<\/span><\/a><\/p>\n","protected":false},"author":1,"featured_media":0,"parent":80,"menu_order":0,"comment_status":"closed","ping_status":"closed","template":"","meta":{"footnotes":""},"class_list":["post-14343","page","type-page","status-publish","hentry"],"_links":{"self":[{"href":"https:\/\/www.topohvar.at\/topo\/wp-json\/wp\/v2\/pages\/14343","targetHints":{"allow":["GET"]}}],"collection":[{"href":"https:\/\/www.topohvar.at\/topo\/wp-json\/wp\/v2\/pages"}],"about":[{"href":"https:\/\/www.topohvar.at\/topo\/wp-json\/wp\/v2\/types\/page"}],"author":[{"embeddable":true,"href":"https:\/\/www.topohvar.at\/topo\/wp-json\/wp\/v2\/users\/1"}],"replies":[{"embeddable":true,"href":"https:\/\/www.topohvar.at\/topo\/wp-json\/wp\/v2\/comments?post=14343"}],"version-history":[{"count":11,"href":"https:\/\/www.topohvar.at\/topo\/wp-json\/wp\/v2\/pages\/14343\/revisions"}],"predecessor-version":[{"id":53438,"href":"https:\/\/www.topohvar.at\/topo\/wp-json\/wp\/v2\/pages\/14343\/revisions\/53438"}],"up":[{"embeddable":true,"href":"https:\/\/www.topohvar.at\/topo\/wp-json\/wp\/v2\/pages\/80"}],"wp:attachment":[{"href":"https:\/\/www.topohvar.at\/topo\/wp-json\/wp\/v2\/media?parent=14343"}],"curies":[{"name":"wp","href":"https:\/\/api.w.org\/{rel}","templated":true}]}}