{"id":14392,"date":"2018-12-30T11:06:17","date_gmt":"2018-12-30T10:06:17","guid":{"rendered":"https:\/\/www.topohvar.at\/?page_id=14392"},"modified":"2024-11-19T14:04:37","modified_gmt":"2024-11-19T13:04:37","slug":"hv-in-05-1","status":"publish","type":"page","link":"https:\/\/www.topohvar.at\/topo\/orte\/hv\/hv-in-05-1\/","title":{"rendered":"HVAR &#8211; Natpis \u00bbMDXIX \/ DIE XXVI SEPTEMBRIS\u00ab"},"content":{"rendered":"<p><a name=\"seite_oben\"><\/a><br \/>\n<img loading=\"lazy\" decoding=\"async\" class=\"alignnone wp-image-14375 size-large\" src=\"https:\/\/www.topohvar.at\/wp-content\/uploads\/2018\/12\/HV-IN-05-1-1024x503.jpg\" alt=\"\" width=\"640\" height=\"314\" srcset=\"https:\/\/www.topohvar.at\/wp-content\/uploads\/2018\/12\/HV-IN-05-1-1024x503.jpg 1024w, https:\/\/www.topohvar.at\/wp-content\/uploads\/2018\/12\/HV-IN-05-1-300x147.jpg 300w, https:\/\/www.topohvar.at\/wp-content\/uploads\/2018\/12\/HV-IN-05-1-768x377.jpg 768w, https:\/\/www.topohvar.at\/wp-content\/uploads\/2018\/12\/HV-IN-05-1.jpg 1080w\" sizes=\"auto, (max-width: 640px) 100vw, 640px\" \/><\/p>\n<p><strong>Ime \/ Name<br \/>\n<\/strong>Natpis \u00bbMDXIX \/ DIE XXVI SEPTEMBRIS\u00ab \/ Inschrift &#8211; 26. September 1519<\/p>\n<p><strong>Code: <\/strong>HV-IN-05\u00a0 \u00a0 \u00a0 \u00a0 \u00a0 \u00a0 \u00a0 \u00a0 \u00a0 \u00a0 \u00a0 \u00a0 \u00a0 \u00a0 \u00a0 \u00a0 \u00a0 \u00a0 \u00a0<strong><a href=\"https:\/\/www.topohvar.at\/orte\/hv\/hv-in-14-1\/\"><img loading=\"lazy\" decoding=\"async\" class=\"alignnone wp-image-533 size-full\" src=\"https:\/\/www.topohvar.at\/wp-content\/uploads\/2018\/07\/push-l-30.jpg\" alt=\"\" width=\"61\" height=\"30\" \/><\/a> <a href=\"https:\/\/www.topohvar.at\/orte\/hv\/\"><img loading=\"lazy\" decoding=\"async\" class=\"alignnone wp-image-535 size-full\" src=\"https:\/\/www.topohvar.at\/wp-content\/uploads\/2018\/07\/push-o-30.jpg\" alt=\"\" width=\"61\" height=\"30\" \/><\/a> <a href=\"https:\/\/www.topohvar.at\/orte\/hv\/hv-in-15-1\/\"><img loading=\"lazy\" decoding=\"async\" class=\"alignnone wp-image-536 size-full\" src=\"https:\/\/www.topohvar.at\/wp-content\/uploads\/2018\/07\/push-r-30.jpg\" alt=\"\" width=\"61\" height=\"30\" \/><\/a>\u00a0<\/strong><\/p>\n<hr \/>\n<p><strong>Adresa \/ Adresse<br \/>\n<\/strong>Grad Hvar,\u00a0Trg sv. Stjepana 26, katedrala sv. Stjepan I.<\/p>\n<p><strong>Lokacija<\/strong><strong> \/ Position<a href=\"https:\/\/goo.gl\/maps\/1vEtEru7oQhZ92WH6\"><img loading=\"lazy\" decoding=\"async\" class=\"alignright wp-image-15620\" src=\"https:\/\/www.topohvar.at\/wp-content\/uploads\/2019\/01\/1010.jpg\" alt=\"\" width=\"134\" height=\"100\" \/><\/a><br \/>\n<\/strong><span style=\"color: #3366ff;\"><a style=\"color: #3366ff;\" href=\"https:\/\/goo.gl\/maps\/1vEtEru7oQhZ92WH6\">Latitude: N 43,17218\u00b0\u00a0 \u00a0Longitude: E 16,44353\u00b0<\/a> <\/span><strong><br \/>\n<\/strong>Visina \/ H\u00f6he: 3 m<\/p>\n<p><strong>Katastarska \u010destica<\/strong><strong> \/ Grundst\u00fccke<br \/>\n<\/strong>*173, *174<div class='content-column one_half'><div style=\"padding-right:6px;\"><p><strong>Datum snimanja \/ Erfassungsdatum<br \/>\n<\/strong>21.02.2017 09:51:00<\/p>\n<hr \/>\n<p><strong>Informacije<\/strong><\/p>\n<p>Iza desnog kuta fasade katedrale nalazi se velika kamena plo\u010da zakrenuti za 90\u00b0.\u00a0Potje\u010de iz velike cisterne koja je sagra\u0111ena na pijaci izme\u0111u 1519. i 1520. godine, a uklonjena je u 17. stolje\u0107u odlukom mleta\u010dkih vlasti.<\/p><\/div><\/div><div class='content-column one_half last_column'><div style=\"padding-right:0px;padding-left:6px;\"><p><strong>Stupanj za\u0161tite<\/strong><strong> \/ Schutzstellung<br \/>\n<\/strong>&#8211;<\/p>\n<hr \/>\n<p><strong>Info<\/strong><\/p>\n<p>Hinter der rechten Ecke der Fassade der Kathedrale ist, um 90\u00b0 verdreht eine gro\u00dfe Steintafel eingemauert. Sie stammt vom gro\u00dfen Brunnen der zwischen 1519 und 1520 auf der Piazza errichtet und im 17. Jahrhundert durch eine Entscheidung der venezianischen Beh\u00f6rden entfernt wurde.<\/p><\/div><\/div><div class='clear_column'><\/div><div class='content-column one_half'><div style=\"padding-right:6px;\"><p>Na njemu je natpis:<\/p><\/div><\/div><div class='content-column one_half last_column'><div style=\"padding-right:0px;padding-left:6px;\"><p>Sie tr\u00e4gt die Inschrift:<\/p><\/div><\/div><div class='clear_column'><\/div><\/p>\n<p style=\"text-align: center;\">MDXIX<br \/>\nDIE XXVI SEPTEMBRIS<\/p>\n<p style=\"text-align: left;\"><div class='content-column one_half'><div style=\"padding-right:6px;\"><p style=\"text-align: center;\">(= 1519.g., 26. rujna)<\/p><\/div><\/div><div class='content-column one_half last_column'><div style=\"padding-right:0px;padding-left:6px;\"><p style=\"text-align: center;\">(= 1519, 26. September)<\/p><\/div><\/div><div class='clear_column'><\/div><\/p>\n<p style=\"text-align: right;\"><span style=\"color: #3366ff;\"><a style=\"color: #3366ff;\" href=\"#seite_oben\">natrag na vrh \/ Seitenanfang<\/a><\/span><\/p>\n<hr \/>\n<p><strong>Linkovi \/ Links<\/strong><\/p>\n<h3><span style=\"color: #3366ff;\"><a style=\"color: #3366ff;\" href=\"https:\/\/www.topohvar.at\/topo\/orte\/hv\/hv-op-00-0\/#op-01\">Objekt \u00bbBunar (01) na Pjaci\u00ab \/ Zisterne (01) auf der Piazza<\/a><\/span><br \/>\n<span style=\"color: #3366ff;\"><a style=\"color: #3366ff;\" href=\"https:\/\/www.topohvar.at\/orte\/hv\/hv-ci-01-1\/\">Katedrala \u00bbSv. Stjepan I. papostola i mu\u010denik\u00ab \/ Kathedrale zum hl. Stephan<\/a><\/span><\/h3>\n","protected":false},"excerpt":{"rendered":"<p>Ime \/ Name Natpis \u00bbMDXIX \/ DIE XXVI SEPTEMBRIS\u00ab \/ Inschrift &#8211; 26. September 1519 Code: HV-IN-05\u00a0 \u00a0 \u00a0 \u00a0 \u00a0 \u00a0 \u00a0 \u00a0 \u00a0 \u00a0 \u00a0 \u00a0 \u00a0 \u00a0 \u00a0 \u00a0 \u00a0 \u00a0 \u00a0 \u00a0 Adresa \/ Adresse Grad &hellip; <a href=\"https:\/\/www.topohvar.at\/topo\/orte\/hv\/hv-in-05-1\/\">Weiterlesen <span class=\"meta-nav\">&rarr;<\/span><\/a><\/p>\n","protected":false},"author":1,"featured_media":0,"parent":80,"menu_order":0,"comment_status":"closed","ping_status":"closed","template":"","meta":{"footnotes":""},"class_list":["post-14392","page","type-page","status-publish","hentry"],"_links":{"self":[{"href":"https:\/\/www.topohvar.at\/topo\/wp-json\/wp\/v2\/pages\/14392","targetHints":{"allow":["GET"]}}],"collection":[{"href":"https:\/\/www.topohvar.at\/topo\/wp-json\/wp\/v2\/pages"}],"about":[{"href":"https:\/\/www.topohvar.at\/topo\/wp-json\/wp\/v2\/types\/page"}],"author":[{"embeddable":true,"href":"https:\/\/www.topohvar.at\/topo\/wp-json\/wp\/v2\/users\/1"}],"replies":[{"embeddable":true,"href":"https:\/\/www.topohvar.at\/topo\/wp-json\/wp\/v2\/comments?post=14392"}],"version-history":[{"count":16,"href":"https:\/\/www.topohvar.at\/topo\/wp-json\/wp\/v2\/pages\/14392\/revisions"}],"predecessor-version":[{"id":70448,"href":"https:\/\/www.topohvar.at\/topo\/wp-json\/wp\/v2\/pages\/14392\/revisions\/70448"}],"up":[{"embeddable":true,"href":"https:\/\/www.topohvar.at\/topo\/wp-json\/wp\/v2\/pages\/80"}],"wp:attachment":[{"href":"https:\/\/www.topohvar.at\/topo\/wp-json\/wp\/v2\/media?parent=14392"}],"curies":[{"name":"wp","href":"https:\/\/api.w.org\/{rel}","templated":true}]}}

<p><a name="seite_oben"></a><br />
<img loading="lazy" decoding="async" class="alignnone wp-image-14375 size-large" src="https://www.topohvar.at/wp-content/uploads/2018/12/HV-IN-05-1-1024x503.jpg" alt="" width="640" height="314" srcset="https://www.topohvar.at/wp-content/uploads/2018/12/HV-IN-05-1-1024x503.jpg 1024w, https://www.topohvar.at/wp-content/uploads/2018/12/HV-IN-05-1-300x147.jpg 300w, https://www.topohvar.at/wp-content/uploads/2018/12/HV-IN-05-1-768x377.jpg 768w, https://www.topohvar.at/wp-content/uploads/2018/12/HV-IN-05-1.jpg 1080w" sizes="auto, (max-width: 640px) 100vw, 640px" /></p>
<p><strong>Ime / Name<br />
</strong>Natpis »MDXIX / DIE XXVI SEPTEMBRIS« / Inschrift &#8211; 26. September 1519</p>
<p><strong>Code: </strong>HV-IN-05                                     <strong><a href="https://www.topohvar.at/orte/hv/hv-in-14-1/"><img loading="lazy" decoding="async" class="alignnone wp-image-533 size-full" src="https://www.topohvar.at/wp-content/uploads/2018/07/push-l-30.jpg" alt="" width="61" height="30" /></a> <a href="https://www.topohvar.at/orte/hv/"><img loading="lazy" decoding="async" class="alignnone wp-image-535 size-full" src="https://www.topohvar.at/wp-content/uploads/2018/07/push-o-30.jpg" alt="" width="61" height="30" /></a> <a href="https://www.topohvar.at/orte/hv/hv-in-15-1/"><img loading="lazy" decoding="async" class="alignnone wp-image-536 size-full" src="https://www.topohvar.at/wp-content/uploads/2018/07/push-r-30.jpg" alt="" width="61" height="30" /></a> </strong></p>
<hr />
<p><strong>Adresa / Adresse<br />
</strong>Grad Hvar, Trg sv. Stjepana 26, katedrala sv. Stjepan I.</p>
<p><strong>Lokacija</strong><strong> / Position<a href="https://goo.gl/maps/1vEtEru7oQhZ92WH6"><img loading="lazy" decoding="async" class="alignright wp-image-15620" src="https://www.topohvar.at/wp-content/uploads/2019/01/1010.jpg" alt="" width="134" height="100" /></a><br />
</strong><span style="color: #3366ff;"><a style="color: #3366ff;" href="https://goo.gl/maps/1vEtEru7oQhZ92WH6">Latitude: N 43,17218°   Longitude: E 16,44353°</a> </span><strong><br />
</strong>Visina / Höhe: 3 m</p>
<p><strong>Katastarska čestica</strong><strong> / Grundstücke<br />
</strong>*173, *174<div class='content-column one_half'><div style="padding-right:6px;"><p><strong>Datum snimanja / Erfassungsdatum<br />
</strong>21.02.2017 09:51:00</p>
<hr />
<p><strong>Informacije</strong></p>
<p>Iza desnog kuta fasade katedrale nalazi se velika kamena ploča zakrenuti za 90°. Potječe iz velike cisterne koja je sagrađena na pijaci između 1519. i 1520. godine, a uklonjena je u 17. stoljeću odlukom mletačkih vlasti.</p></div></div><div class='content-column one_half last_column'><div style="padding-right:0px;padding-left:6px;"><p><strong>Stupanj zaštite</strong><strong> / Schutzstellung<br />
</strong>&#8211;</p>
<hr />
<p><strong>Info</strong></p>
<p>Hinter der rechten Ecke der Fassade der Kathedrale ist, um 90° verdreht eine große Steintafel eingemauert. Sie stammt vom großen Brunnen der zwischen 1519 und 1520 auf der Piazza errichtet und im 17. Jahrhundert durch eine Entscheidung der venezianischen Behörden entfernt wurde.</p></div></div><div class='clear_column'></div><div class='content-column one_half'><div style="padding-right:6px;"><p>Na njemu je natpis:</p></div></div><div class='content-column one_half last_column'><div style="padding-right:0px;padding-left:6px;"><p>Sie trägt die Inschrift:</p></div></div><div class='clear_column'></div></p>
<p style="text-align: center;">MDXIX<br />
DIE XXVI SEPTEMBRIS</p>
<p style="text-align: left;"><div class='content-column one_half'><div style="padding-right:6px;"><p style="text-align: center;">(= 1519.g., 26. rujna)</p></div></div><div class='content-column one_half last_column'><div style="padding-right:0px;padding-left:6px;"><p style="text-align: center;">(= 1519, 26. September)</p></div></div><div class='clear_column'></div></p>
<p style="text-align: right;"><span style="color: #3366ff;"><a style="color: #3366ff;" href="#seite_oben">natrag na vrh / Seitenanfang</a></span></p>
<hr />
<p><strong>Linkovi / Links</strong></p>
<h3><span style="color: #3366ff;"><a style="color: #3366ff;" href="https://www.topohvar.at/topo/orte/hv/hv-op-00-0/#op-01">Objekt »Bunar (01) na Pjaci« / Zisterne (01) auf der Piazza</a></span><br />
<span style="color: #3366ff;"><a style="color: #3366ff;" href="https://www.topohvar.at/orte/hv/hv-ci-01-1/">Katedrala »Sv. Stjepan I. papostola i mučenik« / Kathedrale zum hl. Stephan</a></span></h3>
