{"id":1448,"date":"2018-07-30T06:53:36","date_gmt":"2018-07-30T04:53:36","guid":{"rendered":"https:\/\/www.topohvar.at\/?page_id=1448"},"modified":"2026-02-12T17:39:51","modified_gmt":"2026-02-12T16:39:51","slug":"do-ci-01-2","status":"publish","type":"page","link":"https:\/\/www.topohvar.at\/topo\/orte\/do\/do-ci-01-2\/","title":{"rendered":"DOL &#8211; \u017dupna crkva \u00bbSv. Mihovil Arkan\u0111elo\u00ab"},"content":{"rendered":"<p><a name=\"seite_oben\"><\/a><br \/>\n<strong><img loading=\"lazy\" decoding=\"async\" class=\"alignnone wp-image-1452 size-large\" src=\"https:\/\/www.topohvar.at\/wp-content\/uploads\/2018\/07\/do-ci-01-1-1024x503.jpg\" alt=\"\" width=\"640\" height=\"314\" srcset=\"https:\/\/www.topohvar.at\/wp-content\/uploads\/2018\/07\/do-ci-01-1-1024x503.jpg 1024w, https:\/\/www.topohvar.at\/wp-content\/uploads\/2018\/07\/do-ci-01-1-300x147.jpg 300w, https:\/\/www.topohvar.at\/wp-content\/uploads\/2018\/07\/do-ci-01-1-768x377.jpg 768w\" sizes=\"auto, (max-width: 640px) 100vw, 640px\" \/><\/strong><\/p>\n<p><strong>Ime \/ Name<br \/>\n<\/strong>\u017dupna crkva \u00bbSv. Mihovil Arkan\u0111elo\u00ab \/ Pfarrkirche zum hl. Erzengel Michael<\/p>\n<p><strong>Code: <\/strong>DO-CI-01\u00a0 \u00a0 \u00a0 \u00a0 \u00a0 \u00a0 \u00a0 \u00a0 \u00a0 \u00a0 \u00a0 \u00a0 \u00a0 \u00a0 \u00a0 \u00a0 \u00a0<strong><a href=\"https:\/\/www.topohvar.at\/orte\/do\/do-ci-03-2\/\"><img loading=\"lazy\" decoding=\"async\" class=\"alignnone wp-image-533 size-full\" src=\"https:\/\/www.topohvar.at\/wp-content\/uploads\/2018\/07\/push-l-30.jpg\" alt=\"\" width=\"61\" height=\"30\" \/><\/a> <a href=\"https:\/\/www.topohvar.at\/orte\/do\/\"><img loading=\"lazy\" decoding=\"async\" class=\"alignnone wp-image-535 size-full\" src=\"https:\/\/www.topohvar.at\/wp-content\/uploads\/2018\/07\/push-o-30.jpg\" alt=\"\" width=\"61\" height=\"30\" \/><\/a> <a href=\"https:\/\/www.topohvar.at\/orte\/do\/do-ci-02-2\/\"><img loading=\"lazy\" decoding=\"async\" class=\"alignnone wp-image-536 size-full\" src=\"https:\/\/www.topohvar.at\/wp-content\/uploads\/2018\/07\/push-r-30.jpg\" alt=\"\" width=\"61\" height=\"30\" \/><\/a>\u00a0<a href=\"https:\/\/www.topohvar.at\/orte\/do\/do-ck-01-2\/\"><img loading=\"lazy\" decoding=\"async\" class=\"alignnone wp-image-12299 size-full\" src=\"https:\/\/www.topohvar.at\/wp-content\/uploads\/2018\/09\/push-next-30.jpg\" alt=\"\" width=\"61\" height=\"30\" \/><\/a><\/strong><\/p>\n<hr \/>\n<p><strong>Adresa \/ Adresse<br \/>\n<\/strong>Dol, Glavica<\/p>\n<p><strong>Lokacija<\/strong><strong> \/ Position<a href=\"https:\/\/goo.gl\/maps\/UXxwc4wzNzrVc1qD7\"><img loading=\"lazy\" decoding=\"async\" class=\"alignright wp-image-1453\" src=\"https:\/\/www.topohvar.at\/wp-content\/uploads\/2018\/07\/0066.jpg\" alt=\"\" width=\"134\" height=\"100\" \/><\/a><br \/>\n<\/strong><span style=\"color: #3366ff;\"><a style=\"color: #3366ff;\" href=\"https:\/\/goo.gl\/maps\/UXxwc4wzNzrVc1qD7\">Latitude: N 43,16892\u00b0\u00a0 \u00a0Longitude: E 16,61819\u00b0<\/a> <\/span><strong><br \/>\n<\/strong>Visina \/ H\u00f6he: 123 m<\/p>\n<p><strong>Katastarska \u010destica<\/strong><strong> \/ Grundst\u00fccke<br \/>\n<\/strong>*117, 1071\/1, 1071\/2, 1071\/3<div class='content-column one_half'><div style=\"padding-right:6px;\"><p><strong>Datum snimanja \/ Erfassungsdatum<br \/>\n<\/strong>13.05.2013 11:00:00<\/p>\n<hr \/>\n<p><strong>Informacije<\/strong><\/p>\n<p>Crkva se u dokumentima prvi put spominje 1331. godine kao posjed vi\u0161kih benediktinaca, ali se od te crkve nije ni\u0161ta sa\u010duvalo. Jo\u0161 je i ranije, u 13. st., postojala istoimena crkva kao patronat patricija Gazzari. Osnutkom \u017eupe Dol 1589. godine, crkva sv. Mihovila postaje \u017eupnom. Tijekom 18. i 19. stolje\u0107a crkva se pregra\u0111uje, o \u010demu svjedo\u010de skromni arhivski podaci.<\/p><\/div><\/div><div class='content-column one_half last_column'><div style=\"padding-right:0px;padding-left:6px;\"><p><strong>Stupanj za\u0161tite<\/strong><strong> \/ Schutzstellung<br \/>\n<\/strong>P-818<\/p>\n<hr \/>\n<p><strong>Info<\/strong><\/p>\n<p>Die Kirche wurde erstmals 1331 in Dokumenten als Eigentum der Benediktiner von Vis erw\u00e4hnt. Von dieser Kirche ist aber nichts erhalten geblieben. Noch fr\u00fcher, im 13. Jh. gab es eine gleichnamige Kirche unter der Schirmherrschaft der Patrizier Gazzari. Mit der Gr\u00fcndung der Pfarrei Dol im Jahr 1589 wurde die Kirche St. Mihovil zur Pfarrkirche. W\u00e4hrend des 18. und 19. Jahrhundert wurde die Kirche wieder aufgebaut, wie bescheidene Archivdaten es belegen.<\/p><\/div><\/div><div class='clear_column'><\/div><div class='content-column one_half'><div style=\"padding-right:6px;\"><p>Stara crkva Gospe od Ru\u017earija iz 1598. je sru\u0161ena 1905. Na mjestu dizajna, dana\u0161nja crkva podignuta je prema nacrtu arhitekta \u0106irila Ivekovi\u0107a i sagradio poznati starogrojski graditelj Nikola Ra\u010di\u0107 (1859.-1935.), te je 1908. sve\u010dano otvorena i 1910. posve\u0107ena.<\/p><\/div><\/div><div class='content-column one_half last_column'><div style=\"padding-right:0px;padding-left:6px;\"><p>Die alte Kirche Unserer Lieben Frau vom Rosenkranz aus dem Jahr 1598 wurde jedenfalls 1905 abgerissen. An ihrer Stelle wurde die heutige Kirche nach einem Entwurf des Architekten \u0106iril Ivekovi\u0107 von dem bekannten Stari Grader Baumeister Nikola Ra\u010di\u0107 (1859-1935) gebaut, im Jahr 1908 offiziell er\u00f6ffnet und im Jahre 1910 eingeweiht.<\/p><\/div><\/div><div class='clear_column'><\/div><div class='content-column one_half'><div style=\"padding-right:6px;\"><p>Crkva u neoromani\u010dkom stilu je isklju\u010divo od kamena ubranim na podru\u010dju \u201ePetrole\u201c, malo zapadnije od crkvice Sv. Roka u strani Sv. Marije i dovr\u0161ena je 1908. godine. Ima tlocrtne dimenzije 21 x 16 metara. Jednobrodna crkva sa polukru\u017enom apsidom ima u osi glavnog pro\u010delja sazidan zvonik. Zidana je pravilnim klesancima slaganim u redove i zakrovljena dvostre\u0161nim krovom na drvenoj konstrukciji.<\/p><\/div><\/div><div class='content-column one_half last_column'><div style=\"padding-right:0px;padding-left:6px;\"><p>Die Kirche in neoromanischen Stil wurde ausschlie\u00dflich mit Steinen aus der Gegend von &#8222;Petrol&#8220;, westlich der Rochuskapelle in Dol Sv. Marije gebaut und 1908 fertiggestellt. Sie hat ein Ausma\u00df von 21 x 16 Meter. Die einschiffige Kirche hat eine halbkreisf\u00f6rmige Apsis und einen Glockenturm in der Achse der Hauptfassade. Sie ist aus regelm\u00e4\u00dfig behauenen Steinreihen errichtet und mit einem Satteldach auf einer Holzkonstruktion \u00fcberdacht.<\/p><\/div><\/div><div class='clear_column'><\/div><div class='content-column one_half'><div style=\"padding-right:6px;\"><p>Crkva du\u017e svih pro\u010delja ima nagla\u0161en klesani vijenac, a kamena streha je postavljena na nizu kamenih konzola. Na bo\u010dnim su pro\u010deljima neoromani\u010dke bifore i istaci za kapele sa prozorom u obliku okulusa, zaklju\u010dene zabatnim zavr\u0161etkom. Uz zvonik su dogradnje za stubi\u0161te pjevali\u0161ta, a u prizemlju zvonika je glavni ulaz u crkvu lu\u010dnog oblikovanja. Zvonik je zatvorenog tipa, sa manjim biforama na zavr\u0161nom katu \u2013 lo\u017ei, sa piramidalnim zavr\u0161etkom.<\/p><\/div><\/div><div class='content-column one_half last_column'><div style=\"padding-right:0px;padding-left:6px;\"><p>Entlang aller Fassaden hat die Kirche ein akzentuiert behauenes Gesimse und Steinvorspr\u00fcnge, die auf einer Reihe von Steinkonsolen montiert sind. An den Seitenfassaden befinden sich neoromanische Biforen und kapellenf\u00f6rmige Vorspr\u00fcnge, die mit einem Giebeldach abgeschlossen sind. Neben dem Glockenturm ist eine Erweiterungen f\u00fcr die Treppe des Chores. Im Erdgeschoss des Glockenturms befindet sich der gew\u00f6lbte Haupteingang zur Kirche. Der Glockenturm ist geschlossen, hat im Obergeschoss eine kleinere Loggia aus Biforen und eine pyramidenf\u00f6rmige Turmspitze.<\/p><\/div><\/div><div class='clear_column'><\/div><div class='content-column one_half'><div style=\"padding-right:6px;\"><p>Unutra\u0161njost crkve je jednobrodna, sa neorenesansnim glavnim oltarom i transeptumom u kojem su postavljena dva bo\u010dna oltara. Brod crkve je pokriven drvenim kasetiranim stropom, na zapadu je drveno pjevali\u0161te izgra\u0111eno na zidu koji je rastvoren s tri lu\u010dna otvora, a na sjevernom zidu je drvena propovjedaonica. Pod crkve je kameni, a zidovi su o\u017ebukani nagla\u0161enim profiliranim vijencima.<\/p><\/div><\/div><div class='content-column one_half last_column'><div style=\"padding-right:0px;padding-left:6px;\"><p>Das Innere der Kirche besteht aus einem einzigen Kirchenschiff mit einem Hauptaltar aus der Neorenaissance und einem Querschiff, in dem zwei Seitenalt\u00e4re errichtet sind. Das Kirchenschiff ist mit einer Holzkassettendecke gedeckt. Im Westen befindet sich ein Holzchor an einer Wand mit drei gew\u00f6lbten \u00d6ffnungen und an der Nordwand eine Holzkanzel. Der Boden der Kirche ist aus Stein. Die W\u00e4nde sind mit akzentuierten, profilierten Gesimsen verputzt.<\/p><\/div><\/div><div class='clear_column'><\/div><div class='content-column one_half'><div style=\"padding-right:6px;\"><p>Iz stare crkve potje\u010de oltar Sv. Mihovila s oltarnom palom koju je 1598. naslikao hvarski slikar Martin Benetovi\u0107. Oltar je obnovljen u XVII st.i prikazuje realisti\u010dne figure lokalnih ljudi u procesiji. U crkvi se jo\u0161 nalaze i tri vrijedne slike talijanskih majstora 16. st.<\/p><\/div><\/div><div class='content-column one_half last_column'><div style=\"padding-right:0px;padding-left:6px;\"><p>Aus der alten Kirche stammt der St. Michael-Altar mit dem Altarbild des Hvarer Malers Martin Benetovi\u0107 aus dem Jahr 1598. Der Altar wurde im 17. Jahrhundert restauriert und zeigt realistische Figuren von Einheimischen w\u00e4hrend der Prozession. Die Kirche besitzt auch drei wertvolle Gem\u00e4lde italienischer Meister des 16. Jahrhunderts.<\/p><\/div><\/div><div class='clear_column'><\/div><div class='content-column one_half'><div style=\"padding-right:6px;\"><p>Ve\u0107 1603.god. spominje se oltar sv. Marije i sa sv. Ursulom. Taj oltar biskup Cedulin 1611. blagoslivlja, a na njemu nalaze se drveni kipovi Bla\u017eene Gospe, sv. Mihovila i sv. Ursule. I prilikom gradnje nove \u017eupne crkve nabavljeni su i novi drveni likovi sv. Ursule i sv. Lucije, kupljeni 1907.god. <em>(Izvor: Ivica Mo\u0161katelo, Tartajun)<\/em><\/p><\/div><\/div><div class='content-column one_half last_column'><div style=\"padding-right:0px;padding-left:6px;\"><p>Bereits 1603. wird ein Altar der hl. Maria mit der hl. Ursula erw\u00e4hnt. Dieser Altar wurde 1611 von Bischof Cedulin gesegnet. Darauf befinden sich Holzstatuen der Heiligen Jungfrau, des hl. Michael und der hl. Ursula. 1907, w\u00e4hrend des Baus der neuen Pfarrkirche, wurden neue Holzfiguren der hl. Ursula und Luzia gekauft. <em>(Quelle: Ivica Mo\u0161katelo, Tartajun)<\/em><\/p><\/div><\/div><div class='clear_column'><\/div><div class='content-column one_half'><div style=\"padding-right:6px;\"><p>Crkva je u potpunosti obnovljena 2001. godine od temelja do zvonika, uklju\u010duju\u0107i i injektiranje na pojedinim mjestima, sve pod stru\u010dnim nadzorom konzervatora (Spomen plo\u010da na zvoniku iznad ulaza u crkvu).<\/p><\/div><\/div><div class='content-column one_half last_column'><div style=\"padding-right:0px;padding-left:6px;\"><p>Die Kirche wurde im Jahre 2001 von Grund auf bis auf den Turm, einschlie\u00dflich \u00f6rtlicher Verfestigungen die alle unter der Aufsicht des Denkmalschutzes erfolgten, renoviert (Gedenktafel am Glockenturm \u00fcber dem Eingang zur Kirche).<\/p><\/div><\/div><div class='clear_column'><\/div><div class='content-column one_half'><div style=\"padding-right:6px;\"><p>Blagdan, Sv. Mihovil (Mo\u0161njar) &#8211; Dol 08.05<\/p><\/div><\/div><div class='content-column one_half last_column'><div style=\"padding-right:0px;padding-left:6px;\"><p>Feiertag, hl. Michael (Mo\u0161njar) &#8211; Dol 08.05<\/p><\/div><\/div><div class='clear_column'><\/div><div class='content-column one_half'><div style=\"padding-right:6px;\"><p>Dolska suza\u0161titnica je i sv. Ursula. Naime, vode\u0107i se mjesnom predajom, Doljani su se zavjetovali da \u0107e sveticu ili svetca, koji se bude slavio na dan kada kuga prestane harati u mjestu, slaviti kao svog suza\u0161titnika. Taj dan o\u010dito je bio 21. 10. 1577. i od tada sv. Ursula postaje suza\u0161titnica \u017eupe Dol.\u00a0<em>(Izvor: Ivica Mo\u0161katelo, Tartajun)<\/em><\/p><\/div><\/div><div class='content-column one_half last_column'><div style=\"padding-right:0px;padding-left:6px;\"><p>Dols Co-Patron ist auch die hl. Ursula. Geleitet von der lokalen Tradition gelobten die Menschen in Dol, den oder die Heilige, der\/die an dem Tag gefeiert wird an dem die Pest aufh\u00f6rt, als ihren Mitbesch\u00fctzer zu feiern. Dieser Tag war offensichtlich der 21. Oktober 1577 und seitdem St. Ursula wird Mitpatronin der Pfarre Dol. <em>(Quelle: Ivica Mo\u0161katelo, Tartajun)<\/em><\/div><\/div><div class='clear_column'><\/div><div class='content-column one_half'><div style=\"padding-right:6px;\"><p>Crkva je registrirana 27. 04. 2007. godine pod brojem P-818 pod kulturnih dobara Republike Hrvatske.<\/p><\/div><\/div><div class='content-column one_half last_column'><div style=\"padding-right:0px;padding-left:6px;\"><p>Die Kirche wurde am 27. 04. 2007 mit der Nummer P-818 unter den Kulturg\u00fctern der Republik Kroatien registriert.<\/p><\/div><\/div><div class='clear_column'><\/div><div class='content-column one_half'><div style=\"padding-right:6px;\"><p><img loading=\"lazy\" decoding=\"async\" class=\"aligncenter wp-image-50528 size-full\" src=\"https:\/\/www.topohvar.at\/wp-content\/uploads\/2021\/07\/do-ci-01-20.jpg\" alt=\"\" width=\"380\" height=\"300\" srcset=\"https:\/\/www.topohvar.at\/wp-content\/uploads\/2021\/07\/do-ci-01-20.jpg 380w, https:\/\/www.topohvar.at\/wp-content\/uploads\/2021\/07\/do-ci-01-20-300x237.jpg 300w\" sizes=\"auto, (max-width: 380px) 100vw, 380px\" \/><\/div><\/div><div class='content-column one_half last_column'><div style=\"padding-right:0px;padding-left:6px;\"><div id=\"attachment_58044\" style=\"width: 310px\" class=\"wp-caption aligncenter\"><a href=\"https:\/\/www.topohvar.at\/wp-content\/uploads\/2022\/03\/do-ci-01-21.jpg\"><img loading=\"lazy\" decoding=\"async\" aria-describedby=\"caption-attachment-58044\" class=\"wp-image-58044 size-medium\" src=\"https:\/\/www.topohvar.at\/wp-content\/uploads\/2022\/03\/do-ci-01-21-300x184.jpg\" alt=\"\" width=\"300\" height=\"184\" srcset=\"https:\/\/www.topohvar.at\/wp-content\/uploads\/2022\/03\/do-ci-01-21-300x184.jpg 300w, https:\/\/www.topohvar.at\/wp-content\/uploads\/2022\/03\/do-ci-01-21-768x472.jpg 768w, https:\/\/www.topohvar.at\/wp-content\/uploads\/2022\/03\/do-ci-01-21.jpg 900w\" sizes=\"auto, (max-width: 300px) 100vw, 300px\" \/><\/a><p id=\"caption-attachment-58044\" class=\"wp-caption-text\">Izvor: \/ Quelle: Tartajun 2021<\/p><\/div><\/div><\/div><div class='clear_column'><\/div><\/p>\n<p style=\"text-align: right;\"><span style=\"color: #3366ff;\"><a style=\"color: #3366ff;\" href=\"#seite_oben\">natrag na vrh \/ Seitenanfang<\/a><\/span><\/p>\n<hr \/>\n<p><strong>Linkovi \/ Links<\/strong><\/p>\n<p><span style=\"color: #3366ff;\"><a style=\"color: #3366ff;\" href=\"https:\/\/www.topohvar.at\/topo\/orte\/do\/do-is-03-2\/\">Spomen plo\u010da na zvoniku \/ Gedenktafel am Glockenturm<\/a><br \/>\n<a style=\"color: #3366ff;\" href=\"http:\/\/www.tartajun.hr\/tartajun-12-broj\/\">Vi\u0161e o Crkvi sv. Mihovil \/ Mehr zur Kirche des hl. Michael (Tartajun br. 12)<\/a><br \/>\n<a style=\"color: #3366ff;\" href=\"http:\/\/www.tartajun.hr\/tartajun-17-broj\/\">Vi\u0161e o staroj Crkvi sv. Mihovil \/ Mehr zur alten Kirche des hl. Michael (Tartajun br. 17)<\/a><br \/>\n<\/span><\/p>\n","protected":false},"excerpt":{"rendered":"<p>Ime \/ Name \u017dupna crkva \u00bbSv. Mihovil Arkan\u0111elo\u00ab \/ Pfarrkirche zum hl. Erzengel Michael Code: DO-CI-01\u00a0 \u00a0 \u00a0 \u00a0 \u00a0 \u00a0 \u00a0 \u00a0 \u00a0 \u00a0 \u00a0 \u00a0 \u00a0 \u00a0 \u00a0 \u00a0 \u00a0 \u00a0 Adresa \/ Adresse Dol, Glavica Lokacija \/ &hellip; <a href=\"https:\/\/www.topohvar.at\/topo\/orte\/do\/do-ci-01-2\/\">Weiterlesen <span class=\"meta-nav\">&rarr;<\/span><\/a><\/p>\n","protected":false},"author":1,"featured_media":0,"parent":68,"menu_order":0,"comment_status":"closed","ping_status":"closed","template":"","meta":{"footnotes":""},"class_list":["post-1448","page","type-page","status-publish","hentry"],"_links":{"self":[{"href":"https:\/\/www.topohvar.at\/topo\/wp-json\/wp\/v2\/pages\/1448","targetHints":{"allow":["GET"]}}],"collection":[{"href":"https:\/\/www.topohvar.at\/topo\/wp-json\/wp\/v2\/pages"}],"about":[{"href":"https:\/\/www.topohvar.at\/topo\/wp-json\/wp\/v2\/types\/page"}],"author":[{"embeddable":true,"href":"https:\/\/www.topohvar.at\/topo\/wp-json\/wp\/v2\/users\/1"}],"replies":[{"embeddable":true,"href":"https:\/\/www.topohvar.at\/topo\/wp-json\/wp\/v2\/comments?post=1448"}],"version-history":[{"count":30,"href":"https:\/\/www.topohvar.at\/topo\/wp-json\/wp\/v2\/pages\/1448\/revisions"}],"predecessor-version":[{"id":73966,"href":"https:\/\/www.topohvar.at\/topo\/wp-json\/wp\/v2\/pages\/1448\/revisions\/73966"}],"up":[{"embeddable":true,"href":"https:\/\/www.topohvar.at\/topo\/wp-json\/wp\/v2\/pages\/68"}],"wp:attachment":[{"href":"https:\/\/www.topohvar.at\/topo\/wp-json\/wp\/v2\/media?parent=1448"}],"curies":[{"name":"wp","href":"https:\/\/api.w.org\/{rel}","templated":true}]}}