{"id":14484,"date":"2018-12-30T19:25:11","date_gmt":"2018-12-30T18:25:11","guid":{"rendered":"https:\/\/www.topohvar.at\/?page_id=14484"},"modified":"2021-11-12T16:24:22","modified_gmt":"2021-11-12T15:24:22","slug":"hv-is-24-1","status":"publish","type":"page","link":"https:\/\/www.topohvar.at\/topo\/orte\/hv\/hv-is-24-1\/","title":{"rendered":"HVAR &#8211; Spomen plo\u010da \u00bbIvan Vu\u010deti\u0107\u00ab"},"content":{"rendered":"<p><a name=\"seite_oben\"><\/a><br \/>\n<img loading=\"lazy\" decoding=\"async\" class=\"alignnone wp-image-14465 size-large\" src=\"https:\/\/www.topohvar.at\/wp-content\/uploads\/2018\/12\/hv-is-24-1-1024x503.jpg\" alt=\"\" width=\"640\" height=\"314\" srcset=\"https:\/\/www.topohvar.at\/wp-content\/uploads\/2018\/12\/hv-is-24-1-1024x503.jpg 1024w, https:\/\/www.topohvar.at\/wp-content\/uploads\/2018\/12\/hv-is-24-1-300x147.jpg 300w, https:\/\/www.topohvar.at\/wp-content\/uploads\/2018\/12\/hv-is-24-1-768x377.jpg 768w, https:\/\/www.topohvar.at\/wp-content\/uploads\/2018\/12\/hv-is-24-1.jpg 1080w\" sizes=\"auto, (max-width: 640px) 100vw, 640px\" \/><\/p>\n<p><strong>Ime \/ Name<br \/>\n<\/strong>Spomen plo\u010da \/ Gedenktafel \u00bbIvan Vu\u010deti\u0107\u00ab<\/p>\n<p><strong>Code: <\/strong>HV-IS-24\u00a0 \u00a0 \u00a0 \u00a0 \u00a0 \u00a0 \u00a0 \u00a0 \u00a0 \u00a0 \u00a0 \u00a0 \u00a0 \u00a0 \u00a0 \u00a0 \u00a0 \u00a0\u00a0<a href=\"https:\/\/www.topohvar.at\/hv-ip-08-1\/\"><img loading=\"lazy\" decoding=\"async\" class=\"alignnone wp-image-12300 size-full\" src=\"https:\/\/www.topohvar.at\/wp-content\/uploads\/2018\/09\/push-vor-30.jpg\" alt=\"\" width=\"61\" height=\"30\" \/><\/a>\u00a0<strong><a href=\"https:\/\/www.topohvar.at\/orte\/hv\/hv-is-45-1\/\"><img loading=\"lazy\" decoding=\"async\" class=\"alignnone wp-image-533 size-full\" src=\"https:\/\/www.topohvar.at\/wp-content\/uploads\/2018\/07\/push-l-30.jpg\" alt=\"\" width=\"61\" height=\"30\" \/><\/a> <a href=\"https:\/\/www.topohvar.at\/orte\/hv\/\"><img loading=\"lazy\" decoding=\"async\" class=\"alignnone wp-image-535 size-full\" src=\"https:\/\/www.topohvar.at\/wp-content\/uploads\/2018\/07\/push-o-30.jpg\" alt=\"\" width=\"61\" height=\"30\" \/><\/a> <a href=\"https:\/\/www.topohvar.at\/orte\/hv\/hv-is-30-1\/\"><img loading=\"lazy\" decoding=\"async\" class=\"alignnone wp-image-536 size-full\" src=\"https:\/\/www.topohvar.at\/wp-content\/uploads\/2018\/07\/push-r-30.jpg\" alt=\"\" width=\"61\" height=\"30\" \/><\/a>\u00a0<a href=\"https:\/\/www.topohvar.at\/hv-ip-08-1\/\"><img loading=\"lazy\" decoding=\"async\" class=\"alignnone wp-image-12299 size-full\" src=\"https:\/\/www.topohvar.at\/wp-content\/uploads\/2018\/09\/push-next-30.jpg\" alt=\"\" width=\"61\" height=\"30\" \/><\/a><\/strong><\/p>\n<hr \/>\n<p><strong>Adresa \/ Adresse<br \/>\n<\/strong>Grad Hvar, Obala Riva 21<\/p>\n<p><strong>Lokacija<\/strong><strong> \/ Position<a href=\"https:\/\/goo.gl\/maps\/L9yM1M1tc5EDxWhw6\"><img loading=\"lazy\" decoding=\"async\" class=\"alignright wp-image-16060\" src=\"https:\/\/www.topohvar.at\/wp-content\/uploads\/2019\/01\/1020.jpg\" alt=\"\" width=\"134\" height=\"100\" \/><\/a><br \/>\n<\/strong><span style=\"color: #3366ff;\"><a style=\"color: #3366ff;\" href=\"https:\/\/goo.gl\/maps\/L9yM1M1tc5EDxWhw6\">Latitude: N 43,17093\u00b0\u00a0 \u00a0Longitude: E 16,44151\u00b0<\/a> <\/span><strong><br \/>\n<\/strong>Visina \/ H\u00f6he: 2 m<\/p>\n<p><strong>Katastarska \u010destica<\/strong><strong> \/ Grundst\u00fccke<br \/>\n<\/strong>*239<div class='content-column one_half'><div style=\"padding-right:6px;\"><p><strong>Datum snimanja \/ Erfassungsdatum<br \/>\n<\/strong>20.02.2015 10:34:05<\/p>\n<hr \/>\n<p><strong>Informacije<\/strong><\/p>\n<p>Natpis:<\/p>\n<p style=\"text-align: center;\">U OVOJ SE KU\u0106I RODIO<br \/>\n<strong>IVAN VU\u010cETI\u0106<\/strong><br \/>\nIZUMITELJ DAKTILOSKOPIJE<br \/>\n(20. VII 1858. &#8211; 25. I 1925)<\/p>\n<p style=\"padding-left: 160px;\">CENTAR ZA ZA\u0160TITU<br \/>\nKULTURNE BA\u0160TINE<\/p><\/div><\/div><div class='content-column one_half last_column'><div style=\"padding-right:0px;padding-left:6px;\"><p><strong>Stupanj za\u0161tite<\/strong><strong> \/ Schutzstellung<br \/>\n<\/strong>&#8211;<\/p>\n<hr \/>\n<p><strong>Info<\/strong><\/p>\n<p>Inschrift:<\/p>\n<p style=\"text-align: center;\">In diesem Haus wurde geboren<br \/>\n<strong>Ivan Vu\u010deti\u0107<\/strong><br \/>\nErfinder der Daktyloskopie<br \/>\n(20. 7. 1858 &#8211; 25. 1. 1925)<\/p>\n<p style=\"text-align: left; padding-left: 160px;\">Zentrum zum Schutz<br \/>\ndes kulturellen Erbes<\/p><\/div><\/div><div class='clear_column'><\/div><\/p>\n<p style=\"text-align: right;\"><span style=\"color: #3366ff;\"><a style=\"color: #3366ff;\" href=\"#seite_oben\">natrag na vrh \/ Seitenanfang<\/a><\/span><\/p>\n<hr \/>\n<p><strong>Linkovi \/ Links<\/strong><\/p>\n<p><span style=\"color: #3366ff;\"><a style=\"color: #3366ff;\" href=\"https:\/\/www.topohvar.at\/orte\/hv\/hv-is-21-1\/\">Spomen-plo\u010da na ku\u0107i Vu\u010deti\u0107\u00ab \/ Gedenktafel am Haus Vu\u010deti\u0107<\/a><br \/>\n<a style=\"color: #3366ff;\" href=\"https:\/\/www.topohvar.at\/orte\/hv\/hv-is-30-1\/\">Spomen plo\u010da \u00bbZadu\u017ebina Dra. Tona Kova\u010devi\u0107\u00ab \/\u00a0Gedenktafel &#8211; Stiftung Dr. Tono Kova\u010devi\u0107<\/a><br \/>\n<a style=\"color: #3366ff;\" href=\"https:\/\/www.topohvar.at\/orte\/hv\/hv-mo-04-1\/\">Bista \/ B\u00fcste \u00bbIvan Vu\u010deti\u0107\u00ab (mehr \u00fcber \/ vi\u0161e o Vu\u010deti\u0107u)<\/a><br \/>\n<\/span><\/p>\n","protected":false},"excerpt":{"rendered":"<p>Ime \/ Name Spomen plo\u010da \/ Gedenktafel \u00bbIvan Vu\u010deti\u0107\u00ab Code: HV-IS-24\u00a0 \u00a0 \u00a0 \u00a0 \u00a0 \u00a0 \u00a0 \u00a0 \u00a0 \u00a0 \u00a0 \u00a0 \u00a0 \u00a0 \u00a0 \u00a0 \u00a0 \u00a0\u00a0\u00a0 \u00a0 Adresa \/ Adresse Grad Hvar, Obala Riva 21 Lokacija \/ Position &hellip; <a href=\"https:\/\/www.topohvar.at\/topo\/orte\/hv\/hv-is-24-1\/\">Weiterlesen <span class=\"meta-nav\">&rarr;<\/span><\/a><\/p>\n","protected":false},"author":1,"featured_media":0,"parent":80,"menu_order":0,"comment_status":"closed","ping_status":"closed","template":"","meta":{"footnotes":""},"class_list":["post-14484","page","type-page","status-publish","hentry"],"_links":{"self":[{"href":"https:\/\/www.topohvar.at\/topo\/wp-json\/wp\/v2\/pages\/14484","targetHints":{"allow":["GET"]}}],"collection":[{"href":"https:\/\/www.topohvar.at\/topo\/wp-json\/wp\/v2\/pages"}],"about":[{"href":"https:\/\/www.topohvar.at\/topo\/wp-json\/wp\/v2\/types\/page"}],"author":[{"embeddable":true,"href":"https:\/\/www.topohvar.at\/topo\/wp-json\/wp\/v2\/users\/1"}],"replies":[{"embeddable":true,"href":"https:\/\/www.topohvar.at\/topo\/wp-json\/wp\/v2\/comments?post=14484"}],"version-history":[{"count":20,"href":"https:\/\/www.topohvar.at\/topo\/wp-json\/wp\/v2\/pages\/14484\/revisions"}],"predecessor-version":[{"id":53484,"href":"https:\/\/www.topohvar.at\/topo\/wp-json\/wp\/v2\/pages\/14484\/revisions\/53484"}],"up":[{"embeddable":true,"href":"https:\/\/www.topohvar.at\/topo\/wp-json\/wp\/v2\/pages\/80"}],"wp:attachment":[{"href":"https:\/\/www.topohvar.at\/topo\/wp-json\/wp\/v2\/media?parent=14484"}],"curies":[{"name":"wp","href":"https:\/\/api.w.org\/{rel}","templated":true}]}}

HVAR &#8211; Spomen ploča »Ivan Vučetić«

<p><a name="seite_oben"></a><br />
<img loading="lazy" decoding="async" class="alignnone wp-image-14465 size-large" src="https://www.topohvar.at/wp-content/uploads/2018/12/hv-is-24-1-1024x503.jpg" alt="" width="640" height="314" srcset="https://www.topohvar.at/wp-content/uploads/2018/12/hv-is-24-1-1024x503.jpg 1024w, https://www.topohvar.at/wp-content/uploads/2018/12/hv-is-24-1-300x147.jpg 300w, https://www.topohvar.at/wp-content/uploads/2018/12/hv-is-24-1-768x377.jpg 768w, https://www.topohvar.at/wp-content/uploads/2018/12/hv-is-24-1.jpg 1080w" sizes="auto, (max-width: 640px) 100vw, 640px" /></p>
<p><strong>Ime / Name<br />
</strong>Spomen ploča / Gedenktafel »Ivan Vučetić«</p>
<p><strong>Code: </strong>HV-IS-24                                    <a href="https://www.topohvar.at/hv-ip-08-1/"><img loading="lazy" decoding="async" class="alignnone wp-image-12300 size-full" src="https://www.topohvar.at/wp-content/uploads/2018/09/push-vor-30.jpg" alt="" width="61" height="30" /></a> <strong><a href="https://www.topohvar.at/orte/hv/hv-is-45-1/"><img loading="lazy" decoding="async" class="alignnone wp-image-533 size-full" src="https://www.topohvar.at/wp-content/uploads/2018/07/push-l-30.jpg" alt="" width="61" height="30" /></a> <a href="https://www.topohvar.at/orte/hv/"><img loading="lazy" decoding="async" class="alignnone wp-image-535 size-full" src="https://www.topohvar.at/wp-content/uploads/2018/07/push-o-30.jpg" alt="" width="61" height="30" /></a> <a href="https://www.topohvar.at/orte/hv/hv-is-30-1/"><img loading="lazy" decoding="async" class="alignnone wp-image-536 size-full" src="https://www.topohvar.at/wp-content/uploads/2018/07/push-r-30.jpg" alt="" width="61" height="30" /></a> <a href="https://www.topohvar.at/hv-ip-08-1/"><img loading="lazy" decoding="async" class="alignnone wp-image-12299 size-full" src="https://www.topohvar.at/wp-content/uploads/2018/09/push-next-30.jpg" alt="" width="61" height="30" /></a></strong></p>
<hr />
<p><strong>Adresa / Adresse<br />
</strong>Grad Hvar, Obala Riva 21</p>
<p><strong>Lokacija</strong><strong> / Position<a href="https://goo.gl/maps/L9yM1M1tc5EDxWhw6"><img loading="lazy" decoding="async" class="alignright wp-image-16060" src="https://www.topohvar.at/wp-content/uploads/2019/01/1020.jpg" alt="" width="134" height="100" /></a><br />
</strong><span style="color: #3366ff;"><a style="color: #3366ff;" href="https://goo.gl/maps/L9yM1M1tc5EDxWhw6">Latitude: N 43,17093°   Longitude: E 16,44151°</a> </span><strong><br />
</strong>Visina / Höhe: 2 m</p>
<p><strong>Katastarska čestica</strong><strong> / Grundstücke<br />
</strong>*239<div class='content-column one_half'><div style="padding-right:6px;"><p><strong>Datum snimanja / Erfassungsdatum<br />
</strong>20.02.2015 10:34:05</p>
<hr />
<p><strong>Informacije</strong></p>
<p>Natpis:</p>
<p style="text-align: center;">U OVOJ SE KUĆI RODIO<br />
<strong>IVAN VUČETIĆ</strong><br />
IZUMITELJ DAKTILOSKOPIJE<br />
(20. VII 1858. &#8211; 25. I 1925)</p>
<p style="padding-left: 160px;">CENTAR ZA ZAŠTITU<br />
KULTURNE BAŠTINE</p></div></div><div class='content-column one_half last_column'><div style="padding-right:0px;padding-left:6px;"><p><strong>Stupanj zaštite</strong><strong> / Schutzstellung<br />
</strong>&#8211;</p>
<hr />
<p><strong>Info</strong></p>
<p>Inschrift:</p>
<p style="text-align: center;">In diesem Haus wurde geboren<br />
<strong>Ivan Vučetić</strong><br />
Erfinder der Daktyloskopie<br />
(20. 7. 1858 &#8211; 25. 1. 1925)</p>
<p style="text-align: left; padding-left: 160px;">Zentrum zum Schutz<br />
des kulturellen Erbes</p></div></div><div class='clear_column'></div></p>
<p style="text-align: right;"><span style="color: #3366ff;"><a style="color: #3366ff;" href="#seite_oben">natrag na vrh / Seitenanfang</a></span></p>
<hr />
<p><strong>Linkovi / Links</strong></p>
<p><span style="color: #3366ff;"><a style="color: #3366ff;" href="https://www.topohvar.at/orte/hv/hv-is-21-1/">Spomen-ploča na kući Vučetić« / Gedenktafel am Haus Vučetić</a><br />
<a style="color: #3366ff;" href="https://www.topohvar.at/orte/hv/hv-is-30-1/">Spomen ploča »Zadužbina Dra. Tona Kovačević« / Gedenktafel &#8211; Stiftung Dr. Tono Kovačević</a><br />
<a style="color: #3366ff;" href="https://www.topohvar.at/orte/hv/hv-mo-04-1/">Bista / Büste »Ivan Vučetić« (mehr über / više o Vučetiću)</a><br />
</span></p>

<p>Ime / Name Spomen ploča / Gedenktafel »Ivan Vučetić« Code: HV-IS-24                                        Adresa / Adresse Grad Hvar, Obala Riva 21 Lokacija / Position &hellip; <a href="https://www.topohvar.at/topo/orte/hv/hv-is-24-1/">Weiterlesen <span class="meta-nav">&rarr;</span></a></p>
