{"id":14488,"date":"2018-12-30T19:28:38","date_gmt":"2018-12-30T18:28:38","guid":{"rendered":"https:\/\/www.topohvar.at\/?page_id=14488"},"modified":"2021-11-12T16:26:09","modified_gmt":"2021-11-12T15:26:09","slug":"hv-is-07-1","status":"publish","type":"page","link":"https:\/\/www.topohvar.at\/topo\/orte\/hv\/hv-is-07-1\/","title":{"rendered":"HVAR &#8211; Spomen plo\u010da \u00bbBoravku \u0160taba IV pomorskog sektora na Hvaru\u00ab"},"content":{"rendered":"<p><a name=\"seite_oben\"><\/a><br \/>\n<img loading=\"lazy\" decoding=\"async\" class=\"alignnone wp-image-14449 size-large\" src=\"https:\/\/www.topohvar.at\/wp-content\/uploads\/2018\/12\/HV-IS-07-1-1024x503.jpg\" alt=\"\" width=\"640\" height=\"314\" srcset=\"https:\/\/www.topohvar.at\/wp-content\/uploads\/2018\/12\/HV-IS-07-1-1024x503.jpg 1024w, https:\/\/www.topohvar.at\/wp-content\/uploads\/2018\/12\/HV-IS-07-1-300x147.jpg 300w, https:\/\/www.topohvar.at\/wp-content\/uploads\/2018\/12\/HV-IS-07-1-768x377.jpg 768w, https:\/\/www.topohvar.at\/wp-content\/uploads\/2018\/12\/HV-IS-07-1.jpg 1080w\" sizes=\"auto, (max-width: 640px) 100vw, 640px\" \/><\/p>\n<p><strong>Ime \/ Name<br \/>\n<\/strong>Spomen plo\u010da \u00bbBoravku \u0160taba IV pomorskog sektora na Hvaru\u00ab \/\u00a0Gedenktafel &#8211; Unterk\u00fcnfte der 4. Staffel des Marine-K\u00fcstensektors in Hvar<\/p>\n<p><strong>Code: <\/strong>HV-IS-07\u00a0 \u00a0 \u00a0 \u00a0 \u00a0 \u00a0 \u00a0 \u00a0 \u00a0 \u00a0 \u00a0 \u00a0 \u00a0 \u00a0 \u00a0 \u00a0 \u00a0 \u00a0\u00a0<a href=\"https:\/\/www.topohvar.at\/hv-ip-08-1\/\"><img loading=\"lazy\" decoding=\"async\" class=\"alignnone wp-image-12300 size-full\" src=\"https:\/\/www.topohvar.at\/wp-content\/uploads\/2018\/09\/push-vor-30.jpg\" alt=\"\" width=\"61\" height=\"30\" \/><\/a>\u00a0<strong><a href=\"https:\/\/www.topohvar.at\/orte\/hv\/hv-is-30-1\/\"><img loading=\"lazy\" decoding=\"async\" class=\"alignnone wp-image-533 size-full\" src=\"https:\/\/www.topohvar.at\/wp-content\/uploads\/2018\/07\/push-l-30.jpg\" alt=\"\" width=\"61\" height=\"30\" \/><\/a> <a href=\"https:\/\/www.topohvar.at\/orte\/hv\/\"><img loading=\"lazy\" decoding=\"async\" class=\"alignnone wp-image-535 size-full\" src=\"https:\/\/www.topohvar.at\/wp-content\/uploads\/2018\/07\/push-o-30.jpg\" alt=\"\" width=\"61\" height=\"30\" \/><\/a> <a href=\"https:\/\/www.topohvar.at\/orte\/hv\/hv-is-39-1\/\"><img loading=\"lazy\" decoding=\"async\" class=\"alignnone wp-image-536 size-full\" src=\"https:\/\/www.topohvar.at\/wp-content\/uploads\/2018\/07\/push-r-30.jpg\" alt=\"\" width=\"61\" height=\"30\" \/><\/a>\u00a0<a href=\"https:\/\/www.topohvar.at\/hv-ip-08-1\/\"><img loading=\"lazy\" decoding=\"async\" class=\"alignnone wp-image-12299 size-full\" src=\"https:\/\/www.topohvar.at\/wp-content\/uploads\/2018\/09\/push-next-30.jpg\" alt=\"\" width=\"61\" height=\"30\" \/><\/a><\/strong><\/p>\n<hr \/>\n<p><strong>Adresa \/ Adresse<br \/>\n<\/strong>Grad Hvar,\u00a0Obala Riva 25, Hotel biv\u0161i Slavija<\/p>\n<p><strong>Lokacija <\/strong><strong>\/ Position<a href=\"https:\/\/goo.gl\/maps\/yUJJHHfWuLu285f19\"><img loading=\"lazy\" decoding=\"async\" class=\"alignright wp-image-16077\" src=\"https:\/\/www.topohvar.at\/wp-content\/uploads\/2019\/01\/0374.jpg\" alt=\"\" width=\"134\" height=\"100\" \/><\/a><br \/>\n<\/strong><span style=\"color: #3366ff;\"><a style=\"color: #3366ff;\" href=\"https:\/\/goo.gl\/maps\/yUJJHHfWuLu285f19\">Latitude: N 43,17082\u00b0\u00a0 \u00a0Longitude: E 16,44149\u00b0<\/a> <\/span><strong><br \/>\n<\/strong>Visina \/ H\u00f6he: 2 m<\/p>\n<p><strong>Katastarska \u010destica<\/strong><strong> \/ Grundst\u00fccke<br \/>\n<\/strong>*430, 4656<div class='content-column one_half'><div style=\"padding-right:6px;\"><p><strong>Datum snimanja \/ Erfassungsdatum<br \/>\n<\/strong>28.10.2014 10:11:11<\/p>\n<hr \/>\n<p><strong>Informacije<\/strong><\/p>\n<p>Spomen plo\u010da, od bijelog mramora, postavljena je na pro\u010delju zgrade hotela \u00bbSlavija\u00ab na obali u kojoj je djelovao \u0161tab IV pomorskog sektora Mornarice NOVJ od svog osnivanja do povla\u010denja na Vis.<\/p><\/div><\/div><div class='content-column one_half last_column'><div style=\"padding-right:0px;padding-left:6px;\"><p><strong>Stupanj za\u0161tite<\/strong><strong> \/ Schutzstellung<br \/>\n<\/strong>RST-0812<strong><br \/>\n<\/strong><\/p>\n<hr \/>\n<p><strong>Info<\/strong><\/p>\n<p>Eine Gedenktafel aus wei\u00dfem Marmor wurde an der Vorderseite des Hotels Slavija am Riva angebracht, wo das Hauptquartier des 4. Marinesektors der Marine des Neuen Jugoslavien von seiner Gr\u00fcndung bis zu seinem R\u00fcckzug nach Vis t\u00e4tig war.<\/p><\/div><\/div><div class='clear_column'><\/div><div class='content-column one_half'><div style=\"padding-right:6px;\"><p>Postavili su mje\u0161tani grada Hvara u suradnji sa JRM, 30.10.1973. g. uz proslavu Dana.<\/p><\/div><\/div><div class='content-column one_half last_column'><div style=\"padding-right:0px;padding-left:6px;\"><p>Die Tafel wurde von den Bewohnern der Stadt Hvar in Zusammenarbeit mit der jugoslawischen Marine am 30. September 1973, anl\u00e4sslich der Feier dieses Tages errichtet.<\/p><\/div><\/div><div class='clear_column'><\/div><div class='content-column one_half'><div style=\"padding-right:6px;\"><p>Natpis:<\/p>\n<p>U OVOJ ZGRADI DJELOVAO JE \u0160TAB IV POMORSKOG<br \/>\nOBALNOG SEKTORA MORNARICE NOVJ OD OSNIVANJA<br \/>\n30. X 1943. DO POVLA\u010cENJA NA VIS 9.I.1944<br \/>\n30.X.1973.\u00a0 \u00a0 \u00a0 \u00a0 \u00a0 \u00a0 \u00a0 \u00a0 \u00a0 \u00a0 \u00a0 \u00a0 NAROD HVARA I JRM<\/p><\/div><\/div><div class='content-column one_half last_column'><div style=\"padding-right:0px;padding-left:6px;\"><p>Inschrift:<\/p>\n<p>In diesem Geb\u00e4ude wirkte die 4. Staffel des Partisanen<br \/>\nMarine-K\u00fcstensektors von seiner Gr\u00fcndung am<br \/>\n30. 9. 1943 bis zur Verlegung nach Vis am 9. 1. 1944<br \/>\n30.10.1973.\u00a0 \u00a0 \u00a0 \u00a0 \u00a0\u00a0 Die Bev\u00f6lkerung von Hvar und JRM<\/p><\/div><\/div><div class='clear_column'><\/div><\/p>\n<p style=\"text-align: right;\"><span style=\"color: #3366ff;\"><a style=\"color: #3366ff;\" href=\"#seite_oben\">natrag na vrh \/ Seitenanfang<\/a><\/span><\/p>\n<hr \/>\n<p><strong>Linkovi \/ Links<\/strong><\/p>\n<p><span style=\"color: #3366ff;\"><a style=\"color: #3366ff;\" href=\"https:\/\/www.topohvar.at\/orte\/hv\/hv-tg-63-1\/\">Hotel Riva, biv\u0161i hotel Slavija \/ Hotel Riva, ehemaliges Hotel Slavia<\/a><\/span><\/p>\n","protected":false},"excerpt":{"rendered":"<p>Ime \/ Name Spomen plo\u010da \u00bbBoravku \u0160taba IV pomorskog sektora na Hvaru\u00ab \/\u00a0Gedenktafel &#8211; Unterk\u00fcnfte der 4. Staffel des Marine-K\u00fcstensektors in Hvar Code: HV-IS-07\u00a0 \u00a0 \u00a0 \u00a0 \u00a0 \u00a0 \u00a0 \u00a0 \u00a0 \u00a0 \u00a0 \u00a0 \u00a0 \u00a0 \u00a0 \u00a0 \u00a0 &hellip; <a href=\"https:\/\/www.topohvar.at\/topo\/orte\/hv\/hv-is-07-1\/\">Weiterlesen <span class=\"meta-nav\">&rarr;<\/span><\/a><\/p>\n","protected":false},"author":1,"featured_media":0,"parent":80,"menu_order":0,"comment_status":"closed","ping_status":"closed","template":"","meta":{"footnotes":""},"class_list":["post-14488","page","type-page","status-publish","hentry"],"_links":{"self":[{"href":"https:\/\/www.topohvar.at\/topo\/wp-json\/wp\/v2\/pages\/14488","targetHints":{"allow":["GET"]}}],"collection":[{"href":"https:\/\/www.topohvar.at\/topo\/wp-json\/wp\/v2\/pages"}],"about":[{"href":"https:\/\/www.topohvar.at\/topo\/wp-json\/wp\/v2\/types\/page"}],"author":[{"embeddable":true,"href":"https:\/\/www.topohvar.at\/topo\/wp-json\/wp\/v2\/users\/1"}],"replies":[{"embeddable":true,"href":"https:\/\/www.topohvar.at\/topo\/wp-json\/wp\/v2\/comments?post=14488"}],"version-history":[{"count":13,"href":"https:\/\/www.topohvar.at\/topo\/wp-json\/wp\/v2\/pages\/14488\/revisions"}],"predecessor-version":[{"id":53486,"href":"https:\/\/www.topohvar.at\/topo\/wp-json\/wp\/v2\/pages\/14488\/revisions\/53486"}],"up":[{"embeddable":true,"href":"https:\/\/www.topohvar.at\/topo\/wp-json\/wp\/v2\/pages\/80"}],"wp:attachment":[{"href":"https:\/\/www.topohvar.at\/topo\/wp-json\/wp\/v2\/media?parent=14488"}],"curies":[{"name":"wp","href":"https:\/\/api.w.org\/{rel}","templated":true}]}}

HVAR &#8211; Spomen ploča »Boravku Štaba IV pomorskog sektora na Hvaru«

<p><a name="seite_oben"></a><br />
<img loading="lazy" decoding="async" class="alignnone wp-image-14449 size-large" src="https://www.topohvar.at/wp-content/uploads/2018/12/HV-IS-07-1-1024x503.jpg" alt="" width="640" height="314" srcset="https://www.topohvar.at/wp-content/uploads/2018/12/HV-IS-07-1-1024x503.jpg 1024w, https://www.topohvar.at/wp-content/uploads/2018/12/HV-IS-07-1-300x147.jpg 300w, https://www.topohvar.at/wp-content/uploads/2018/12/HV-IS-07-1-768x377.jpg 768w, https://www.topohvar.at/wp-content/uploads/2018/12/HV-IS-07-1.jpg 1080w" sizes="auto, (max-width: 640px) 100vw, 640px" /></p>
<p><strong>Ime / Name<br />
</strong>Spomen ploča »Boravku Štaba IV pomorskog sektora na Hvaru« / Gedenktafel &#8211; Unterkünfte der 4. Staffel des Marine-Küstensektors in Hvar</p>
<p><strong>Code: </strong>HV-IS-07                                    <a href="https://www.topohvar.at/hv-ip-08-1/"><img loading="lazy" decoding="async" class="alignnone wp-image-12300 size-full" src="https://www.topohvar.at/wp-content/uploads/2018/09/push-vor-30.jpg" alt="" width="61" height="30" /></a> <strong><a href="https://www.topohvar.at/orte/hv/hv-is-30-1/"><img loading="lazy" decoding="async" class="alignnone wp-image-533 size-full" src="https://www.topohvar.at/wp-content/uploads/2018/07/push-l-30.jpg" alt="" width="61" height="30" /></a> <a href="https://www.topohvar.at/orte/hv/"><img loading="lazy" decoding="async" class="alignnone wp-image-535 size-full" src="https://www.topohvar.at/wp-content/uploads/2018/07/push-o-30.jpg" alt="" width="61" height="30" /></a> <a href="https://www.topohvar.at/orte/hv/hv-is-39-1/"><img loading="lazy" decoding="async" class="alignnone wp-image-536 size-full" src="https://www.topohvar.at/wp-content/uploads/2018/07/push-r-30.jpg" alt="" width="61" height="30" /></a> <a href="https://www.topohvar.at/hv-ip-08-1/"><img loading="lazy" decoding="async" class="alignnone wp-image-12299 size-full" src="https://www.topohvar.at/wp-content/uploads/2018/09/push-next-30.jpg" alt="" width="61" height="30" /></a></strong></p>
<hr />
<p><strong>Adresa / Adresse<br />
</strong>Grad Hvar, Obala Riva 25, Hotel bivši Slavija</p>
<p><strong>Lokacija </strong><strong>/ Position<a href="https://goo.gl/maps/yUJJHHfWuLu285f19"><img loading="lazy" decoding="async" class="alignright wp-image-16077" src="https://www.topohvar.at/wp-content/uploads/2019/01/0374.jpg" alt="" width="134" height="100" /></a><br />
</strong><span style="color: #3366ff;"><a style="color: #3366ff;" href="https://goo.gl/maps/yUJJHHfWuLu285f19">Latitude: N 43,17082°   Longitude: E 16,44149°</a> </span><strong><br />
</strong>Visina / Höhe: 2 m</p>
<p><strong>Katastarska čestica</strong><strong> / Grundstücke<br />
</strong>*430, 4656<div class='content-column one_half'><div style="padding-right:6px;"><p><strong>Datum snimanja / Erfassungsdatum<br />
</strong>28.10.2014 10:11:11</p>
<hr />
<p><strong>Informacije</strong></p>
<p>Spomen ploča, od bijelog mramora, postavljena je na pročelju zgrade hotela »Slavija« na obali u kojoj je djelovao štab IV pomorskog sektora Mornarice NOVJ od svog osnivanja do povlačenja na Vis.</p></div></div><div class='content-column one_half last_column'><div style="padding-right:0px;padding-left:6px;"><p><strong>Stupanj zaštite</strong><strong> / Schutzstellung<br />
</strong>RST-0812<strong><br />
</strong></p>
<hr />
<p><strong>Info</strong></p>
<p>Eine Gedenktafel aus weißem Marmor wurde an der Vorderseite des Hotels Slavija am Riva angebracht, wo das Hauptquartier des 4. Marinesektors der Marine des Neuen Jugoslavien von seiner Gründung bis zu seinem Rückzug nach Vis tätig war.</p></div></div><div class='clear_column'></div><div class='content-column one_half'><div style="padding-right:6px;"><p>Postavili su mještani grada Hvara u suradnji sa JRM, 30.10.1973. g. uz proslavu Dana.</p></div></div><div class='content-column one_half last_column'><div style="padding-right:0px;padding-left:6px;"><p>Die Tafel wurde von den Bewohnern der Stadt Hvar in Zusammenarbeit mit der jugoslawischen Marine am 30. September 1973, anlässlich der Feier dieses Tages errichtet.</p></div></div><div class='clear_column'></div><div class='content-column one_half'><div style="padding-right:6px;"><p>Natpis:</p>
<p>U OVOJ ZGRADI DJELOVAO JE ŠTAB IV POMORSKOG<br />
OBALNOG SEKTORA MORNARICE NOVJ OD OSNIVANJA<br />
30. X 1943. DO POVLAČENJA NA VIS 9.I.1944<br />
30.X.1973.                        NAROD HVARA I JRM</p></div></div><div class='content-column one_half last_column'><div style="padding-right:0px;padding-left:6px;"><p>Inschrift:</p>
<p>In diesem Gebäude wirkte die 4. Staffel des Partisanen<br />
Marine-Küstensektors von seiner Gründung am<br />
30. 9. 1943 bis zur Verlegung nach Vis am 9. 1. 1944<br />
30.10.1973.           Die Bevölkerung von Hvar und JRM</p></div></div><div class='clear_column'></div></p>
<p style="text-align: right;"><span style="color: #3366ff;"><a style="color: #3366ff;" href="#seite_oben">natrag na vrh / Seitenanfang</a></span></p>
<hr />
<p><strong>Linkovi / Links</strong></p>
<p><span style="color: #3366ff;"><a style="color: #3366ff;" href="https://www.topohvar.at/orte/hv/hv-tg-63-1/">Hotel Riva, bivši hotel Slavija / Hotel Riva, ehemaliges Hotel Slavia</a></span></p>

<p>Ime / Name Spomen ploča »Boravku Štaba IV pomorskog sektora na Hvaru« / Gedenktafel &#8211; Unterkünfte der 4. Staffel des Marine-Küstensektors in Hvar Code: HV-IS-07                                  &hellip; <a href="https://www.topohvar.at/topo/orte/hv/hv-is-07-1/">Weiterlesen <span class="meta-nav">&rarr;</span></a></p>
