{"id":14506,"date":"2018-12-30T19:43:26","date_gmt":"2018-12-30T18:43:26","guid":{"rendered":"https:\/\/www.topohvar.at\/?page_id=14506"},"modified":"2021-11-12T16:35:34","modified_gmt":"2021-11-12T15:35:34","slug":"hv-is-22-1","status":"publish","type":"page","link":"https:\/\/www.topohvar.at\/topo\/orte\/hv\/hv-is-22-1\/","title":{"rendered":"HVAR &#8211; Spomen plo\u010da \u00bbSacratum Virginum \u2026\u00ab"},"content":{"rendered":"<p><a name=\"seite_oben\"><\/a><br \/>\n<img loading=\"lazy\" decoding=\"async\" class=\"alignnone wp-image-14463 size-large\" src=\"https:\/\/www.topohvar.at\/wp-content\/uploads\/2018\/12\/HV-IS-22-1-1024x503.jpg\" alt=\"\" width=\"640\" height=\"314\" srcset=\"https:\/\/www.topohvar.at\/wp-content\/uploads\/2018\/12\/HV-IS-22-1-1024x503.jpg 1024w, https:\/\/www.topohvar.at\/wp-content\/uploads\/2018\/12\/HV-IS-22-1-300x147.jpg 300w, https:\/\/www.topohvar.at\/wp-content\/uploads\/2018\/12\/HV-IS-22-1-768x377.jpg 768w, https:\/\/www.topohvar.at\/wp-content\/uploads\/2018\/12\/HV-IS-22-1.jpg 1080w\" sizes=\"auto, (max-width: 640px) 100vw, 640px\" \/><\/p>\n<p><strong>Ime \/ Name<br \/>\n<\/strong>Spomen plo\u010da \u00bbSacratum Virginum \u2026\u00ab \/ Gedenktafel \u00bbGottgeweihte Jungfrau \u2026\u00ab<\/p>\n<p><strong>Code: <\/strong>HV-IS-22\u00a0 \u00a0 \u00a0 \u00a0 \u00a0 \u00a0 \u00a0 \u00a0 \u00a0 \u00a0 \u00a0 \u00a0 \u00a0 \u00a0 \u00a0 \u00a0 \u00a0 \u00a0\u00a0<a href=\"https:\/\/www.topohvar.at\/hv-ip-08-1\/\"><img loading=\"lazy\" decoding=\"async\" class=\"alignnone wp-image-12300 size-full\" src=\"https:\/\/www.topohvar.at\/wp-content\/uploads\/2018\/09\/push-vor-30.jpg\" alt=\"\" width=\"61\" height=\"30\" \/><\/a>\u00a0<strong><a href=\"https:\/\/www.topohvar.at\/orte\/hv\/hv-is-28-1\/\"><img loading=\"lazy\" decoding=\"async\" class=\"alignnone wp-image-533 size-full\" src=\"https:\/\/www.topohvar.at\/wp-content\/uploads\/2018\/07\/push-l-30.jpg\" alt=\"\" width=\"61\" height=\"30\" \/><\/a> <a href=\"https:\/\/www.topohvar.at\/orte\/hv\/\"><img loading=\"lazy\" decoding=\"async\" class=\"alignnone wp-image-535 size-full\" src=\"https:\/\/www.topohvar.at\/wp-content\/uploads\/2018\/07\/push-o-30.jpg\" alt=\"\" width=\"61\" height=\"30\" \/><\/a> <a href=\"https:\/\/www.topohvar.at\/orte\/hv\/hv-is-20-1\/\"><img loading=\"lazy\" decoding=\"async\" class=\"alignnone wp-image-536 size-full\" src=\"https:\/\/www.topohvar.at\/wp-content\/uploads\/2018\/07\/push-r-30.jpg\" alt=\"\" width=\"61\" height=\"30\" \/><\/a>\u00a0<a href=\"https:\/\/www.topohvar.at\/hv-ip-08-1\/\"><img loading=\"lazy\" decoding=\"async\" class=\"alignnone wp-image-12299 size-full\" src=\"https:\/\/www.topohvar.at\/wp-content\/uploads\/2018\/09\/push-next-30.jpg\" alt=\"\" width=\"61\" height=\"30\" \/><\/a><\/strong><\/p>\n<hr \/>\n<p><strong>Adresa \/ Adresse<br \/>\n<\/strong>Grad Hvar,\u00a0Trg Marka Mili\u010di\u0107a 6-8, KONSUM<\/p>\n<p><strong>Lokacija<\/strong><strong> \/ Position<a href=\"https:\/\/goo.gl\/maps\/xrtK996XwZPrhVE87\"><img loading=\"lazy\" decoding=\"async\" class=\"alignright wp-image-16192\" src=\"https:\/\/www.topohvar.at\/wp-content\/uploads\/2019\/01\/1186.jpg\" alt=\"\" width=\"134\" height=\"100\" \/><\/a><br \/>\n<\/strong><span style=\"color: #3366ff;\"><a style=\"color: #3366ff;\" href=\"https:\/\/goo.gl\/maps\/xrtK996XwZPrhVE87\">Latitude: N 43,17275\u00b0\u00a0 \u00a0Longitude: E 16,44401\u00b0<\/a> <\/span><strong><br \/>\n<\/strong>Visina \/ H\u00f6he: 6 m<\/p>\n<p><strong>Katastarska \u010destica<\/strong><strong> \/ Grundst\u00fccke<br \/>\n<\/strong>*587\/1<div class='content-column one_half'><div style=\"padding-right:6px;\"><p><strong>Datum snimanja \/ Erfassungsdatum<br \/>\n<\/strong>23.05.2013 12:00:00<\/p>\n<hr \/>\n<p><strong>Informacije<\/strong><\/p>\n<p style=\"text-align: left;\">Zidovi su bili sagradeni u 16. st. za samostan benediktinki, koje ondje nikad nisu boravile, jer je gradnja u istome davnom stolje\u0107u bila obustavljena iz sigurnosnih razloga.\u00a0Spomen plo\u010da uz ulaz u KONSUMU sa sljede\u0107im natpisom:<\/p><\/div><\/div><div class='content-column one_half last_column'><div style=\"padding-right:0px;padding-left:6px;\"><p><strong>Stupanj za\u0161tite<\/strong><strong> \/ Schutzstellung<br \/>\n<\/strong>&#8211;<\/p>\n<hr \/>\n<p><strong>Info<\/strong><\/p>\n<p style=\"text-align: left;\">Die Mauern wurden im 16. Jahrhundert f\u00fcr ein Benediktinerkloster errichtet, das aber dort nie entstand, da der Bau aus Sicherheitsgr\u00fcnden im selben alten Jahrhundert eingestellt wurde. Dazu die Gedenktafel neben dem Eingang zum KONSUM mit folgender Inschrift:<\/p><\/div><\/div><div class='clear_column'><\/div><\/p>\n<p style=\"text-align: center;\">SACRATVM VIRGINVM CLAVSTRV<br \/>\nHVIVS STRVCTVRAM PHARVM<br \/>\nNOBILIMVS ALIO TOT ANTE AN<br \/>\nNIS AERE SVO INCHOATAM DE<br \/>\nINDE INTER MISCAM ALOISIO<br \/>\nPRIOLO PRAETORE PROSEO VEN<br \/>\nDAM CVRAVIT MDLXVII<\/p>\n<div class='content-column one_half'><div style=\"padding-right:6px;\"><p>(= Posve\u0107eno samostanskim \u017eenama. Izgradnju ove zgrade zapo\u010deli su plemi\u0107i u Pharosu. Nakon toliko godina prije nego \u0161to se zrak po\u010deo mije\u0161ati, gradona\u010delnik Aloisio Priolo izlije\u010dio ga je 1567. (?))<\/p><\/div><\/div><div class='content-column one_half last_column'><div style=\"padding-right:0px;padding-left:6px;\"><p>(= Gewidmet den Klosterfrauen. Der Bau dieses Geb\u00e4ude wurde von den Edlen auf Pharos begonnen. Nach so vielen Jahren, bevor die Luft beginnt ihren B\u00fcrgermeister Aloisio Priolo zu mischen und geheilt im Jahr 1567 verkaufen. (?))<\/p><\/div><\/div><div class='clear_column'><\/div><\/p>\n<p style=\"text-align: right;\"><span style=\"color: #3366ff;\"><a style=\"color: #3366ff;\" href=\"#seite_oben\">natrag na vrh \/ Seitenanfang<\/a><\/span><\/p>\n<hr \/>\n<p><strong>Linkovi \/ Links<\/strong><\/p>\n<p><span style=\"color: #3366ff;\"><a style=\"color: #3366ff;\" href=\"https:\/\/www.topohvar.at\/orte\/hv\/hv-tg-a3-1\/\">Zgrada Konsum \/ Konsumgeb\u00e4ude<\/a>\u00a0\u00a0<\/span><br \/>\n<span style=\"color: #3366ff;\"><a style=\"color: #3366ff;\" href=\"https:\/\/www.topohvar.at\/orte\/hv\/hv-ig-11-1\/\">Grb na KONSUM \/ Wappen am Konsumgeb\u00e4ude<\/a>\u00a0<\/span><\/p>\n","protected":false},"excerpt":{"rendered":"<p>Ime \/ Name Spomen plo\u010da \u00bbSacratum Virginum \u2026\u00ab \/ Gedenktafel \u00bbGottgeweihte Jungfrau \u2026\u00ab Code: HV-IS-22\u00a0 \u00a0 \u00a0 \u00a0 \u00a0 \u00a0 \u00a0 \u00a0 \u00a0 \u00a0 \u00a0 \u00a0 \u00a0 \u00a0 \u00a0 \u00a0 \u00a0 \u00a0\u00a0\u00a0 \u00a0 Adresa \/ Adresse Grad Hvar,\u00a0Trg Marka Mili\u010di\u0107a &hellip; <a href=\"https:\/\/www.topohvar.at\/topo\/orte\/hv\/hv-is-22-1\/\">Weiterlesen <span class=\"meta-nav\">&rarr;<\/span><\/a><\/p>\n","protected":false},"author":1,"featured_media":0,"parent":80,"menu_order":0,"comment_status":"closed","ping_status":"closed","template":"","meta":{"footnotes":""},"class_list":["post-14506","page","type-page","status-publish","hentry"],"_links":{"self":[{"href":"https:\/\/www.topohvar.at\/topo\/wp-json\/wp\/v2\/pages\/14506","targetHints":{"allow":["GET"]}}],"collection":[{"href":"https:\/\/www.topohvar.at\/topo\/wp-json\/wp\/v2\/pages"}],"about":[{"href":"https:\/\/www.topohvar.at\/topo\/wp-json\/wp\/v2\/types\/page"}],"author":[{"embeddable":true,"href":"https:\/\/www.topohvar.at\/topo\/wp-json\/wp\/v2\/users\/1"}],"replies":[{"embeddable":true,"href":"https:\/\/www.topohvar.at\/topo\/wp-json\/wp\/v2\/comments?post=14506"}],"version-history":[{"count":15,"href":"https:\/\/www.topohvar.at\/topo\/wp-json\/wp\/v2\/pages\/14506\/revisions"}],"predecessor-version":[{"id":53496,"href":"https:\/\/www.topohvar.at\/topo\/wp-json\/wp\/v2\/pages\/14506\/revisions\/53496"}],"up":[{"embeddable":true,"href":"https:\/\/www.topohvar.at\/topo\/wp-json\/wp\/v2\/pages\/80"}],"wp:attachment":[{"href":"https:\/\/www.topohvar.at\/topo\/wp-json\/wp\/v2\/media?parent=14506"}],"curies":[{"name":"wp","href":"https:\/\/api.w.org\/{rel}","templated":true}]}}

HVAR &#8211; Spomen ploča »Sacratum Virginum …«

<p><a name="seite_oben"></a><br />
<img loading="lazy" decoding="async" class="alignnone wp-image-14463 size-large" src="https://www.topohvar.at/wp-content/uploads/2018/12/HV-IS-22-1-1024x503.jpg" alt="" width="640" height="314" srcset="https://www.topohvar.at/wp-content/uploads/2018/12/HV-IS-22-1-1024x503.jpg 1024w, https://www.topohvar.at/wp-content/uploads/2018/12/HV-IS-22-1-300x147.jpg 300w, https://www.topohvar.at/wp-content/uploads/2018/12/HV-IS-22-1-768x377.jpg 768w, https://www.topohvar.at/wp-content/uploads/2018/12/HV-IS-22-1.jpg 1080w" sizes="auto, (max-width: 640px) 100vw, 640px" /></p>
<p><strong>Ime / Name<br />
</strong>Spomen ploča »Sacratum Virginum …« / Gedenktafel »Gottgeweihte Jungfrau …«</p>
<p><strong>Code: </strong>HV-IS-22                                    <a href="https://www.topohvar.at/hv-ip-08-1/"><img loading="lazy" decoding="async" class="alignnone wp-image-12300 size-full" src="https://www.topohvar.at/wp-content/uploads/2018/09/push-vor-30.jpg" alt="" width="61" height="30" /></a> <strong><a href="https://www.topohvar.at/orte/hv/hv-is-28-1/"><img loading="lazy" decoding="async" class="alignnone wp-image-533 size-full" src="https://www.topohvar.at/wp-content/uploads/2018/07/push-l-30.jpg" alt="" width="61" height="30" /></a> <a href="https://www.topohvar.at/orte/hv/"><img loading="lazy" decoding="async" class="alignnone wp-image-535 size-full" src="https://www.topohvar.at/wp-content/uploads/2018/07/push-o-30.jpg" alt="" width="61" height="30" /></a> <a href="https://www.topohvar.at/orte/hv/hv-is-20-1/"><img loading="lazy" decoding="async" class="alignnone wp-image-536 size-full" src="https://www.topohvar.at/wp-content/uploads/2018/07/push-r-30.jpg" alt="" width="61" height="30" /></a> <a href="https://www.topohvar.at/hv-ip-08-1/"><img loading="lazy" decoding="async" class="alignnone wp-image-12299 size-full" src="https://www.topohvar.at/wp-content/uploads/2018/09/push-next-30.jpg" alt="" width="61" height="30" /></a></strong></p>
<hr />
<p><strong>Adresa / Adresse<br />
</strong>Grad Hvar, Trg Marka Miličića 6-8, KONSUM</p>
<p><strong>Lokacija</strong><strong> / Position<a href="https://goo.gl/maps/xrtK996XwZPrhVE87"><img loading="lazy" decoding="async" class="alignright wp-image-16192" src="https://www.topohvar.at/wp-content/uploads/2019/01/1186.jpg" alt="" width="134" height="100" /></a><br />
</strong><span style="color: #3366ff;"><a style="color: #3366ff;" href="https://goo.gl/maps/xrtK996XwZPrhVE87">Latitude: N 43,17275°   Longitude: E 16,44401°</a> </span><strong><br />
</strong>Visina / Höhe: 6 m</p>
<p><strong>Katastarska čestica</strong><strong> / Grundstücke<br />
</strong>*587/1<div class='content-column one_half'><div style="padding-right:6px;"><p><strong>Datum snimanja / Erfassungsdatum<br />
</strong>23.05.2013 12:00:00</p>
<hr />
<p><strong>Informacije</strong></p>
<p style="text-align: left;">Zidovi su bili sagradeni u 16. st. za samostan benediktinki, koje ondje nikad nisu boravile, jer je gradnja u istome davnom stoljeću bila obustavljena iz sigurnosnih razloga. Spomen ploča uz ulaz u KONSUMU sa sljedećim natpisom:</p></div></div><div class='content-column one_half last_column'><div style="padding-right:0px;padding-left:6px;"><p><strong>Stupanj zaštite</strong><strong> / Schutzstellung<br />
</strong>&#8211;</p>
<hr />
<p><strong>Info</strong></p>
<p style="text-align: left;">Die Mauern wurden im 16. Jahrhundert für ein Benediktinerkloster errichtet, das aber dort nie entstand, da der Bau aus Sicherheitsgründen im selben alten Jahrhundert eingestellt wurde. Dazu die Gedenktafel neben dem Eingang zum KONSUM mit folgender Inschrift:</p></div></div><div class='clear_column'></div></p>
<p style="text-align: center;">SACRATVM VIRGINVM CLAVSTRV<br />
HVIVS STRVCTVRAM PHARVM<br />
NOBILIMVS ALIO TOT ANTE AN<br />
NIS AERE SVO INCHOATAM DE<br />
INDE INTER MISCAM ALOISIO<br />
PRIOLO PRAETORE PROSEO VEN<br />
DAM CVRAVIT MDLXVII</p>
<div class='content-column one_half'><div style="padding-right:6px;"><p>(= Posvećeno samostanskim ženama. Izgradnju ove zgrade započeli su plemići u Pharosu. Nakon toliko godina prije nego što se zrak počeo miješati, gradonačelnik Aloisio Priolo izliječio ga je 1567. (?))</p></div></div><div class='content-column one_half last_column'><div style="padding-right:0px;padding-left:6px;"><p>(= Gewidmet den Klosterfrauen. Der Bau dieses Gebäude wurde von den Edlen auf Pharos begonnen. Nach so vielen Jahren, bevor die Luft beginnt ihren Bürgermeister Aloisio Priolo zu mischen und geheilt im Jahr 1567 verkaufen. (?))</p></div></div><div class='clear_column'></div></p>
<p style="text-align: right;"><span style="color: #3366ff;"><a style="color: #3366ff;" href="#seite_oben">natrag na vrh / Seitenanfang</a></span></p>
<hr />
<p><strong>Linkovi / Links</strong></p>
<p><span style="color: #3366ff;"><a style="color: #3366ff;" href="https://www.topohvar.at/orte/hv/hv-tg-a3-1/">Zgrada Konsum / Konsumgebäude</a>  </span><br />
<span style="color: #3366ff;"><a style="color: #3366ff;" href="https://www.topohvar.at/orte/hv/hv-ig-11-1/">Grb na KONSUM / Wappen am Konsumgebäude</a> </span></p>

<p>Ime / Name Spomen ploča »Sacratum Virginum …« / Gedenktafel »Gottgeweihte Jungfrau …« Code: HV-IS-22                                        Adresa / Adresse Grad Hvar, Trg Marka Miličića &hellip; <a href="https://www.topohvar.at/topo/orte/hv/hv-is-22-1/">Weiterlesen <span class="meta-nav">&rarr;</span></a></p>
