{"id":14627,"date":"2018-12-31T17:59:48","date_gmt":"2018-12-31T16:59:48","guid":{"rendered":"https:\/\/www.topohvar.at\/?page_id=14627"},"modified":"2022-01-28T18:55:11","modified_gmt":"2022-01-28T17:55:11","slug":"hv-ig-19-1","status":"publish","type":"page","link":"https:\/\/www.topohvar.at\/topo\/orte\/hv\/hv-ig-19-1\/","title":{"rendered":"HVAR &#8211; Grb \u00bbIznad ulaza u zvoniku basilike\u00ab"},"content":{"rendered":"<p><a name=\"seite_oben\"><\/a><br \/>\n<img loading=\"lazy\" decoding=\"async\" class=\"alignnone wp-image-14584 size-large\" src=\"https:\/\/www.topohvar.at\/wp-content\/uploads\/2018\/12\/hv-ig-19-1-1024x503.jpg\" alt=\"\" width=\"640\" height=\"314\" srcset=\"https:\/\/www.topohvar.at\/wp-content\/uploads\/2018\/12\/hv-ig-19-1-1024x503.jpg 1024w, https:\/\/www.topohvar.at\/wp-content\/uploads\/2018\/12\/hv-ig-19-1-300x147.jpg 300w, https:\/\/www.topohvar.at\/wp-content\/uploads\/2018\/12\/hv-ig-19-1-768x377.jpg 768w, https:\/\/www.topohvar.at\/wp-content\/uploads\/2018\/12\/hv-ig-19-1.jpg 1080w\" sizes=\"auto, (max-width: 640px) 100vw, 640px\" \/><\/p>\n<p><strong>Ime \/ Name<br \/>\n<\/strong>Grb \u00bbIznad ulaza u zvoniku basilike\u00ab \/ Wappen \u00fcber dem Turmeingang<\/p>\n<p><strong>Code: <\/strong>HV-IG-19\u00a0 \u00a0 \u00a0 \u00a0 \u00a0 \u00a0 \u00a0 \u00a0 \u00a0 \u00a0 \u00a0 \u00a0 \u00a0 \u00a0 \u00a0 \u00a0 \u00a0 \u00a0\u00a0\u00a0<strong><a href=\"https:\/\/www.topohvar.at\/orte\/hv\/hv-ig-48-1\/\"><img loading=\"lazy\" decoding=\"async\" class=\"alignnone wp-image-533 size-full\" src=\"https:\/\/www.topohvar.at\/wp-content\/uploads\/2018\/07\/push-l-30.jpg\" alt=\"\" width=\"61\" height=\"30\" \/><\/a> <a href=\"https:\/\/www.topohvar.at\/orte\/hv\/\"><img loading=\"lazy\" decoding=\"async\" class=\"alignnone wp-image-535 size-full\" src=\"https:\/\/www.topohvar.at\/wp-content\/uploads\/2018\/07\/push-o-30.jpg\" alt=\"\" width=\"61\" height=\"30\" \/><\/a> <a href=\"https:\/\/www.topohvar.at\/orte\/hv\/hv-ig-26-1\/\"><img loading=\"lazy\" decoding=\"async\" class=\"alignnone wp-image-536 size-full\" src=\"https:\/\/www.topohvar.at\/wp-content\/uploads\/2018\/07\/push-r-30.jpg\" alt=\"\" width=\"61\" height=\"30\" \/><\/a>\u00a0<a href=\"https:\/\/www.topohvar.at\/hv-ir-22-1\/\"><img loading=\"lazy\" decoding=\"async\" class=\"alignnone wp-image-12299 size-full\" src=\"https:\/\/www.topohvar.at\/wp-content\/uploads\/2018\/09\/push-next-30.jpg\" alt=\"\" width=\"61\" height=\"30\" \/><\/a><\/strong><\/p>\n<hr \/>\n<p><strong>Adresa \/ Adresse<br \/>\n<\/strong>Grad Hvar,<\/p>\n<p><strong>Lokacija<\/strong><strong> \/ Position<a href=\"https:\/\/goo.gl\/maps\/zjyDQy44a2bxWoYE7\"><img loading=\"lazy\" decoding=\"async\" class=\"alignright wp-image-16235\" src=\"https:\/\/www.topohvar.at\/wp-content\/uploads\/2019\/01\/0227.jpg\" alt=\"\" width=\"134\" height=\"100\" \/><\/a><br \/>\n<\/strong><span style=\"color: #3366ff;\"><a style=\"color: #3366ff;\" href=\"https:\/\/goo.gl\/maps\/zjyDQy44a2bxWoYE7\">Latitude: N 43,17228\u00b0\u00a0 \u00a0Longitude: E 16,44329\u00b0<\/a> <\/span><strong><br \/>\n<\/strong>Visina \/ H\u00f6he: 4 m<\/p>\n<p><strong>Katastarska \u010destica<\/strong><strong> \/ Grundst\u00fccke<br \/>\n<\/strong>*174<div class='content-column one_half'><div style=\"padding-right:6px;\"><p><strong>Datum snimanja \/ Erfassungsdatum<br \/>\n<\/strong>21.02.2017 09:49:00<\/p>\n<hr \/>\n<p><strong>Informacije<\/strong><\/p>\n<p>Grb i natpis izbrisani krajem 17. st. odredbom mleta\u010dkog Senata. U luneti iznad vrata je 2021. godine bista sv. Pro\u0161per postavljen.<\/p><\/div><\/div><div class='content-column one_half last_column'><div style=\"padding-right:0px;padding-left:6px;\"><p><strong>Stupanj za\u0161tite<\/strong><strong> \/ Schutzstellung<br \/>\n<\/strong>&#8211;<\/p>\n<hr \/>\n<p><strong>Info<\/strong><\/p>\n<p>Wappen und Inschrift wurden Ende des 17. Jahrhunderts auf Befehl des venezianischen Senats unkenntlich gemacht. In die L\u00fcnette \u00fcber dem Tor wurde im Jahre 2021 eine B\u00fcste des hl. Pro\u0161per platziert.<\/p><\/div><\/div><div class='clear_column'><\/div><\/p>\n<p style=\"text-align: right;\"><span style=\"color: #3366ff;\"><a style=\"color: #3366ff;\" href=\"#seite_oben\">natrag na vrh \/ Seitenanfang<\/a><\/span><\/p>\n<hr \/>\n<p><strong>Linkovi \/ Links<\/strong><\/p>\n<p><span style=\"color: #3366ff;\"><a style=\"color: #3366ff;\" href=\"https:\/\/www.topohvar.at\/orte\/hv\/hv-ci-01-1\/\">Katedrala \u00bbSv. Stjepan I. papostola i mu\u010denik\u00ab \/ Kathedrale zum hl. Stephan<\/a><\/span><br \/>\n<span style=\"color: #3366ff;\"><a style=\"color: #3366ff;\" href=\"https:\/\/www.topohvar.at\/orte\/hv\/hv-ir-03-1\/\">Reljef \u00bbKip reljef sv. Papa Stjepan\u00ab \/ Relieffigur des hl. Papstes Stephan<\/a><br \/>\n<a style=\"color: #3366ff;\" href=\"https:\/\/www.topohvar.at\/topo\/orte\/hv\/hv-mo-19-1\/\">Poprsje \u00bbSv. Pro\u0161pera\u00ab \/ B\u00fcste des hl. Pro\u0161per<\/a><\/span><br \/>\n<span style=\"color: #3366ff;\"><a style=\"color: #3366ff;\" href=\"https:\/\/www.topohvar.at\/orte\/hv\/hv-is-42-1\/\">Spomen plo\u010da \u00bbPod desnoj ni\u0161i na pro\u010delju katedrale\u00ab \/ Gedenktafel unter der rechten Nische in der Kirchenfassade<\/a><\/span><br \/>\n<span style=\"color: #3366ff;\"><a style=\"color: #3366ff;\" href=\"https:\/\/www.topohvar.at\/orte\/hv\/hv-is-43-1\/\">Spomen plo\u010da \u00bbNa lijevoj ni\u0161i na pro\u010delju katedrale\u00ab \/\u00a0Gedenktafel unter der linken Nische in der Kirchenfassade<\/a><\/span><br \/>\n<span style=\"color: #3366ff;\"><a style=\"color: #3366ff;\" href=\"https:\/\/www.topohvar.at\/orte\/hv\/hv-is-01-1\/\">Spomen plo\u010da \u00bb850. obljetnice Hvarske Biskupije\u00ab \/ Gedenktafel zum 850. Jubil\u00e4ums des Bistums Hvar<\/a><\/span><br \/>\n<span style=\"color: #3366ff;\"><a style=\"color: #3366ff;\" href=\"https:\/\/www.topohvar.at\/orte\/hv\/hv-in-05-1\/\">Natpis \u00bbMDXIX \/ DIE XXVI SEPTEMBRIS\u00ab \/ Inschrift &#8211; 26. September 1519<\/a><\/span><\/p>\n","protected":false},"excerpt":{"rendered":"<p>Ime \/ Name Grb \u00bbIznad ulaza u zvoniku basilike\u00ab \/ Wappen \u00fcber dem Turmeingang Code: HV-IG-19\u00a0 \u00a0 \u00a0 \u00a0 \u00a0 \u00a0 \u00a0 \u00a0 \u00a0 \u00a0 \u00a0 \u00a0 \u00a0 \u00a0 \u00a0 \u00a0 \u00a0 \u00a0\u00a0\u00a0 \u00a0 Adresa \/ Adresse Grad Hvar, Lokacija &hellip; <a href=\"https:\/\/www.topohvar.at\/topo\/orte\/hv\/hv-ig-19-1\/\">Weiterlesen <span class=\"meta-nav\">&rarr;<\/span><\/a><\/p>\n","protected":false},"author":1,"featured_media":0,"parent":80,"menu_order":0,"comment_status":"closed","ping_status":"closed","template":"","meta":{"footnotes":""},"class_list":["post-14627","page","type-page","status-publish","hentry"],"_links":{"self":[{"href":"https:\/\/www.topohvar.at\/topo\/wp-json\/wp\/v2\/pages\/14627","targetHints":{"allow":["GET"]}}],"collection":[{"href":"https:\/\/www.topohvar.at\/topo\/wp-json\/wp\/v2\/pages"}],"about":[{"href":"https:\/\/www.topohvar.at\/topo\/wp-json\/wp\/v2\/types\/page"}],"author":[{"embeddable":true,"href":"https:\/\/www.topohvar.at\/topo\/wp-json\/wp\/v2\/users\/1"}],"replies":[{"embeddable":true,"href":"https:\/\/www.topohvar.at\/topo\/wp-json\/wp\/v2\/comments?post=14627"}],"version-history":[{"count":14,"href":"https:\/\/www.topohvar.at\/topo\/wp-json\/wp\/v2\/pages\/14627\/revisions"}],"predecessor-version":[{"id":56906,"href":"https:\/\/www.topohvar.at\/topo\/wp-json\/wp\/v2\/pages\/14627\/revisions\/56906"}],"up":[{"embeddable":true,"href":"https:\/\/www.topohvar.at\/topo\/wp-json\/wp\/v2\/pages\/80"}],"wp:attachment":[{"href":"https:\/\/www.topohvar.at\/topo\/wp-json\/wp\/v2\/media?parent=14627"}],"curies":[{"name":"wp","href":"https:\/\/api.w.org\/{rel}","templated":true}]}}

<p><a name="seite_oben"></a><br />
<img loading="lazy" decoding="async" class="alignnone wp-image-14584 size-large" src="https://www.topohvar.at/wp-content/uploads/2018/12/hv-ig-19-1-1024x503.jpg" alt="" width="640" height="314" srcset="https://www.topohvar.at/wp-content/uploads/2018/12/hv-ig-19-1-1024x503.jpg 1024w, https://www.topohvar.at/wp-content/uploads/2018/12/hv-ig-19-1-300x147.jpg 300w, https://www.topohvar.at/wp-content/uploads/2018/12/hv-ig-19-1-768x377.jpg 768w, https://www.topohvar.at/wp-content/uploads/2018/12/hv-ig-19-1.jpg 1080w" sizes="auto, (max-width: 640px) 100vw, 640px" /></p>
<p><strong>Ime / Name<br />
</strong>Grb »Iznad ulaza u zvoniku basilike« / Wappen über dem Turmeingang</p>
<p><strong>Code: </strong>HV-IG-19                                     <strong><a href="https://www.topohvar.at/orte/hv/hv-ig-48-1/"><img loading="lazy" decoding="async" class="alignnone wp-image-533 size-full" src="https://www.topohvar.at/wp-content/uploads/2018/07/push-l-30.jpg" alt="" width="61" height="30" /></a> <a href="https://www.topohvar.at/orte/hv/"><img loading="lazy" decoding="async" class="alignnone wp-image-535 size-full" src="https://www.topohvar.at/wp-content/uploads/2018/07/push-o-30.jpg" alt="" width="61" height="30" /></a> <a href="https://www.topohvar.at/orte/hv/hv-ig-26-1/"><img loading="lazy" decoding="async" class="alignnone wp-image-536 size-full" src="https://www.topohvar.at/wp-content/uploads/2018/07/push-r-30.jpg" alt="" width="61" height="30" /></a> <a href="https://www.topohvar.at/hv-ir-22-1/"><img loading="lazy" decoding="async" class="alignnone wp-image-12299 size-full" src="https://www.topohvar.at/wp-content/uploads/2018/09/push-next-30.jpg" alt="" width="61" height="30" /></a></strong></p>
<hr />
<p><strong>Adresa / Adresse<br />
</strong>Grad Hvar,</p>
<p><strong>Lokacija</strong><strong> / Position<a href="https://goo.gl/maps/zjyDQy44a2bxWoYE7"><img loading="lazy" decoding="async" class="alignright wp-image-16235" src="https://www.topohvar.at/wp-content/uploads/2019/01/0227.jpg" alt="" width="134" height="100" /></a><br />
</strong><span style="color: #3366ff;"><a style="color: #3366ff;" href="https://goo.gl/maps/zjyDQy44a2bxWoYE7">Latitude: N 43,17228°   Longitude: E 16,44329°</a> </span><strong><br />
</strong>Visina / Höhe: 4 m</p>
<p><strong>Katastarska čestica</strong><strong> / Grundstücke<br />
</strong>*174<div class='content-column one_half'><div style="padding-right:6px;"><p><strong>Datum snimanja / Erfassungsdatum<br />
</strong>21.02.2017 09:49:00</p>
<hr />
<p><strong>Informacije</strong></p>
<p>Grb i natpis izbrisani krajem 17. st. odredbom mletačkog Senata. U luneti iznad vrata je 2021. godine bista sv. Prošper postavljen.</p></div></div><div class='content-column one_half last_column'><div style="padding-right:0px;padding-left:6px;"><p><strong>Stupanj zaštite</strong><strong> / Schutzstellung<br />
</strong>&#8211;</p>
<hr />
<p><strong>Info</strong></p>
<p>Wappen und Inschrift wurden Ende des 17. Jahrhunderts auf Befehl des venezianischen Senats unkenntlich gemacht. In die Lünette über dem Tor wurde im Jahre 2021 eine Büste des hl. Prošper platziert.</p></div></div><div class='clear_column'></div></p>
<p style="text-align: right;"><span style="color: #3366ff;"><a style="color: #3366ff;" href="#seite_oben">natrag na vrh / Seitenanfang</a></span></p>
<hr />
<p><strong>Linkovi / Links</strong></p>
<p><span style="color: #3366ff;"><a style="color: #3366ff;" href="https://www.topohvar.at/orte/hv/hv-ci-01-1/">Katedrala »Sv. Stjepan I. papostola i mučenik« / Kathedrale zum hl. Stephan</a></span><br />
<span style="color: #3366ff;"><a style="color: #3366ff;" href="https://www.topohvar.at/orte/hv/hv-ir-03-1/">Reljef »Kip reljef sv. Papa Stjepan« / Relieffigur des hl. Papstes Stephan</a><br />
<a style="color: #3366ff;" href="https://www.topohvar.at/topo/orte/hv/hv-mo-19-1/">Poprsje »Sv. Prošpera« / Büste des hl. Prošper</a></span><br />
<span style="color: #3366ff;"><a style="color: #3366ff;" href="https://www.topohvar.at/orte/hv/hv-is-42-1/">Spomen ploča »Pod desnoj niši na pročelju katedrale« / Gedenktafel unter der rechten Nische in der Kirchenfassade</a></span><br />
<span style="color: #3366ff;"><a style="color: #3366ff;" href="https://www.topohvar.at/orte/hv/hv-is-43-1/">Spomen ploča »Na lijevoj niši na pročelju katedrale« / Gedenktafel unter der linken Nische in der Kirchenfassade</a></span><br />
<span style="color: #3366ff;"><a style="color: #3366ff;" href="https://www.topohvar.at/orte/hv/hv-is-01-1/">Spomen ploča »850. obljetnice Hvarske Biskupije« / Gedenktafel zum 850. Jubiläums des Bistums Hvar</a></span><br />
<span style="color: #3366ff;"><a style="color: #3366ff;" href="https://www.topohvar.at/orte/hv/hv-in-05-1/">Natpis »MDXIX / DIE XXVI SEPTEMBRIS« / Inschrift &#8211; 26. September 1519</a></span></p>

<p>Ime / Name Grb »Iznad ulaza u zvoniku basilike« / Wappen über dem Turmeingang Code: HV-IG-19                                        Adresa / Adresse Grad Hvar, Lokacija &hellip; <a href="https://www.topohvar.at/topo/orte/hv/hv-ig-19-1/">Weiterlesen <span class="meta-nav">&rarr;</span></a></p>
