{"id":14649,"date":"2018-12-31T18:18:03","date_gmt":"2018-12-31T17:18:03","guid":{"rendered":"https:\/\/www.topohvar.at\/?page_id=14649"},"modified":"2021-11-15T10:37:49","modified_gmt":"2021-11-15T09:37:49","slug":"hv-ig-20-1","status":"publish","type":"page","link":"https:\/\/www.topohvar.at\/topo\/orte\/hv\/hv-ig-20-1\/","title":{"rendered":"HVAR &#8211; Grb \u00bbPavla Paladini\u0107a\u00ab"},"content":{"rendered":"<p><a name=\"seite_oben\"><\/a><br \/>\n<img loading=\"lazy\" decoding=\"async\" class=\"alignnone wp-image-14585 size-large\" src=\"https:\/\/www.topohvar.at\/wp-content\/uploads\/2018\/12\/hv-ig-20-1-1024x503.jpg\" alt=\"\" width=\"640\" height=\"314\" srcset=\"https:\/\/www.topohvar.at\/wp-content\/uploads\/2018\/12\/hv-ig-20-1-1024x503.jpg 1024w, https:\/\/www.topohvar.at\/wp-content\/uploads\/2018\/12\/hv-ig-20-1-300x147.jpg 300w, https:\/\/www.topohvar.at\/wp-content\/uploads\/2018\/12\/hv-ig-20-1-768x377.jpg 768w, https:\/\/www.topohvar.at\/wp-content\/uploads\/2018\/12\/hv-ig-20-1.jpg 1080w\" sizes=\"auto, (max-width: 640px) 100vw, 640px\" \/><\/p>\n<p><strong>Ime \/ Name<br \/>\n<\/strong>Grb \u00bbPavla Paladini\u0107a\u00ab \/ Wappen des Paulus Paladini\u0107<\/p>\n<p><strong>Code: <\/strong>HV-IG-20\u00a0 \u00a0 \u00a0 \u00a0 \u00a0 \u00a0 \u00a0 \u00a0 \u00a0 \u00a0 \u00a0 \u00a0 \u00a0 \u00a0 \u00a0 \u00a0 \u00a0 \u00a0\u00a0\u00a0<strong><a href=\"https:\/\/www.topohvar.at\/orte\/hv\/hv-ig-32-1\/\"><img loading=\"lazy\" decoding=\"async\" class=\"alignnone wp-image-533 size-full\" src=\"https:\/\/www.topohvar.at\/wp-content\/uploads\/2018\/07\/push-l-30.jpg\" alt=\"\" width=\"61\" height=\"30\" \/><\/a> <a href=\"https:\/\/www.topohvar.at\/orte\/hv\/\"><img loading=\"lazy\" decoding=\"async\" class=\"alignnone wp-image-535 size-full\" src=\"https:\/\/www.topohvar.at\/wp-content\/uploads\/2018\/07\/push-o-30.jpg\" alt=\"\" width=\"61\" height=\"30\" \/><\/a> <a href=\"https:\/\/www.topohvar.at\/orte\/hv\/hv-ig-10-1\/\"><img loading=\"lazy\" decoding=\"async\" class=\"alignnone wp-image-536 size-full\" src=\"https:\/\/www.topohvar.at\/wp-content\/uploads\/2018\/07\/push-r-30.jpg\" alt=\"\" width=\"61\" height=\"30\" \/><\/a>\u00a0<a href=\"https:\/\/www.topohvar.at\/hv-ir-22-1\/\"><img loading=\"lazy\" decoding=\"async\" class=\"alignnone wp-image-12299 size-full\" src=\"https:\/\/www.topohvar.at\/wp-content\/uploads\/2018\/09\/push-next-30.jpg\" alt=\"\" width=\"61\" height=\"30\" \/><\/a><\/strong><\/p>\n<hr \/>\n<p><strong>Adresa \/ Adresse<br \/>\n<\/strong>Grad Hvar,\u00a0Ulica Jurja Novaka, pored katedrale \/ neben der Kathedrale<\/p>\n<p><strong>Lokacija<\/strong><strong> \/ Position<a href=\"https:\/\/goo.gl\/maps\/4bJSaei8hNfXttJt9\"><img loading=\"lazy\" decoding=\"async\" class=\"alignright wp-image-16557\" src=\"https:\/\/www.topohvar.at\/wp-content\/uploads\/2019\/01\/1434.jpg\" alt=\"\" width=\"134\" height=\"100\" \/><\/a><br \/>\n<\/strong><a href=\"https:\/\/goo.gl\/maps\/4bJSaei8hNfXttJt9\">Latitude: N 43,17210\u00b0\u00a0 \u00a0Longitude: E 16,44327\u00b0<\/a> <strong><br \/>\n<\/strong>Visina \/ H\u00f6he: 4 m<\/p>\n<p><strong>Katastarska \u010destica<\/strong><strong> \/ Grundst\u00fccke<br \/>\n<\/strong>*186<div class='content-column one_half'><div style=\"padding-right:6px;\"><p><strong>Datum snimanja \/ Erfassungsdatum<br \/>\n<\/strong>21.02.2017 09:52:00<\/p>\n<hr \/>\n<p><strong>Informacije<\/strong><\/p>\n<p>Grb s grobnice arhi\u0111akona Pavla Paladini\u0107a, sredina XV. st. na nekada\u0161njem groblju.<\/p><\/div><\/div><div class='content-column one_half last_column'><div style=\"padding-right:0px;padding-left:6px;\"><p><strong>Stupanj za\u0161tite<\/strong><strong> \/ Schutzstellung<br \/>\n<\/strong>&#8211;<\/p>\n<hr \/>\n<p><strong>Info<\/strong><\/p>\n<p>Wappen mit dem Grab des Erzdiakon Paulus Paladini\u0107 aus der Mitte des 15. Jh. am ehemaligen Friedhof. Es zeigt eine Lilie und einen Fl\u00fcgel, das Emblem der Familie Paladini\u0107, die ein gemeinsames Wappen mit den Bonini oder Lu\u010di\u0107 haben.<\/p><\/div><\/div><div class='clear_column'><\/div><\/p>\n<p style=\"text-align: right;\"><span style=\"color: #3366ff;\"><a style=\"color: #3366ff;\" href=\"#seite_oben\">natrag na vrh \/ Seitenanfang<\/a><\/span><\/p>\n<hr \/>\n<p><strong>Linkovi \/ Links<\/strong><\/p>\n<p><span style=\"color: #3366ff;\">&#8211;<\/span><\/p>\n","protected":false},"excerpt":{"rendered":"<p>Ime \/ Name Grb \u00bbPavla Paladini\u0107a\u00ab \/ Wappen des Paulus Paladini\u0107 Code: HV-IG-20\u00a0 \u00a0 \u00a0 \u00a0 \u00a0 \u00a0 \u00a0 \u00a0 \u00a0 \u00a0 \u00a0 \u00a0 \u00a0 \u00a0 \u00a0 \u00a0 \u00a0 \u00a0\u00a0\u00a0 \u00a0 Adresa \/ Adresse Grad Hvar,\u00a0Ulica Jurja Novaka, pored katedrale &hellip; <a href=\"https:\/\/www.topohvar.at\/topo\/orte\/hv\/hv-ig-20-1\/\">Weiterlesen <span class=\"meta-nav\">&rarr;<\/span><\/a><\/p>\n","protected":false},"author":1,"featured_media":0,"parent":80,"menu_order":0,"comment_status":"closed","ping_status":"closed","template":"","meta":{"footnotes":""},"class_list":["post-14649","page","type-page","status-publish","hentry"],"_links":{"self":[{"href":"https:\/\/www.topohvar.at\/topo\/wp-json\/wp\/v2\/pages\/14649","targetHints":{"allow":["GET"]}}],"collection":[{"href":"https:\/\/www.topohvar.at\/topo\/wp-json\/wp\/v2\/pages"}],"about":[{"href":"https:\/\/www.topohvar.at\/topo\/wp-json\/wp\/v2\/types\/page"}],"author":[{"embeddable":true,"href":"https:\/\/www.topohvar.at\/topo\/wp-json\/wp\/v2\/users\/1"}],"replies":[{"embeddable":true,"href":"https:\/\/www.topohvar.at\/topo\/wp-json\/wp\/v2\/comments?post=14649"}],"version-history":[{"count":12,"href":"https:\/\/www.topohvar.at\/topo\/wp-json\/wp\/v2\/pages\/14649\/revisions"}],"predecessor-version":[{"id":53548,"href":"https:\/\/www.topohvar.at\/topo\/wp-json\/wp\/v2\/pages\/14649\/revisions\/53548"}],"up":[{"embeddable":true,"href":"https:\/\/www.topohvar.at\/topo\/wp-json\/wp\/v2\/pages\/80"}],"wp:attachment":[{"href":"https:\/\/www.topohvar.at\/topo\/wp-json\/wp\/v2\/media?parent=14649"}],"curies":[{"name":"wp","href":"https:\/\/api.w.org\/{rel}","templated":true}]}}

HVAR &#8211; Grb »Pavla Paladinića«

<p><a name="seite_oben"></a><br />
<img loading="lazy" decoding="async" class="alignnone wp-image-14585 size-large" src="https://www.topohvar.at/wp-content/uploads/2018/12/hv-ig-20-1-1024x503.jpg" alt="" width="640" height="314" srcset="https://www.topohvar.at/wp-content/uploads/2018/12/hv-ig-20-1-1024x503.jpg 1024w, https://www.topohvar.at/wp-content/uploads/2018/12/hv-ig-20-1-300x147.jpg 300w, https://www.topohvar.at/wp-content/uploads/2018/12/hv-ig-20-1-768x377.jpg 768w, https://www.topohvar.at/wp-content/uploads/2018/12/hv-ig-20-1.jpg 1080w" sizes="auto, (max-width: 640px) 100vw, 640px" /></p>
<p><strong>Ime / Name<br />
</strong>Grb »Pavla Paladinića« / Wappen des Paulus Paladinić</p>
<p><strong>Code: </strong>HV-IG-20                                     <strong><a href="https://www.topohvar.at/orte/hv/hv-ig-32-1/"><img loading="lazy" decoding="async" class="alignnone wp-image-533 size-full" src="https://www.topohvar.at/wp-content/uploads/2018/07/push-l-30.jpg" alt="" width="61" height="30" /></a> <a href="https://www.topohvar.at/orte/hv/"><img loading="lazy" decoding="async" class="alignnone wp-image-535 size-full" src="https://www.topohvar.at/wp-content/uploads/2018/07/push-o-30.jpg" alt="" width="61" height="30" /></a> <a href="https://www.topohvar.at/orte/hv/hv-ig-10-1/"><img loading="lazy" decoding="async" class="alignnone wp-image-536 size-full" src="https://www.topohvar.at/wp-content/uploads/2018/07/push-r-30.jpg" alt="" width="61" height="30" /></a> <a href="https://www.topohvar.at/hv-ir-22-1/"><img loading="lazy" decoding="async" class="alignnone wp-image-12299 size-full" src="https://www.topohvar.at/wp-content/uploads/2018/09/push-next-30.jpg" alt="" width="61" height="30" /></a></strong></p>
<hr />
<p><strong>Adresa / Adresse<br />
</strong>Grad Hvar, Ulica Jurja Novaka, pored katedrale / neben der Kathedrale</p>
<p><strong>Lokacija</strong><strong> / Position<a href="https://goo.gl/maps/4bJSaei8hNfXttJt9"><img loading="lazy" decoding="async" class="alignright wp-image-16557" src="https://www.topohvar.at/wp-content/uploads/2019/01/1434.jpg" alt="" width="134" height="100" /></a><br />
</strong><a href="https://goo.gl/maps/4bJSaei8hNfXttJt9">Latitude: N 43,17210°   Longitude: E 16,44327°</a> <strong><br />
</strong>Visina / Höhe: 4 m</p>
<p><strong>Katastarska čestica</strong><strong> / Grundstücke<br />
</strong>*186<div class='content-column one_half'><div style="padding-right:6px;"><p><strong>Datum snimanja / Erfassungsdatum<br />
</strong>21.02.2017 09:52:00</p>
<hr />
<p><strong>Informacije</strong></p>
<p>Grb s grobnice arhiđakona Pavla Paladinića, sredina XV. st. na nekadašnjem groblju.</p></div></div><div class='content-column one_half last_column'><div style="padding-right:0px;padding-left:6px;"><p><strong>Stupanj zaštite</strong><strong> / Schutzstellung<br />
</strong>&#8211;</p>
<hr />
<p><strong>Info</strong></p>
<p>Wappen mit dem Grab des Erzdiakon Paulus Paladinić aus der Mitte des 15. Jh. am ehemaligen Friedhof. Es zeigt eine Lilie und einen Flügel, das Emblem der Familie Paladinić, die ein gemeinsames Wappen mit den Bonini oder Lučić haben.</p></div></div><div class='clear_column'></div></p>
<p style="text-align: right;"><span style="color: #3366ff;"><a style="color: #3366ff;" href="#seite_oben">natrag na vrh / Seitenanfang</a></span></p>
<hr />
<p><strong>Linkovi / Links</strong></p>
<p><span style="color: #3366ff;">&#8211;</span></p>

<p>Ime / Name Grb »Pavla Paladinića« / Wappen des Paulus Paladinić Code: HV-IG-20                                        Adresa / Adresse Grad Hvar, Ulica Jurja Novaka, pored katedrale &hellip; <a href="https://www.topohvar.at/topo/orte/hv/hv-ig-20-1/">Weiterlesen <span class="meta-nav">&rarr;</span></a></p>
