{"id":14712,"date":"2018-12-31T19:07:50","date_gmt":"2018-12-31T18:07:50","guid":{"rendered":"https:\/\/www.topohvar.at\/?page_id=14712"},"modified":"2021-11-26T16:39:59","modified_gmt":"2021-11-26T15:39:59","slug":"hv-ig-49-1","status":"publish","type":"page","link":"https:\/\/www.topohvar.at\/topo\/orte\/hv\/hv-ig-49-1\/","title":{"rendered":"HVAR &#8211; Grb \u00bb Kneza Francesca Cocca\u00ab"},"content":{"rendered":"<p><a name=\"seite_oben\"><\/a><br \/>\n<img loading=\"lazy\" decoding=\"async\" class=\"alignnone wp-image-14613 size-large\" src=\"https:\/\/www.topohvar.at\/wp-content\/uploads\/2018\/12\/hv-ig-49-2-1024x503.jpg\" alt=\"\" width=\"640\" height=\"314\" srcset=\"https:\/\/www.topohvar.at\/wp-content\/uploads\/2018\/12\/hv-ig-49-2-1024x503.jpg 1024w, https:\/\/www.topohvar.at\/wp-content\/uploads\/2018\/12\/hv-ig-49-2-300x147.jpg 300w, https:\/\/www.topohvar.at\/wp-content\/uploads\/2018\/12\/hv-ig-49-2-768x377.jpg 768w, https:\/\/www.topohvar.at\/wp-content\/uploads\/2018\/12\/hv-ig-49-2.jpg 1080w\" sizes=\"auto, (max-width: 640px) 100vw, 640px\" \/><\/p>\n<p><strong>Ime \/ Name<br \/>\n<\/strong>Grb \u00bb Kneza Francesca Cocca\u00ab \/ Wappen des F\u00fcrsten Francesco Cocco<\/p>\n<p><strong>Code: <\/strong>HV-IG-49\u00a0 \u00a0 \u00a0 \u00a0 \u00a0 \u00a0 \u00a0 \u00a0 \u00a0 \u00a0 \u00a0 \u00a0 \u00a0 \u00a0 \u00a0 \u00a0 \u00a0 \u00a0\u00a0\u00a0<strong><a href=\"https:\/\/www.topohvar.at\/orte\/hv\/hv-ig-22-1\/\"><img loading=\"lazy\" decoding=\"async\" class=\"alignnone wp-image-533 size-full\" src=\"https:\/\/www.topohvar.at\/wp-content\/uploads\/2018\/07\/push-l-30.jpg\" alt=\"\" width=\"61\" height=\"30\" \/><\/a> <a href=\"https:\/\/www.topohvar.at\/orte\/hv\/\"><img loading=\"lazy\" decoding=\"async\" class=\"alignnone wp-image-535 size-full\" src=\"https:\/\/www.topohvar.at\/wp-content\/uploads\/2018\/07\/push-o-30.jpg\" alt=\"\" width=\"61\" height=\"30\" \/><\/a> <a href=\"https:\/\/www.topohvar.at\/orte\/hv\/hv-ig-50-1\/\"><img loading=\"lazy\" decoding=\"async\" class=\"alignnone wp-image-536 size-full\" src=\"https:\/\/www.topohvar.at\/wp-content\/uploads\/2018\/07\/push-r-30.jpg\" alt=\"\" width=\"61\" height=\"30\" \/><\/a>\u00a0<a href=\"https:\/\/www.topohvar.at\/hv-ir-22-1\/\"><img loading=\"lazy\" decoding=\"async\" class=\"alignnone wp-image-12299 size-full\" src=\"https:\/\/www.topohvar.at\/wp-content\/uploads\/2018\/09\/push-next-30.jpg\" alt=\"\" width=\"61\" height=\"30\" \/><\/a><\/strong><\/p>\n<hr \/>\n<p><strong>Adresa \/ Adresse<br \/>\n<\/strong>Grad Hvar,\u00a0Crkvica Kruvenica<\/p>\n<p><strong>Lokacija<\/strong><strong> \/ Position<a href=\"https:\/\/goo.gl\/maps\/JXma9nE9Ms631L6T9\"><img loading=\"lazy\" decoding=\"async\" class=\"alignright wp-image-15745\" src=\"https:\/\/www.topohvar.at\/wp-content\/uploads\/2019\/01\/0234.jpg\" alt=\"\" width=\"134\" height=\"100\" \/><\/a><br \/>\n<\/strong><a href=\"https:\/\/goo.gl\/maps\/JXma9nE9Ms631L6T9\">Latitude: N 43,17515\u00b0\u00a0 \u00a0Longitude: E 16,43940\u00b0<\/a> <strong><br \/>\n<\/strong>Visina \/ H\u00f6he: 80 m<\/p>\n<p><strong>Katastarska <\/strong><strong>\u010d<\/strong><strong>estica <\/strong><strong>\/ Grundst\u00fccke<br \/>\n<\/strong>*5<div class='content-column one_half'><div style=\"padding-right:6px;\"><p><strong>Datum snimanja \/ Erfassungsdatum<br \/>\n<\/strong>23.05.2013 12:00:00<\/p>\n<hr \/>\n<p><strong>Informacije<\/strong><\/p>\n<p>Ispod lava na isto\u010dne strane stupa postavljenog uz crkvice Kruvenice, je obiteljski grb kneza Francesca Cocca, tako\u0111er uklesan na sjevernoj i ju\u017enoj strani stupa.<\/p><\/div><\/div><div class='content-column one_half last_column'><div style=\"padding-right:0px;padding-left:6px;\"><p><strong>Stupanj za\u0161tite<\/strong><strong> \/ Schutzstellung<br \/>\n<\/strong>&#8211;<\/p>\n<hr \/>\n<p><strong>Info<\/strong><\/p>\n<p>Unter dem L\u00f6wen auf der Ostseite der S\u00e4ule bei der Kirche Kruvenica, befindet sich das Familienwappen des F\u00fcrsten Francesco Cocco, das auch an der Nord- und S\u00fcdseite der S\u00e4ule eingemei\u00dfelt ist.<\/p><\/div><\/div><div class='clear_column'><\/div><div class='content-column one_half'><div style=\"padding-right:6px;\"><p>Zanimljivo je da je i ovaj stup jedini spomenik koji je \u2013 \u010distom sre\u0107om ili slu\u010dajnim zanemarom \u2013 pre\u017eivio odredbu iz 1691.g. \u2013 grbovi kneza F. Cocca ostali su sa\u010duvani do danas.<\/p><\/div><\/div><div class='content-column one_half last_column'><div style=\"padding-right:0px;padding-left:6px;\"><p>Es ist interessant, dass diese S\u00e4ule auch das einzige Denkmal ist, das &#8211; aus reiner Freude oder zuf\u00e4llig vergessen &#8211; die Bestimmungen von 1691 (Ausl\u00f6schung der Wappen) \u00fcberstand. Das Wappen des F\u00fcrsten F. Cocco ist bis heute erhalten.<\/p><\/div><\/div><div class='clear_column'><\/div><\/p>\n<p style=\"text-align: right;\"><span style=\"color: #3366ff;\"><a style=\"color: #3366ff;\" href=\"#seite_oben\">natrag na vrh \/ Seitenanfang<\/a><\/span><\/p>\n<hr \/>\n<p><strong>Linkovi \/ Links<\/strong><\/p>\n<p><span style=\"color: #3366ff;\"><a style=\"color: #3366ff;\" href=\"https:\/\/www.topohvar.at\/orte\/hv\/hv-ob-02-1\/\">Objekt \u00bbRenesansni stupac ispred crkve Kruvenice\u00ab \/ Renaissanss\u00e4ule bei der Kirche Kruvenica<\/a><\/span><\/p>\n","protected":false},"excerpt":{"rendered":"<p>Ime \/ Name Grb \u00bb Kneza Francesca Cocca\u00ab \/ Wappen des F\u00fcrsten Francesco Cocco Code: HV-IG-49\u00a0 \u00a0 \u00a0 \u00a0 \u00a0 \u00a0 \u00a0 \u00a0 \u00a0 \u00a0 \u00a0 \u00a0 \u00a0 \u00a0 \u00a0 \u00a0 \u00a0 \u00a0\u00a0\u00a0 \u00a0 Adresa \/ Adresse Grad Hvar,\u00a0Crkvica Kruvenica &hellip; <a href=\"https:\/\/www.topohvar.at\/topo\/orte\/hv\/hv-ig-49-1\/\">Weiterlesen <span class=\"meta-nav\">&rarr;<\/span><\/a><\/p>\n","protected":false},"author":1,"featured_media":0,"parent":80,"menu_order":0,"comment_status":"closed","ping_status":"closed","template":"","meta":{"footnotes":""},"class_list":["post-14712","page","type-page","status-publish","hentry"],"_links":{"self":[{"href":"https:\/\/www.topohvar.at\/topo\/wp-json\/wp\/v2\/pages\/14712","targetHints":{"allow":["GET"]}}],"collection":[{"href":"https:\/\/www.topohvar.at\/topo\/wp-json\/wp\/v2\/pages"}],"about":[{"href":"https:\/\/www.topohvar.at\/topo\/wp-json\/wp\/v2\/types\/page"}],"author":[{"embeddable":true,"href":"https:\/\/www.topohvar.at\/topo\/wp-json\/wp\/v2\/users\/1"}],"replies":[{"embeddable":true,"href":"https:\/\/www.topohvar.at\/topo\/wp-json\/wp\/v2\/comments?post=14712"}],"version-history":[{"count":8,"href":"https:\/\/www.topohvar.at\/topo\/wp-json\/wp\/v2\/pages\/14712\/revisions"}],"predecessor-version":[{"id":53588,"href":"https:\/\/www.topohvar.at\/topo\/wp-json\/wp\/v2\/pages\/14712\/revisions\/53588"}],"up":[{"embeddable":true,"href":"https:\/\/www.topohvar.at\/topo\/wp-json\/wp\/v2\/pages\/80"}],"wp:attachment":[{"href":"https:\/\/www.topohvar.at\/topo\/wp-json\/wp\/v2\/media?parent=14712"}],"curies":[{"name":"wp","href":"https:\/\/api.w.org\/{rel}","templated":true}]}}

<p><a name="seite_oben"></a><br />
<img loading="lazy" decoding="async" class="alignnone wp-image-14613 size-large" src="https://www.topohvar.at/wp-content/uploads/2018/12/hv-ig-49-2-1024x503.jpg" alt="" width="640" height="314" srcset="https://www.topohvar.at/wp-content/uploads/2018/12/hv-ig-49-2-1024x503.jpg 1024w, https://www.topohvar.at/wp-content/uploads/2018/12/hv-ig-49-2-300x147.jpg 300w, https://www.topohvar.at/wp-content/uploads/2018/12/hv-ig-49-2-768x377.jpg 768w, https://www.topohvar.at/wp-content/uploads/2018/12/hv-ig-49-2.jpg 1080w" sizes="auto, (max-width: 640px) 100vw, 640px" /></p>
<p><strong>Ime / Name<br />
</strong>Grb » Kneza Francesca Cocca« / Wappen des Fürsten Francesco Cocco</p>
<p><strong>Code: </strong>HV-IG-49                                     <strong><a href="https://www.topohvar.at/orte/hv/hv-ig-22-1/"><img loading="lazy" decoding="async" class="alignnone wp-image-533 size-full" src="https://www.topohvar.at/wp-content/uploads/2018/07/push-l-30.jpg" alt="" width="61" height="30" /></a> <a href="https://www.topohvar.at/orte/hv/"><img loading="lazy" decoding="async" class="alignnone wp-image-535 size-full" src="https://www.topohvar.at/wp-content/uploads/2018/07/push-o-30.jpg" alt="" width="61" height="30" /></a> <a href="https://www.topohvar.at/orte/hv/hv-ig-50-1/"><img loading="lazy" decoding="async" class="alignnone wp-image-536 size-full" src="https://www.topohvar.at/wp-content/uploads/2018/07/push-r-30.jpg" alt="" width="61" height="30" /></a> <a href="https://www.topohvar.at/hv-ir-22-1/"><img loading="lazy" decoding="async" class="alignnone wp-image-12299 size-full" src="https://www.topohvar.at/wp-content/uploads/2018/09/push-next-30.jpg" alt="" width="61" height="30" /></a></strong></p>
<hr />
<p><strong>Adresa / Adresse<br />
</strong>Grad Hvar, Crkvica Kruvenica</p>
<p><strong>Lokacija</strong><strong> / Position<a href="https://goo.gl/maps/JXma9nE9Ms631L6T9"><img loading="lazy" decoding="async" class="alignright wp-image-15745" src="https://www.topohvar.at/wp-content/uploads/2019/01/0234.jpg" alt="" width="134" height="100" /></a><br />
</strong><a href="https://goo.gl/maps/JXma9nE9Ms631L6T9">Latitude: N 43,17515°   Longitude: E 16,43940°</a> <strong><br />
</strong>Visina / Höhe: 80 m</p>
<p><strong>Katastarska </strong><strong>č</strong><strong>estica </strong><strong>/ Grundstücke<br />
</strong>*5<div class='content-column one_half'><div style="padding-right:6px;"><p><strong>Datum snimanja / Erfassungsdatum<br />
</strong>23.05.2013 12:00:00</p>
<hr />
<p><strong>Informacije</strong></p>
<p>Ispod lava na istočne strane stupa postavljenog uz crkvice Kruvenice, je obiteljski grb kneza Francesca Cocca, također uklesan na sjevernoj i južnoj strani stupa.</p></div></div><div class='content-column one_half last_column'><div style="padding-right:0px;padding-left:6px;"><p><strong>Stupanj zaštite</strong><strong> / Schutzstellung<br />
</strong>&#8211;</p>
<hr />
<p><strong>Info</strong></p>
<p>Unter dem Löwen auf der Ostseite der Säule bei der Kirche Kruvenica, befindet sich das Familienwappen des Fürsten Francesco Cocco, das auch an der Nord- und Südseite der Säule eingemeißelt ist.</p></div></div><div class='clear_column'></div><div class='content-column one_half'><div style="padding-right:6px;"><p>Zanimljivo je da je i ovaj stup jedini spomenik koji je – čistom srećom ili slučajnim zanemarom – preživio odredbu iz 1691.g. – grbovi kneza F. Cocca ostali su sačuvani do danas.</p></div></div><div class='content-column one_half last_column'><div style="padding-right:0px;padding-left:6px;"><p>Es ist interessant, dass diese Säule auch das einzige Denkmal ist, das &#8211; aus reiner Freude oder zufällig vergessen &#8211; die Bestimmungen von 1691 (Auslöschung der Wappen) überstand. Das Wappen des Fürsten F. Cocco ist bis heute erhalten.</p></div></div><div class='clear_column'></div></p>
<p style="text-align: right;"><span style="color: #3366ff;"><a style="color: #3366ff;" href="#seite_oben">natrag na vrh / Seitenanfang</a></span></p>
<hr />
<p><strong>Linkovi / Links</strong></p>
<p><span style="color: #3366ff;"><a style="color: #3366ff;" href="https://www.topohvar.at/orte/hv/hv-ob-02-1/">Objekt »Renesansni stupac ispred crkve Kruvenice« / Renaissanssäule bei der Kirche Kruvenica</a></span></p>

<p>Ime / Name Grb » Kneza Francesca Cocca« / Wappen des Fürsten Francesco Cocco Code: HV-IG-49                                        Adresa / Adresse Grad Hvar, Crkvica Kruvenica &hellip; <a href="https://www.topohvar.at/topo/orte/hv/hv-ig-49-1/">Weiterlesen <span class="meta-nav">&rarr;</span></a></p>
