{"id":14716,"date":"2018-12-31T19:11:18","date_gmt":"2018-12-31T18:11:18","guid":{"rendered":"https:\/\/www.topohvar.at\/?page_id=14716"},"modified":"2021-11-26T16:41:46","modified_gmt":"2021-11-26T15:41:46","slug":"hv-ig-37-1","status":"publish","type":"page","link":"https:\/\/www.topohvar.at\/topo\/orte\/hv\/hv-ig-37-1\/","title":{"rendered":"HVAR &#8211; Grb \u00bbU uvali Mala Vira\u00ab"},"content":{"rendered":"<p><a name=\"seite_oben\"><\/a><br \/>\n<img loading=\"lazy\" decoding=\"async\" class=\"alignnone wp-image-387 size-full\" src=\"https:\/\/www.topohvar.at\/wp-content\/uploads\/2018\/07\/00-00-00-1.jpg\" alt=\"\" width=\"114\" height=\"56\" \/><\/p>\n<p><strong>Ime \/ Name<br \/>\n<\/strong>Grb \u00bbU uvali Mala Vira\u00ab \/ Wappen in der Bucht Mala Vira<\/p>\n<p><strong>Code: <\/strong>HV-IG-37\u00a0 \u00a0 \u00a0 \u00a0 \u00a0 \u00a0 \u00a0 \u00a0 \u00a0 \u00a0 \u00a0 \u00a0 \u00a0 \u00a0 \u00a0 \u00a0 \u00a0 \u00a0\u00a0\u00a0<strong><a href=\"https:\/\/www.topohvar.at\/orte\/hv\/hv-ig-50-1\/\"><img loading=\"lazy\" decoding=\"async\" class=\"alignnone wp-image-533 size-full\" src=\"https:\/\/www.topohvar.at\/wp-content\/uploads\/2018\/07\/push-l-30.jpg\" alt=\"\" width=\"61\" height=\"30\" \/><\/a> <a href=\"https:\/\/www.topohvar.at\/orte\/hv\/\"><img loading=\"lazy\" decoding=\"async\" class=\"alignnone wp-image-535 size-full\" src=\"https:\/\/www.topohvar.at\/wp-content\/uploads\/2018\/07\/push-o-30.jpg\" alt=\"\" width=\"61\" height=\"30\" \/><\/a> <a href=\"https:\/\/www.topohvar.at\/orte\/hv\/hv-ig-54-1\/\"><img loading=\"lazy\" decoding=\"async\" class=\"alignnone wp-image-536 size-full\" src=\"https:\/\/www.topohvar.at\/wp-content\/uploads\/2018\/07\/push-r-30.jpg\" alt=\"\" width=\"61\" height=\"30\" \/><\/a>\u00a0<a href=\"https:\/\/www.topohvar.at\/hv-ir-22-1\/\"><img loading=\"lazy\" decoding=\"async\" class=\"alignnone wp-image-12299 size-full\" src=\"https:\/\/www.topohvar.at\/wp-content\/uploads\/2018\/09\/push-next-30.jpg\" alt=\"\" width=\"61\" height=\"30\" \/><\/a><\/strong><\/p>\n<hr \/>\n<p><strong>Adresa \/ Adresse<br \/>\n<\/strong><\/p>\n<p>Grad Hvar, Mala Vira<\/p>\n<p><strong>Lokacija<\/strong><strong> \/ Position<a href=\"https:\/\/goo.gl\/maps\/HJW8Us3EyHGTi3TC8\"><img loading=\"lazy\" decoding=\"async\" class=\"alignright wp-image-29178\" src=\"https:\/\/www.topohvar.at\/wp-content\/uploads\/2020\/01\/2113.jpg\" alt=\"\" width=\"134\" height=\"100\" \/><\/a><br \/>\n<\/strong><span style=\"color: #3366ff;\"><a style=\"color: #3366ff;\" href=\"https:\/\/goo.gl\/maps\/HJW8Us3EyHGTi3TC8\">Latitude: N 43,19222\u00b0\u00a0 \u00a0Longitude: E 16,43136\u00b0<\/a><\/span> <strong><br \/>\n<\/strong>Visina \/ H\u00f6he: 5 m<\/p>\n<p><strong>Katastarska <\/strong><strong>\u010d<\/strong><strong>estica <\/strong><strong>\/ Grundst\u00fccke<br \/>\n<\/strong>*725 (?)<div class='content-column one_half'><div style=\"padding-right:6px;\"><p><strong>Datum snimanja \/ Erfassungsdatum<br \/>\n<\/strong>01.01.2000 00:00:00<\/p>\n<hr \/>\n<p><strong>Informacije<\/strong><\/p>\n<p>U uvali Mala Vira nalazi se izdu\u017eena prizemnica s nepoznatim grbom iznad vrata na sjevernom pro\u010delju. Orb je pravokutnog oblika, uokviren goti\u010dkim motivom \u201eizmjeni\u010dnih zubaca&#8220;. Uz grb su inicijali F. C. i ulomak rimskog broja XIIII. Grb se mo\u017ee datirati u prvu polovinu 16. stolje\u0107a, a najvjerojatnije nije na svom izvornom mjestu. Ova mala ladanjska ku\u0107a bila je vlasni\u0161tvo kotorske plemi\u010dke obitelji Bolizza, koji su imali i du\u0107an na hvarskoj Pjaci.<\/p><\/div><\/div><div class='content-column one_half last_column'><div style=\"padding-right:0px;padding-left:6px;\"><p><strong>Stupanj za\u0161tite<\/strong><strong> \/ Schutzstellung<br \/>\n<\/strong>&#8211;<\/p>\n<hr \/>\n<p><strong>Info<\/strong><\/p>\n<p>In der Bucht von Mala Vira befindet sich ein gro\u00dfes Haus mit einem unbekannten Wappen \u00fcber der T\u00fcr an der Nordfassade. Das Wappen ist von rechteckiger Form und umrahmt von dem gotischen Motiv \u201ewechselnder Zahnung&#8220;. Beim Wappen sind die Initialen F.C. und dem Fragment der r\u00f6mischen Zahl XIIII. Das Wappen kann auf die erste H\u00e4lfte des 16. Jahrhunderts datiert werden und ist h\u00f6chstwahrscheinlich nicht an seinem urspr\u00fcnglichen Platz. Dieses Landhaus geh\u00f6rte einst der Familie Bolizza, die auch ein Gesch\u00e4ft auf der Piazza in Hvar hatte.<\/p><\/div><\/div><div class='clear_column'><\/div><\/p>\n<p style=\"text-align: right;\"><span style=\"color: #3366ff;\"><a style=\"color: #3366ff;\" href=\"#seite_oben\">natrag na vrh \/ Seitenanfang<\/a><\/span><\/p>\n<p style=\"text-align: center;\"><em>(Ladanjska izgradnja prostora hvarske komune: Nik\u0161a Petri\u0107 &#8211; Ambroz Tudor)<\/em><\/p>\n<hr \/>\n<p><strong>Linkovi \/ Links<\/strong><\/p>\n<p><span style=\"color: #3366ff;\"><a style=\"color: #3366ff;\" href=\"https:\/\/www.topohvar.at\/topo\/orte\/hv\/hv-tg-a1-1\/\">Ku\u0107a \u00bbObitelji Bolizza\u00ab \/ Haus der Familie Bolizza<\/a><\/span><\/p>\n","protected":false},"excerpt":{"rendered":"<p>Ime \/ Name Grb \u00bbU uvali Mala Vira\u00ab \/ Wappen in der Bucht Mala Vira Code: HV-IG-37\u00a0 \u00a0 \u00a0 \u00a0 \u00a0 \u00a0 \u00a0 \u00a0 \u00a0 \u00a0 \u00a0 \u00a0 \u00a0 \u00a0 \u00a0 \u00a0 \u00a0 \u00a0\u00a0\u00a0 \u00a0 Adresa \/ Adresse Grad Hvar, &hellip; <a href=\"https:\/\/www.topohvar.at\/topo\/orte\/hv\/hv-ig-37-1\/\">Weiterlesen <span class=\"meta-nav\">&rarr;<\/span><\/a><\/p>\n","protected":false},"author":1,"featured_media":0,"parent":80,"menu_order":0,"comment_status":"closed","ping_status":"closed","template":"","meta":{"footnotes":""},"class_list":["post-14716","page","type-page","status-publish","hentry"],"_links":{"self":[{"href":"https:\/\/www.topohvar.at\/topo\/wp-json\/wp\/v2\/pages\/14716","targetHints":{"allow":["GET"]}}],"collection":[{"href":"https:\/\/www.topohvar.at\/topo\/wp-json\/wp\/v2\/pages"}],"about":[{"href":"https:\/\/www.topohvar.at\/topo\/wp-json\/wp\/v2\/types\/page"}],"author":[{"embeddable":true,"href":"https:\/\/www.topohvar.at\/topo\/wp-json\/wp\/v2\/users\/1"}],"replies":[{"embeddable":true,"href":"https:\/\/www.topohvar.at\/topo\/wp-json\/wp\/v2\/comments?post=14716"}],"version-history":[{"count":12,"href":"https:\/\/www.topohvar.at\/topo\/wp-json\/wp\/v2\/pages\/14716\/revisions"}],"predecessor-version":[{"id":53590,"href":"https:\/\/www.topohvar.at\/topo\/wp-json\/wp\/v2\/pages\/14716\/revisions\/53590"}],"up":[{"embeddable":true,"href":"https:\/\/www.topohvar.at\/topo\/wp-json\/wp\/v2\/pages\/80"}],"wp:attachment":[{"href":"https:\/\/www.topohvar.at\/topo\/wp-json\/wp\/v2\/media?parent=14716"}],"curies":[{"name":"wp","href":"https:\/\/api.w.org\/{rel}","templated":true}]}}

<p><a name="seite_oben"></a><br />
<img loading="lazy" decoding="async" class="alignnone wp-image-387 size-full" src="https://www.topohvar.at/wp-content/uploads/2018/07/00-00-00-1.jpg" alt="" width="114" height="56" /></p>
<p><strong>Ime / Name<br />
</strong>Grb »U uvali Mala Vira« / Wappen in der Bucht Mala Vira</p>
<p><strong>Code: </strong>HV-IG-37                                     <strong><a href="https://www.topohvar.at/orte/hv/hv-ig-50-1/"><img loading="lazy" decoding="async" class="alignnone wp-image-533 size-full" src="https://www.topohvar.at/wp-content/uploads/2018/07/push-l-30.jpg" alt="" width="61" height="30" /></a> <a href="https://www.topohvar.at/orte/hv/"><img loading="lazy" decoding="async" class="alignnone wp-image-535 size-full" src="https://www.topohvar.at/wp-content/uploads/2018/07/push-o-30.jpg" alt="" width="61" height="30" /></a> <a href="https://www.topohvar.at/orte/hv/hv-ig-54-1/"><img loading="lazy" decoding="async" class="alignnone wp-image-536 size-full" src="https://www.topohvar.at/wp-content/uploads/2018/07/push-r-30.jpg" alt="" width="61" height="30" /></a> <a href="https://www.topohvar.at/hv-ir-22-1/"><img loading="lazy" decoding="async" class="alignnone wp-image-12299 size-full" src="https://www.topohvar.at/wp-content/uploads/2018/09/push-next-30.jpg" alt="" width="61" height="30" /></a></strong></p>
<hr />
<p><strong>Adresa / Adresse<br />
</strong></p>
<p>Grad Hvar, Mala Vira</p>
<p><strong>Lokacija</strong><strong> / Position<a href="https://goo.gl/maps/HJW8Us3EyHGTi3TC8"><img loading="lazy" decoding="async" class="alignright wp-image-29178" src="https://www.topohvar.at/wp-content/uploads/2020/01/2113.jpg" alt="" width="134" height="100" /></a><br />
</strong><span style="color: #3366ff;"><a style="color: #3366ff;" href="https://goo.gl/maps/HJW8Us3EyHGTi3TC8">Latitude: N 43,19222°   Longitude: E 16,43136°</a></span> <strong><br />
</strong>Visina / Höhe: 5 m</p>
<p><strong>Katastarska </strong><strong>č</strong><strong>estica </strong><strong>/ Grundstücke<br />
</strong>*725 (?)<div class='content-column one_half'><div style="padding-right:6px;"><p><strong>Datum snimanja / Erfassungsdatum<br />
</strong>01.01.2000 00:00:00</p>
<hr />
<p><strong>Informacije</strong></p>
<p>U uvali Mala Vira nalazi se izdužena prizemnica s nepoznatim grbom iznad vrata na sjevernom pročelju. Orb je pravokutnog oblika, uokviren gotičkim motivom „izmjeničnih zubaca&#8220;. Uz grb su inicijali F. C. i ulomak rimskog broja XIIII. Grb se može datirati u prvu polovinu 16. stoljeća, a najvjerojatnije nije na svom izvornom mjestu. Ova mala ladanjska kuća bila je vlasništvo kotorske plemičke obitelji Bolizza, koji su imali i dućan na hvarskoj Pjaci.</p></div></div><div class='content-column one_half last_column'><div style="padding-right:0px;padding-left:6px;"><p><strong>Stupanj zaštite</strong><strong> / Schutzstellung<br />
</strong>&#8211;</p>
<hr />
<p><strong>Info</strong></p>
<p>In der Bucht von Mala Vira befindet sich ein großes Haus mit einem unbekannten Wappen über der Tür an der Nordfassade. Das Wappen ist von rechteckiger Form und umrahmt von dem gotischen Motiv „wechselnder Zahnung&#8220;. Beim Wappen sind die Initialen F.C. und dem Fragment der römischen Zahl XIIII. Das Wappen kann auf die erste Hälfte des 16. Jahrhunderts datiert werden und ist höchstwahrscheinlich nicht an seinem ursprünglichen Platz. Dieses Landhaus gehörte einst der Familie Bolizza, die auch ein Geschäft auf der Piazza in Hvar hatte.</p></div></div><div class='clear_column'></div></p>
<p style="text-align: right;"><span style="color: #3366ff;"><a style="color: #3366ff;" href="#seite_oben">natrag na vrh / Seitenanfang</a></span></p>
<p style="text-align: center;"><em>(Ladanjska izgradnja prostora hvarske komune: Nikša Petrić &#8211; Ambroz Tudor)</em></p>
<hr />
<p><strong>Linkovi / Links</strong></p>
<p><span style="color: #3366ff;"><a style="color: #3366ff;" href="https://www.topohvar.at/topo/orte/hv/hv-tg-a1-1/">Kuća »Obitelji Bolizza« / Haus der Familie Bolizza</a></span></p>
