{"id":1472,"date":"2018-07-30T07:50:25","date_gmt":"2018-07-30T05:50:25","guid":{"rendered":"https:\/\/www.topohvar.at\/?page_id=1472"},"modified":"2021-08-24T17:56:24","modified_gmt":"2021-08-24T15:56:24","slug":"do-ci-03-2","status":"publish","type":"page","link":"https:\/\/www.topohvar.at\/topo\/orte\/do\/do-ci-03-2\/","title":{"rendered":"DOL &#8211; Crkva \u00bbSv. Ane (ranije sv. Barbare)\u00ab"},"content":{"rendered":"<p><a name=\"seite_oben\"><\/a><br \/>\n<strong><img loading=\"lazy\" decoding=\"async\" class=\"aligncenter wp-image-31151 size-full\" src=\"https:\/\/www.topohvar.at\/wp-content\/uploads\/2020\/02\/do-ci-03-7.jpg\" alt=\"\" width=\"1080\" height=\"530\" \/><\/strong><\/p>\n<p><strong>Ime \/ Name<br \/>\n<\/strong>Crkva \u00bbSv. Ane (ranije sv. Barbare)\u00ab \/ Kirche der hl. Anna (fr\u00fcher hl. Barbara)\u00ab<\/p>\n<p><strong>Code: <\/strong>DO-CI-03\u00a0 \u00a0 \u00a0 \u00a0 \u00a0 \u00a0 \u00a0 \u00a0<a href=\"https:\/\/www.topohvar.at\/orte\/do\/do-ci-01-2\/\"><img loading=\"lazy\" decoding=\"async\" class=\"alignnone size-full wp-image-12300\" src=\"https:\/\/www.topohvar.at\/wp-content\/uploads\/2018\/09\/push-vor-30.jpg\" alt=\"\" width=\"61\" height=\"30\" \/><\/a>\u00a0<strong><a href=\"https:\/\/www.topohvar.at\/orte\/do\/do-ci-02-2\/\"><img loading=\"lazy\" decoding=\"async\" class=\"alignnone wp-image-533 size-full\" src=\"https:\/\/www.topohvar.at\/wp-content\/uploads\/2018\/07\/push-l-30.jpg\" alt=\"\" width=\"61\" height=\"30\" \/><\/a> <a href=\"https:\/\/www.topohvar.at\/orte\/do\/\"><img loading=\"lazy\" decoding=\"async\" class=\"alignnone wp-image-535 size-full\" src=\"https:\/\/www.topohvar.at\/wp-content\/uploads\/2018\/07\/push-o-30.jpg\" alt=\"\" width=\"61\" height=\"30\" \/><\/a> <a href=\"https:\/\/www.topohvar.at\/orte\/do\/do-ci-01-2\/\"><img loading=\"lazy\" decoding=\"async\" class=\"alignnone wp-image-536 size-full\" src=\"https:\/\/www.topohvar.at\/wp-content\/uploads\/2018\/07\/push-r-30.jpg\" alt=\"\" width=\"61\" height=\"30\" \/><\/a>\u00a0<a href=\"https:\/\/www.topohvar.at\/orte\/do\/do-ck-01-2\/\"><img loading=\"lazy\" decoding=\"async\" class=\"alignnone wp-image-12299 size-full\" src=\"https:\/\/www.topohvar.at\/wp-content\/uploads\/2018\/09\/push-next-30.jpg\" alt=\"\" width=\"61\" height=\"30\" \/><\/a><\/strong><\/p>\n<hr \/>\n<p><strong>Adresa \/ Adresse<br \/>\n<\/strong>Dol,\u00a0Sv. Ane<\/p>\n<p><strong>Lokacija<\/strong><strong> \/ Position<a href=\"https:\/\/goo.gl\/maps\/JaP2WrfpFYoa8HsK9\"><img loading=\"lazy\" decoding=\"async\" class=\"alignright wp-image-1477\" src=\"https:\/\/www.topohvar.at\/wp-content\/uploads\/2018\/07\/0068.jpg\" alt=\"\" width=\"134\" height=\"100\" \/><\/a><br \/>\n<\/strong><span style=\"color: #3366ff;\"><a style=\"color: #3366ff;\" href=\"https:\/\/goo.gl\/maps\/JaP2WrfpFYoa8HsK9\">Latitude: N 43,16887\u00b0\u00a0 \u00a0Longitude: E 16,62341\u00b0<\/a> <\/span><strong><br \/>\n<\/strong>Visina \/ H\u00f6he: 85 m<\/p>\n<p><strong>Katastarska \u010destica<\/strong><strong> \/ Grundst\u00fccke<br \/>\n<\/strong>*204<div class='content-column one_half'><div style=\"padding-right:6px;\"><p><strong>Datum snimanja \/ Erfassungsdatum<br \/>\n<\/strong>17.05.2012 13:58:22<\/p>\n<hr \/>\n<p><strong>Informacije<\/strong><\/p>\n<p>Crkva sv. Ane se nalazi u isto\u0107noj dolini sela Dol, u njegovom zaselku koji po crkvi nosi ime Dol sv. Ane. Nekad je bila posve\u0107ena sv. Barbari. Crkva se prvi puta spominje u dokumen- tu iz 1226. pri sklapanju nekog ugovora.\u00a0Najstariji dio crkve Sv. Barbare je njezin stra\u017enji dio koji je u osnovi mala, jednobrodna romani\u010dka crkvica s polukru\u017enom apsidom (postoje i teorije o ranokr\u0161\u0107anskom porijeklu ove crkvice).<\/p><\/div><\/div><div class='content-column one_half last_column'><div style=\"padding-right:0px;padding-left:6px;\"><p><strong>Stupanj za\u0161tite<\/strong><strong> \/ Schutzstellung<br \/>\n<\/strong>Z-7003, P-836<\/p>\n<hr \/>\n<p><strong>Info<\/strong><\/p>\n<p>Kirche St. Ana liegt im Osten von Dol, in dem\u00a0 gleichnamigen Weiler. Sie war fr\u00fcher der hl. Barbara gewidmet. Die Kirche wurde erstmals in einem Dokument vom 1226 im Zuge eines Vertragabschlusses erw\u00e4hnt. Der \u00e4lteste Teil der Kirche zur hl. Barbara ist ihr hinterer Teil, der im Grunde eine kleine, einschiffige, romanische Kirche mit halbrunder Apsis war (es gibt auch Theorien \u00fcber eine fr\u00fchchristliche Herkunft dieser Kirche).<\/p><\/div><\/div><div class='clear_column'><\/div><div class='content-column one_half'><div style=\"padding-right:6px;\"><p>Godine 1589. crkva je, pri stvaranju \u017eupe Dol, bila dodijeljena \u017eupniku kao beneficij. Tijekom 16. i 17. stolje\u0107a crkva sv. Barbare spominje se kao ru\u0161evna, a u 17. st. Bratov\u0161tina sv. Barbare se obnavlja i produ\u017euje prema zapadu.<\/p><\/div><\/div><div class='content-column one_half last_column'><div style=\"padding-right:0px;padding-left:6px;\"><p>Im Jahr 1573 wurde die Kirche in die Kirche zur hl. Anna umbenannt. Im Jahr 1589 wurde bei der Gr\u00fcndung der Pfarre Dol die Pfarrkirche dem Pfarrer als Benefiz verliehen. Im 16. und 17. Jahrhundert wurde die Kirche als Ruine erw\u00e4hnt und im 17. Jahrhundert durch die Priesterbruderschaft der hl. Barbara wieder aufgebaut und nach Westen erweitert.<\/p><\/div><\/div><div class='clear_column'><\/div><div class='content-column one_half'><div style=\"padding-right:6px;\"><p>Tlocrtna dimenzija crkve danas iznosi 15 x 7 metara. Isto\u010dni dio crkve, koji je brod ranije srednjovjekovne gra\u0111evine tijekom barokne rekonstrukcije je nadogra\u0111en i zasvo\u0111en zidanim ba\u010dvastim svodom, te su na ju\u017enom zidu otvorena vrata u kamenim pragovima sa profiliranim nadvojem. Crkva je produ\u017eena prema zapadu, dogradnja je izvedena priklesanim kamenom gra\u0111enim u horizontalnim redovima, i zakrovljena drvenom krovnom konstrukcijom sa horizontalnim plafonom. Glavno pro\u010delje dogra\u0111enog dijela crkve, koje se po\u010delo graditi 1637. godine ima odlike rusti\u010dnog baroka. U osi pro\u010delja su vrata s profiliranim nadvojem koji ima jastu\u010dasti umetak, manju rozetu, te u zabatu trodijelni zvonik na preslicu. Na ju\u017enom i sjevernom pro\u010delju dogradnje izveden je po jedan prozor u kamenim pragovima, s polukru\u017enim zaklju\u010dkom.<\/p><\/div><\/div><div class='content-column one_half last_column'><div style=\"padding-right:0px;padding-left:6px;\"><p>Der Grundriss der Kirche betr\u00e4gt heute 15 x 7 Meter. Der \u00f6stliche Teil der Kirche, der zum Zeitpunkt des Wiederaufbaus im Barock das Kirchenschiff des fr\u00fcheren mittelalterlichen Geb\u00e4udes war, wurde mit einem Tonnengew\u00f6lbe erh\u00f6ht und gew\u00f6lbt. Die S\u00fcdwand wurde durch eine T\u00fcre mit Steinschwellen und profilierten St\u00fcrzen ge\u00f6ffnet. Die Kirche wurde nach Westen erweitert, die Erweiterung wurde aus behauenen Steinen in horizontalen Reihen gebaut und mit horizontaler Decke unter einem Holzdach\u00a0 \u00fcberdacht. Die Hauptfassade des fertiggestellten Teils der Kirche, der 1637 gebaut wurde, weist Merkmale des rustikalen Barock auf. In der Achse der Fassade befindet sich die Eingangst\u00fcre, eine kleine Rosette und der dreiteilige Turm im Giebel. An der S\u00fcd- und Nordfassade der Geb\u00e4udeerweiterung wurde ein einzelnes Fenster in Steinschgew\u00e4nden und halbkreisf\u00f6rmigen Abschluss gebaut.<\/p><\/div><\/div><div class='clear_column'><\/div><div class='content-column one_half'><div style=\"padding-right:6px;\"><p>Sredinom XVIII. stolje\u0107a crkva se ponovno obnavlja, te se po\u010dinje slaviti blagdan sv. Ane, \u010diji \u0107e titular crkva kasnije preuzeti. Godine 1906. se uz sjeverno pro\u010delje dogra\u0111uje sakristija. U unutra\u0161njosti crkve je u apsidi nekada\u0161nje romani\u010dke crkve na kameni oltar postavljen drveni iz 1763. godine, oltarna pala je triptih, u \u010dijem je sredi\u0161njem dijelu prikaz Gospe s djetetom Isusom i sv. Anom, lijevo je prikaz sv. Barbare, a desno sv. Katarine Aleksandrijske.<\/p><\/div><\/div><div class='content-column one_half last_column'><div style=\"padding-right:0px;padding-left:6px;\"><p>Mitte des 18. Jh. wird die Kirche wieder renoviert. Damals entstand auch und das Fest der hl. Anna, deren Namen die Kirche sp\u00e4ter \u00fcbernehmen wird. 1906 wurde die Nordfassade um eine Sakristei erweitert. Im Inneren der Kirche, in der Apsis der ehemaligen romanischen Kirche, wurde auf dem Steinaltar ein Holzaltar mit einem Triptychon aus dem Jahr 1763 errichtet. Auf dem Bild ist die Muttergottes mit dem Jesuskind und dem heiligen Anom dargestellt. Links ein Bild der hl. Barbara und rechts der hl. Katharina von Alexandria.<\/p><\/div><\/div><div class='clear_column'><\/div><div class='content-column one_half'><div style=\"padding-right:6px;\"><p>Crkva se Sv. Ane vi\u0161e puta popravljla, posebno 1806., pa 1909. i kona\u010dno 1981. godine.<\/p><\/div><\/div><div class='content-column one_half last_column'><div style=\"padding-right:0px;padding-left:6px;\"><p>Die Kirche wurde mehrmals renoviert, vor allem in den Jahren 1806 und 1909 und schlie\u00dflich im Jahr 1981.<\/p><\/div><\/div><div class='clear_column'><\/div><div class='content-column one_half'><div style=\"padding-right:6px;\"><p>Oko crkve se nalazi srednjovjekovno groblje<\/p><\/div><\/div><div class='content-column one_half last_column'><div style=\"padding-right:0px;padding-left:6px;\"><p>Rund um die Kirche befand sich ein mittelalterlicher Friedhof.<\/p><\/div><\/div><div class='clear_column'><\/div><div class='content-column one_half'><div style=\"padding-right:6px;\"><p>Blagdan sv. Anna je 26. srpnja, a praznik svete Barbare 4. prosinca.<\/p><\/div><\/div><div class='content-column one_half last_column'><div style=\"padding-right:0px;padding-left:6px;\"><p>Der Feiertag der hl. Anna ist am 26. Juli und der\u00a0Feiertag der hl.. Barbara am 4. Dezember.<\/p><\/div><\/div><div class='clear_column'><\/div><div class='content-column one_half'><div style=\"padding-right:6px;\"><p>Crkva je registrirana pod brojem Z-7003 pod kulturnih dobara Republike Hrvatske.<\/p><\/div><\/div><div class='content-column one_half last_column'><div style=\"padding-right:0px;padding-left:6px;\"><p>Die Kirche wurde mit der Nummer Z-7003 unter den Kulturg\u00fctern der Republik Kroatien registriert.<\/p><\/div><\/div><div class='clear_column'><\/div><\/p>\n<p style=\"text-align: center;\"><em>(Tartajun br. 5)<\/em><\/p>\n<p><img loading=\"lazy\" decoding=\"async\" class=\"aligncenter size-full wp-image-37838\" src=\"https:\/\/www.topohvar.at\/wp-content\/uploads\/2020\/05\/do-ci-03-11.jpg\" alt=\"\" width=\"488\" height=\"300\" srcset=\"https:\/\/www.topohvar.at\/wp-content\/uploads\/2020\/05\/do-ci-03-11.jpg 488w, https:\/\/www.topohvar.at\/wp-content\/uploads\/2020\/05\/do-ci-03-11-300x184.jpg 300w\" sizes=\"auto, (max-width: 488px) 100vw, 488px\" \/><\/p>\n<p style=\"text-align: right;\"><a href=\"#seite_oben\">natrag na vrh \/ Seitenanfang<\/a><\/p>\n<hr \/>\n<p><strong>Linkovi \/ Links<\/strong><\/p>\n<p>&#8211;<\/p>\n","protected":false},"excerpt":{"rendered":"<p>Ime \/ Name Crkva \u00bbSv. Ane (ranije sv. Barbare)\u00ab \/ Kirche der hl. Anna (fr\u00fcher hl. Barbara)\u00ab Code: DO-CI-03\u00a0 \u00a0 \u00a0 \u00a0 \u00a0 \u00a0 \u00a0 \u00a0\u00a0 \u00a0 Adresa \/ Adresse Dol,\u00a0Sv. Ane Lokacija \/ Position Latitude: N 43,16887\u00b0\u00a0 \u00a0Longitude: E &hellip; <a href=\"https:\/\/www.topohvar.at\/topo\/orte\/do\/do-ci-03-2\/\">Weiterlesen <span class=\"meta-nav\">&rarr;<\/span><\/a><\/p>\n","protected":false},"author":1,"featured_media":0,"parent":68,"menu_order":0,"comment_status":"closed","ping_status":"closed","template":"","meta":{"footnotes":""},"class_list":["post-1472","page","type-page","status-publish","hentry"],"_links":{"self":[{"href":"https:\/\/www.topohvar.at\/topo\/wp-json\/wp\/v2\/pages\/1472","targetHints":{"allow":["GET"]}}],"collection":[{"href":"https:\/\/www.topohvar.at\/topo\/wp-json\/wp\/v2\/pages"}],"about":[{"href":"https:\/\/www.topohvar.at\/topo\/wp-json\/wp\/v2\/types\/page"}],"author":[{"embeddable":true,"href":"https:\/\/www.topohvar.at\/topo\/wp-json\/wp\/v2\/users\/1"}],"replies":[{"embeddable":true,"href":"https:\/\/www.topohvar.at\/topo\/wp-json\/wp\/v2\/comments?post=1472"}],"version-history":[{"count":21,"href":"https:\/\/www.topohvar.at\/topo\/wp-json\/wp\/v2\/pages\/1472\/revisions"}],"predecessor-version":[{"id":51500,"href":"https:\/\/www.topohvar.at\/topo\/wp-json\/wp\/v2\/pages\/1472\/revisions\/51500"}],"up":[{"embeddable":true,"href":"https:\/\/www.topohvar.at\/topo\/wp-json\/wp\/v2\/pages\/68"}],"wp:attachment":[{"href":"https:\/\/www.topohvar.at\/topo\/wp-json\/wp\/v2\/media?parent=1472"}],"curies":[{"name":"wp","href":"https:\/\/api.w.org\/{rel}","templated":true}]}}

<p><a name="seite_oben"></a><br />
<strong><img loading="lazy" decoding="async" class="aligncenter wp-image-31151 size-full" src="https://www.topohvar.at/wp-content/uploads/2020/02/do-ci-03-7.jpg" alt="" width="1080" height="530" /></strong></p>
<p><strong>Ime / Name<br />
</strong>Crkva »Sv. Ane (ranije sv. Barbare)« / Kirche der hl. Anna (früher hl. Barbara)«</p>
<p><strong>Code: </strong>DO-CI-03               <a href="https://www.topohvar.at/orte/do/do-ci-01-2/"><img loading="lazy" decoding="async" class="alignnone size-full wp-image-12300" src="https://www.topohvar.at/wp-content/uploads/2018/09/push-vor-30.jpg" alt="" width="61" height="30" /></a> <strong><a href="https://www.topohvar.at/orte/do/do-ci-02-2/"><img loading="lazy" decoding="async" class="alignnone wp-image-533 size-full" src="https://www.topohvar.at/wp-content/uploads/2018/07/push-l-30.jpg" alt="" width="61" height="30" /></a> <a href="https://www.topohvar.at/orte/do/"><img loading="lazy" decoding="async" class="alignnone wp-image-535 size-full" src="https://www.topohvar.at/wp-content/uploads/2018/07/push-o-30.jpg" alt="" width="61" height="30" /></a> <a href="https://www.topohvar.at/orte/do/do-ci-01-2/"><img loading="lazy" decoding="async" class="alignnone wp-image-536 size-full" src="https://www.topohvar.at/wp-content/uploads/2018/07/push-r-30.jpg" alt="" width="61" height="30" /></a> <a href="https://www.topohvar.at/orte/do/do-ck-01-2/"><img loading="lazy" decoding="async" class="alignnone wp-image-12299 size-full" src="https://www.topohvar.at/wp-content/uploads/2018/09/push-next-30.jpg" alt="" width="61" height="30" /></a></strong></p>
<hr />
<p><strong>Adresa / Adresse<br />
</strong>Dol, Sv. Ane</p>
<p><strong>Lokacija</strong><strong> / Position<a href="https://goo.gl/maps/JaP2WrfpFYoa8HsK9"><img loading="lazy" decoding="async" class="alignright wp-image-1477" src="https://www.topohvar.at/wp-content/uploads/2018/07/0068.jpg" alt="" width="134" height="100" /></a><br />
</strong><span style="color: #3366ff;"><a style="color: #3366ff;" href="https://goo.gl/maps/JaP2WrfpFYoa8HsK9">Latitude: N 43,16887°   Longitude: E 16,62341°</a> </span><strong><br />
</strong>Visina / Höhe: 85 m</p>
<p><strong>Katastarska čestica</strong><strong> / Grundstücke<br />
</strong>*204<div class='content-column one_half'><div style="padding-right:6px;"><p><strong>Datum snimanja / Erfassungsdatum<br />
</strong>17.05.2012 13:58:22</p>
<hr />
<p><strong>Informacije</strong></p>
<p>Crkva sv. Ane se nalazi u istoćnoj dolini sela Dol, u njegovom zaselku koji po crkvi nosi ime Dol sv. Ane. Nekad je bila posvećena sv. Barbari. Crkva se prvi puta spominje u dokumen- tu iz 1226. pri sklapanju nekog ugovora. Najstariji dio crkve Sv. Barbare je njezin stražnji dio koji je u osnovi mala, jednobrodna romanička crkvica s polukružnom apsidom (postoje i teorije o ranokršćanskom porijeklu ove crkvice).</p></div></div><div class='content-column one_half last_column'><div style="padding-right:0px;padding-left:6px;"><p><strong>Stupanj zaštite</strong><strong> / Schutzstellung<br />
</strong>Z-7003, P-836</p>
<hr />
<p><strong>Info</strong></p>
<p>Kirche St. Ana liegt im Osten von Dol, in dem  gleichnamigen Weiler. Sie war früher der hl. Barbara gewidmet. Die Kirche wurde erstmals in einem Dokument vom 1226 im Zuge eines Vertragabschlusses erwähnt. Der älteste Teil der Kirche zur hl. Barbara ist ihr hinterer Teil, der im Grunde eine kleine, einschiffige, romanische Kirche mit halbrunder Apsis war (es gibt auch Theorien über eine frühchristliche Herkunft dieser Kirche).</p></div></div><div class='clear_column'></div><div class='content-column one_half'><div style="padding-right:6px;"><p>Godine 1589. crkva je, pri stvaranju župe Dol, bila dodijeljena župniku kao beneficij. Tijekom 16. i 17. stoljeća crkva sv. Barbare spominje se kao ruševna, a u 17. st. Bratovština sv. Barbare se obnavlja i produžuje prema zapadu.</p></div></div><div class='content-column one_half last_column'><div style="padding-right:0px;padding-left:6px;"><p>Im Jahr 1573 wurde die Kirche in die Kirche zur hl. Anna umbenannt. Im Jahr 1589 wurde bei der Gründung der Pfarre Dol die Pfarrkirche dem Pfarrer als Benefiz verliehen. Im 16. und 17. Jahrhundert wurde die Kirche als Ruine erwähnt und im 17. Jahrhundert durch die Priesterbruderschaft der hl. Barbara wieder aufgebaut und nach Westen erweitert.</p></div></div><div class='clear_column'></div><div class='content-column one_half'><div style="padding-right:6px;"><p>Tlocrtna dimenzija crkve danas iznosi 15 x 7 metara. Istočni dio crkve, koji je brod ranije srednjovjekovne građevine tijekom barokne rekonstrukcije je nadograđen i zasvođen zidanim bačvastim svodom, te su na južnom zidu otvorena vrata u kamenim pragovima sa profiliranim nadvojem. Crkva je produžena prema zapadu, dogradnja je izvedena priklesanim kamenom građenim u horizontalnim redovima, i zakrovljena drvenom krovnom konstrukcijom sa horizontalnim plafonom. Glavno pročelje dograđenog dijela crkve, koje se počelo graditi 1637. godine ima odlike rustičnog baroka. U osi pročelja su vrata s profiliranim nadvojem koji ima jastučasti umetak, manju rozetu, te u zabatu trodijelni zvonik na preslicu. Na južnom i sjevernom pročelju dogradnje izveden je po jedan prozor u kamenim pragovima, s polukružnim zaključkom.</p></div></div><div class='content-column one_half last_column'><div style="padding-right:0px;padding-left:6px;"><p>Der Grundriss der Kirche beträgt heute 15 x 7 Meter. Der östliche Teil der Kirche, der zum Zeitpunkt des Wiederaufbaus im Barock das Kirchenschiff des früheren mittelalterlichen Gebäudes war, wurde mit einem Tonnengewölbe erhöht und gewölbt. Die Südwand wurde durch eine Türe mit Steinschwellen und profilierten Stürzen geöffnet. Die Kirche wurde nach Westen erweitert, die Erweiterung wurde aus behauenen Steinen in horizontalen Reihen gebaut und mit horizontaler Decke unter einem Holzdach  überdacht. Die Hauptfassade des fertiggestellten Teils der Kirche, der 1637 gebaut wurde, weist Merkmale des rustikalen Barock auf. In der Achse der Fassade befindet sich die Eingangstüre, eine kleine Rosette und der dreiteilige Turm im Giebel. An der Süd- und Nordfassade der Gebäudeerweiterung wurde ein einzelnes Fenster in Steinschgewänden und halbkreisförmigen Abschluss gebaut.</p></div></div><div class='clear_column'></div><div class='content-column one_half'><div style="padding-right:6px;"><p>Sredinom XVIII. stoljeća crkva se ponovno obnavlja, te se počinje slaviti blagdan sv. Ane, čiji će titular crkva kasnije preuzeti. Godine 1906. se uz sjeverno pročelje dograđuje sakristija. U unutrašnjosti crkve je u apsidi nekadašnje romaničke crkve na kameni oltar postavljen drveni iz 1763. godine, oltarna pala je triptih, u čijem je središnjem dijelu prikaz Gospe s djetetom Isusom i sv. Anom, lijevo je prikaz sv. Barbare, a desno sv. Katarine Aleksandrijske.</p></div></div><div class='content-column one_half last_column'><div style="padding-right:0px;padding-left:6px;"><p>Mitte des 18. Jh. wird die Kirche wieder renoviert. Damals entstand auch und das Fest der hl. Anna, deren Namen die Kirche später übernehmen wird. 1906 wurde die Nordfassade um eine Sakristei erweitert. Im Inneren der Kirche, in der Apsis der ehemaligen romanischen Kirche, wurde auf dem Steinaltar ein Holzaltar mit einem Triptychon aus dem Jahr 1763 errichtet. Auf dem Bild ist die Muttergottes mit dem Jesuskind und dem heiligen Anom dargestellt. Links ein Bild der hl. Barbara und rechts der hl. Katharina von Alexandria.</p></div></div><div class='clear_column'></div><div class='content-column one_half'><div style="padding-right:6px;"><p>Crkva se Sv. Ane više puta popravljla, posebno 1806., pa 1909. i konačno 1981. godine.</p></div></div><div class='content-column one_half last_column'><div style="padding-right:0px;padding-left:6px;"><p>Die Kirche wurde mehrmals renoviert, vor allem in den Jahren 1806 und 1909 und schließlich im Jahr 1981.</p></div></div><div class='clear_column'></div><div class='content-column one_half'><div style="padding-right:6px;"><p>Oko crkve se nalazi srednjovjekovno groblje</p></div></div><div class='content-column one_half last_column'><div style="padding-right:0px;padding-left:6px;"><p>Rund um die Kirche befand sich ein mittelalterlicher Friedhof.</p></div></div><div class='clear_column'></div><div class='content-column one_half'><div style="padding-right:6px;"><p>Blagdan sv. Anna je 26. srpnja, a praznik svete Barbare 4. prosinca.</p></div></div><div class='content-column one_half last_column'><div style="padding-right:0px;padding-left:6px;"><p>Der Feiertag der hl. Anna ist am 26. Juli und der Feiertag der hl.. Barbara am 4. Dezember.</p></div></div><div class='clear_column'></div><div class='content-column one_half'><div style="padding-right:6px;"><p>Crkva je registrirana pod brojem Z-7003 pod kulturnih dobara Republike Hrvatske.</p></div></div><div class='content-column one_half last_column'><div style="padding-right:0px;padding-left:6px;"><p>Die Kirche wurde mit der Nummer Z-7003 unter den Kulturgütern der Republik Kroatien registriert.</p></div></div><div class='clear_column'></div></p>
<p style="text-align: center;"><em>(Tartajun br. 5)</em></p>
<p><img loading="lazy" decoding="async" class="aligncenter size-full wp-image-37838" src="https://www.topohvar.at/wp-content/uploads/2020/05/do-ci-03-11.jpg" alt="" width="488" height="300" srcset="https://www.topohvar.at/wp-content/uploads/2020/05/do-ci-03-11.jpg 488w, https://www.topohvar.at/wp-content/uploads/2020/05/do-ci-03-11-300x184.jpg 300w" sizes="auto, (max-width: 488px) 100vw, 488px" /></p>
<p style="text-align: right;"><a href="#seite_oben">natrag na vrh / Seitenanfang</a></p>
<hr />
<p><strong>Linkovi / Links</strong></p>
<p>&#8211;</p>

<p>Ime / Name Crkva »Sv. Ane (ranije sv. Barbare)« / Kirche der hl. Anna (früher hl. Barbara)« Code: DO-CI-03                   Adresa / Adresse Dol, Sv. Ane Lokacija / Position Latitude: N 43,16887°   Longitude: E &hellip; <a href="https://www.topohvar.at/topo/orte/do/do-ci-03-2/">Weiterlesen <span class="meta-nav">&rarr;</span></a></p>
